000
CXUS53 KICT 180800
CF6CNU
PRELIMINARY LOCAL CLIMATOLOGICAL DATA (WS FORM: F-6)

                                          STATION:   CHANUTE KS
                                          MONTH:     JANUARY
                                          YEAR:      2017
                                          LATITUDE:   37 40 N
                                          LONGITUDE:  95 29 W

  TEMPERATURE IN F:       :PCPN:    SNOW:  WIND      :SUNSHINE: SKY     :PK WND
================================================================================
1   2   3   4   5  6A  6B    7    8   9   10  11  12  13   14  15   16   17  18
                                     12Z  AVG MX 2MIN
DY MAX MIN AVG DEP HDD CDD  WTR  SNW DPTH SPD SPD DIR MIN PSBL S-S WX    SPD DR
================================================================================

 1  56  26  41   9  24   0 0.00    M    M  7.4 13 130   M    M   4        16 140
 2  57  48  53  21  12   0 0.01    M    M  6.6 15 130   M    M  10 12     18 130
 3  52  20  36   4  29   0    T    M    M 17.6 25 330   M    M   7 1      31 340
 4  31  12  22 -10  43   0 0.00    M    M  9.0 18  10   M    M   2        22 360
 5  22  11  17 -15  48   0    T    M    M 11.8 21 360   M    M   6 1      27  20
 6  18   6  12 -20  53   0 0.00    M    M  5.9 14 320   M    M   0        19 330
 7  37   7  22 -10  43   0 0.00    M    M  7.0 13 300   M    M   0        17 300
 8  42  13  28  -4  37   0 0.00    M    M 13.3 29 170   M    M   0        34 180
 9  51  26  39   7  26   0 0.00    M    M 18.0 31 180   M    M   0        39 180
10  63  31  47  15  18   0 0.00    M    M 16.6 31 180   M    M   0        41 180
11  73  29  51  19  14   0 0.00    M    M 15.0 33 200   M    M   0        43 200
12  36  21  29  -3  36   0 0.00    M    M 12.0 20 340   M    M   4        25 340
13  30  25  28  -4  37   0 0.12    M    M  9.5 16  60   M    M   9 168    23  50
14  33  27  30  -2  35   0 0.35    M    M  5.9 12  30   M    M  10 168    15  20
15  40  32  36   4  29   0 0.30    M    M  7.0 15  60   M    M  10 16     20  60
16  54  38  46  14  19   0 0.61    M    M 11.8 21 210   M    M  10 1      29 220
17  46  31  39   7  26   0 0.00  0.0    0  7.5 13 290   M    M   7 1      16 270
================================================================================
SM  741  403       529   0  1.39     0.0 181.9          M       79
================================================================================
AV 43.6 23.7                              10.7 FASTST   M    M   5    MAX(MPH)
                                 MISC ---->  # 33 200               # 43  200
================================================================================
NOTES:
# LAST OF SEVERAL OCCURRENCES

COLUMN 17 PEAK WIND IN M.P.H.

PRELIMINARY LOCAL CLIMATOLOGICAL DATA (WS FORM: F-6) , PAGE 2

                                          STATION:  CHANUTE KS
                                          MONTH:    JANUARY
                                          YEAR:     2017
                                          LATITUDE:   37 40 N
                                          LONGITUDE:  95 29 W

[TEMPERATURE DATA]      [PRECIPITATION DATA]       SYMBOLS USED IN COLUMN 16

AVERAGE MONTHLY: 33.6   TOTAL FOR MONTH:   1.39    1 = FOG OR MIST
DPTR FM NORMAL:   1.6   DPTR FM NORMAL:    0.73    2 = FOG REDUCING VISIBILITY
HIGHEST:    73 ON 11    GRTST 24HR  0.67 ON 15-16      TO 1/4 MILE OR LESS
LOWEST:      6 ON  6                               3 = THUNDER
                        SNOW, ICE PELLETS, HAIL    4 = ICE PELLETS
                        TOTAL MONTH:   0.0 INCH    5 = HAIL
                        GRTST 24HR     0.0         6 = FREEZING RAIN OR DRIZZLE
                        GRTST DEPTH:   0           7 = DUSTSTORM OR SANDSTORM:
                                                       VSBY 1/2 MILE OR LESS
                                                   8 = SMOKE OR HAZE
[NO. OF DAYS WITH]      [WEATHER - DAYS WITH]      9 = BLOWING SNOW
                                                   X = TORNADO
MAX 32 OR BELOW:   4    0.01 INCH OR MORE:   5
MAX 90 OR ABOVE:   0    0.10 INCH OR MORE:   4
MIN 32 OR BELOW:  15    0.50 INCH OR MORE:   1
MIN  0 OR BELOW:   0    1.00 INCH OR MORE:   0

[HDD (BASE 65) ]
TOTAL THIS MO.   529    CLEAR  (SCALE 0-3)   7
DPTR FM NORMAL   -32    PTCLDY (SCALE 4-7)   5
TOTAL FM JUL 1  1949    CLOUDY (SCALE 8-10)  5
DPTR FM NORMAL  -405

[CDD (BASE 65) ]
TOTAL THIS MO.     0
DPTR FM NORMAL     0    [PRESSURE DATA]
TOTAL FM JAN 1     0    HIGHEST SLP M ON M
DPTR FM NORMAL     0    LOWEST  SLP 29.42 ON 10

[REMARKS]
