000
CXUS55 KGJT 221000
CF6CNY
PRELIMINARY LOCAL CLIMATOLOGICAL DATA (WS FORM: F-6)

                                          STATION:   CANYONLANDS AIRPORT UT
                                          MONTH:     DECEMBER
                                          YEAR:      2014
                                          LATITUDE:   38 46 N
                                          LONGITUDE: 109 45 W

  TEMPERATURE IN F:       :PCPN:    SNOW:  WIND      :SUNSHINE: SKY     :PK WND
================================================================================
1   2   3   4   5  6A  6B    7    8   9   10  11  12  13   14  15   16   17  18
                                     12Z  AVG MX 2MIN
DY MAX MIN AVG DEP HDD CDD  WTR  SNW DPTH SPD SPD DIR MIN PSBL S-S WX    SPD DR
================================================================================

 1  58  29  44  13  21   0 0.00    M    M  2.3  9 330   M    M   2        11 320
 2  52  25  39   8  26   0 0.00    M    M  3.5 10 330   M    M   2        13 130
 3  52  37  45  15  20   0    T    M    M  2.6 10 310   M    M   9        12 300
 4  50  43  47  17  18   0 0.00    M    M  5.3 13 320   M    M  10        14 320
 5  56  37  47  18  18   0 0.00    M    M  2.4 10 280   M    M   4        13 280
 6  52  33  43  14  22   0 0.00    M    M  2.5 13 320   M    M   5        14 320
 7  54  25  40  11  25   0 0.00    M    M  2.2  9 290   M    M   1 8      12 320
 8  51  26  39  11  26   0 0.00    M    M  2.0 10 310   M    M   0        12 310
 9  50  18  34   6  31   0 0.00    M    M  2.1 10 310   M    M   0 18     13 310
10  48  18  33   5  32   0 0.00    M    M  2.4 10 320   M    M   0 8      12 300
11  47  20  34   7  31   0 0.00    M    M  3.4 13 330   M    M   0        14 320
12  52  26  39  12  26   0 0.00    M    M  1.9 10 320   M    M   0 8      14 310
13  53  36  45  18  20   0 0.20    M    M  7.2 18 270   M    M   8 1      23 170
14  45  31  38  12  27   0    T    M    M  6.6 20 290   M    M   1        23 290
15  42  23  33   7  32   0 0.00    M    M  2.4  9 260   M    M   0        11 230
16  42  30  36  10  29   0 0.00    M    M  3.4 10  80   M    M   7        12 120
17  38  32  35   9  30   0    T    M    M  4.1 13 320   M    M  10 1      14 320
18  41  28  35   9  30   0    T    M    M  1.9 10 270   M    M   8 1      12 280
19  40  28  34   9  31   0 0.00    M    M  2.6  9 330   M    M   7 1      11 310
20  37  29  33   8  32   0 0.00    M    M  1.9  8 310   M    M   9 1      10 340
21  42  30  36  11  29   0 0.00    M    M  4.4 14 300   M    M   6        17 320
================================================================================
SM 1002  604       556   0  0.20    M     67.1          M       89
================================================================================
AV 47.7 28.8                               3.2 FASTST   M    M   4    MAX(MPH)
                                 MISC ---->  # 20 290               # 23  170
================================================================================
NOTES:
# LAST OF SEVERAL OCCURRENCES

COLUMN 17 PEAK WIND IN M.P.H.

PRELIMINARY LOCAL CLIMATOLOGICAL DATA (WS FORM: F-6) , PAGE 2

                                          STATION:  CANYONLANDS AIRPORT UT
                                          MONTH:    DECEMBER
                                          YEAR:     2014
                                          LATITUDE:   38 46 N
                                          LONGITUDE: 109 45 W

[TEMPERATURE DATA]      [PRECIPITATION DATA]       SYMBOLS USED IN COLUMN 16

AVERAGE MONTHLY: 38.2   TOTAL FOR MONTH:   0.20    1 = FOG OR MIST
DPTR FM NORMAL:  10.7   DPTR FM NORMAL:   -0.16    2 = FOG REDUCING VISIBILITY
HIGHEST:    58 ON  1    GRTST 24HR  0.20 ON 13-13      TO 1/4 MILE OR LESS
LOWEST:     18 ON 10, 9                            3 = THUNDER
                        SNOW, ICE PELLETS, HAIL    4 = ICE PELLETS
                        TOTAL MONTH:    M          5 = HAIL
                        GRTST 24HR    M  ON   M    6 = FREEZING RAIN OR DRIZZLE
                        GRTST DEPTH:  M  ON   M    7 = DUSTSTORM OR SANDSTORM:
                                                       VSBY 1/2 MILE OR LESS
                                                   8 = SMOKE OR HAZE
[NO. OF DAYS WITH]      [WEATHER - DAYS WITH]      9 = BLOWING SNOW
                                                   X = TORNADO
MAX 32 OR BELOW:   0    0.01 INCH OR MORE:   1
MAX 90 OR ABOVE:   0    0.10 INCH OR MORE:   1
MIN 32 OR BELOW:  16    0.50 INCH OR MORE:   0
MIN  0 OR BELOW:   0    1.00 INCH OR MORE:   0

[HDD (BASE 65) ]
TOTAL THIS MO.   556    CLEAR  (SCALE 0-3)  10
DPTR FM NORMAL  -230    PTCLDY (SCALE 4-7)   5
TOTAL FM JUL 1  1581    CLOUDY (SCALE 8-10)  6
DPTR FM NORMAL  -414

[CDD (BASE 65) ]
TOTAL THIS MO.     0
DPTR FM NORMAL     0    [PRESSURE DATA]
TOTAL FM JAN 1  1447    HIGHEST SLP M ON M
DPTR FM NORMAL   158    LOWEST  SLP 29.62 ON 14

[REMARKS]
