000
CXUS55 KLOX 231155
CF6CQT
PRELIMINARY LOCAL CLIMATOLOGICAL DATA (WS FORM: F-6)

                                          STATION:   DOWNTOWN LOS ANGELES (USC) CA
                                          MONTH:     NOVEMBER
                                          YEAR:      2017
                                          LATITUDE:   34  1 N
                                          LONGITUDE: 118 17 W

  TEMPERATURE IN F:       :PCPN:    SNOW:  WIND      :SUNSHINE: SKY     :PK WND
================================================================================
1   2   3   4   5  6A  6B    7    8   9   10  11  12  13   14  15   16   17  18
                                     12Z  AVG MX 2MIN
DY MAX MIN AVG DEP HDD CDD  WTR  SNW DPTH SPD SPD DIR MIN PSBL S-S WX    SPD DR
================================================================================

 1  72  63  68   2   0   3 0.00  0.0    0  1.3  8 270   M    M   9        13 280
 2  68  59  64  -2   1   0 0.00  0.0    0  0.9  8 270   M    M  10        11 270
 3  71  59  65   0   0   0 0.00  0.0    0  1.5  9 280   M    M   4        14 280
 4  72  57  65   0   0   0 0.00  0.0    0  2.0 12 270   M    M   1 8      20 270
 5  70  59  65   0   0   0    T  0.0    0  1.2  7 270   M    M   4 1      13 290
 6  73  58  66   1   0   1    T  0.0    0  1.8  8 280   M    M   1 8      13 290
 7  76  59  68   4   0   3 0.00  0.0    0  0.9  9 270   M    M   0        16 280
 8  77  56  67   3   0   2 0.00  0.0    0  1.5 10 280   M    M   0 8      14 280
 9  72  60  66   2   0   1 0.00  0.0    0  1.3  8 270   M    M   3 8      14 270
10  71  58  65   1   0   0 0.00  0.0    0  2.3 10 270   M    M   3        15 280
11  73  54  64   0   1   0 0.00  0.0    0  1.3  9 280   M    M   0 1      14 280
12  69  55  62  -1   3   0 0.00  0.0    0  0.6  8 270   M    M   0 8      12 280
13  73  53  63   0   2   0 0.00  0.0    0  0.5  6 260   M    M   0 18      9 280
14  78  53  66   3   0   1 0.00  0.0    0  0.7  9 270   M    M   0 8      12 280
15  79  56  68   6   0   3 0.00  0.0    0  0.6  7 260   M    M   0 8      11 280
16  78  59  69   7   0   4    T  0.0    0  0.4  9 270   M    M   3 8      12 280
17  73  61  67   5   0   2 0.01  0.0    0  1.4 10 270   M    M   3        16 280
18  78  55  67   5   0   2 0.00  0.0    0  0.9  9 280   M    M   0        13 270
19  77  55  66   4   0   1 0.00  0.0    0  1.6  7 270   M    M   0        11 270
20  73  50  62   1   3   0 0.00  0.0    0  0.3  7 270   M    M   0        10 270
21  88  58  73  12   0   8 0.00  0.0    0  0.5  8 270   M    M   0        10 270
22  93  62  78  17   0  13 0.00  0.0    0  1.4  7 280   M    M   0        11 280
================================================================================
SM 1654 1259        10  44  0.01     0.0  24.8          M       41
================================================================================
AV 75.2 57.2                               1.1 FASTST   M    M   2    MAX(MPH)
                                 MISC ---->    12   M                 20    M
================================================================================
NOTES:
# LAST OF SEVERAL OCCURRENCES

COLUMN 17 PEAK WIND IN M.P.H.

PRELIMINARY LOCAL CLIMATOLOGICAL DATA (WS FORM: F-6) , PAGE 2

                                          STATION:  DOWNTOWN LOS ANGELES (USC) CA
                                          MONTH:    NOVEMBER
                                          YEAR:     2017
                                          LATITUDE:   34  1 N
                                          LONGITUDE: 118 17 W

[TEMPERATURE DATA]      [PRECIPITATION DATA]       SYMBOLS USED IN COLUMN 16

AVERAGE MONTHLY: 66.2   TOTAL FOR MONTH:   0.01    1 = FOG OR MIST
DPTR FM NORMAL:   2.8   DPTR FM NORMAL:   -0.68    2 = FOG REDUCING VISIBILITY
HIGHEST:    93 ON 22    GRTST 24HR  0.01 ON 17-17      TO 1/4 MILE OR LESS
LOWEST:     50 ON 20                               3 = THUNDER
                        SNOW, ICE PELLETS, HAIL    4 = ICE PELLETS
                        TOTAL MONTH:   0.0 INCH    5 = HAIL
                        GRTST 24HR     0.0         6 = FREEZING RAIN OR DRIZZLE
                        GRTST DEPTH:   0           7 = DUSTSTORM OR SANDSTORM:
                                                       VSBY 1/2 MILE OR LESS
                                                   8 = SMOKE OR HAZE
[NO. OF DAYS WITH]      [WEATHER - DAYS WITH]      9 = BLOWING SNOW
                                                   X = TORNADO
MAX 32 OR BELOW:   0    0.01 INCH OR MORE:   1
MAX 90 OR ABOVE:   1    0.10 INCH OR MORE:   0
MIN 32 OR BELOW:   0    0.50 INCH OR MORE:   0
MIN  0 OR BELOW:   0    1.00 INCH OR MORE:   0

[HDD (BASE 65) ]
TOTAL THIS MO.    10    CLEAR  (SCALE 0-3)  17
DPTR FM NORMAL   -58    PTCLDY (SCALE 4-7)   3
TOTAL FM JUL 1    10    CLOUDY (SCALE 8-10)  2
DPTR FM NORMAL   -78

[CDD (BASE 65) ]
TOTAL THIS MO.    44
DPTR FM NORMAL    12    [PRESSURE DATA]
TOTAL FM JAN 1  1849    HIGHEST SLP M ON M
DPTR FM NORMAL   610    LOWEST  SLP 29.86 ON  1

[REMARKS]
