000
CXUS55 KLOX 271655
CF6CQT
PRELIMINARY LOCAL CLIMATOLOGICAL DATA (WS FORM: F-6)

                                          STATION:   DOWNTOWN LOS ANGELES (USC) CA
                                          MONTH:     FEBRUARY
                                          YEAR:      2015
                                          LATITUDE:   34  1 N
                                          LONGITUDE: 118 17 W

  TEMPERATURE IN F:       :PCPN:    SNOW:  WIND      :SUNSHINE: SKY     :PK WND
================================================================================
1   2   3   4   5  6A  6B    7    8   9   10  11  12  13   14  15   16   17  18
                                     12Z  AVG MX 2MIN
DY MAX MIN AVG DEP HDD CDD  WTR  SNW DPTH SPD SPD DIR MIN PSBL S-S WX    SPD DR
================================================================================

 1  76  49  63   5   2   0 0.00  0.0    0  0.8  8 270   M    M   0 18     13 260
 2  78  51  65   7   0   0 0.00  0.0    0  0.6  7 270   M    M   0 18     11 260
 3  72  51  62   4   3   0 0.00  0.0    0  0.7  6 270   M    M   3 128    10 270
 4  72  56  64   6   1   0 0.00  0.0    0  0.5  6 270   M    M   4 18     10 280
 5  82  53  68  10   0   3 0.00  0.0    0  1.0  9 270   M    M   3 128    13 280
 6  75  54  65   7   0   0 0.00  0.0    0  2.0  8 280   M    M   3 18     11 280
 7  69  54  62   4   3   0 0.02  0.0    0  0.9  8 270   M    M   8 18     11 280
 8  77  59  68   9   0   3 0.00  0.0    0  1.4  9 280   M    M   4 18     16 270
 9  73  58  66   7   0   1 0.00  0.0    M  1.8  9 270   M    M   3 128    16 270
10  78  53  66   7   0   1 0.00  0.0    0  0.3  7 280   M    M   0        10 260
11  85  55  70  11   0   5 0.00  0.0    0  1.2  6  20   M    M   0        11 280
12  85  56  71  12   0   6 0.00  0.0    0  1.4  9 270   M    M   0        13 270
13  88  57  73  14   0   8 0.00  0.0    0  1.9  9 280   M    M   0        15 270
14  86  56  71  12   0   6 0.00  0.0    0  1.3  9 280   M    M   0        14 270
15  80  54  67   8   0   2 0.00  0.0    0  1.1  8 270   M    M   0 18     15 280
16  70  56  63   4   2   0 0.00  0.0    0  1.2  7 270   M    M   3 18     10 260
17  71  57  64   5   1   0 0.00  0.0    0  1.4  8 270   M    M   4 18     11 280
18  75  55  65   6   0   0 0.00  0.0    0  0.7  9 270   M    M   3 18     14 260
19  72  57  65   6   0   0 0.00  0.0    0  0.5  7 280   M    M   5 18     11 260
20  70  56  63   4   2   0 0.00  0.0    0  1.0  9 270   M    M   4 18     15 270
21  69  57  63   4   2   0 0.00  0.0    0  2.4  9 270   M    M   9 8      14 280
22  64  53  59   0   6   0 0.70  0.0    0  1.8  9 270   M    M   9 1      15 280
23  65  50  58  -1   7   0    T  0.0    0  2.3  9 280   M    M   4        16 280
24  74  46  60   0   5   0 0.00  0.0    0  3.3 12 330   M    M   0        22 330
25  72  51  62   2   3   0 0.00  0.0    0  1.2  8 280   M    M   0 8      14 280
26  70  51  61   1   4   0 0.00  0.0    0  0.7  5 290   M    M   0 8       M  M
================================================================================
SM 1948 1405        41  35  0.72     0.0  33.4          M       69
================================================================================
AV 74.9 54.0                               1.3 FASTST   M    M   3    MAX(MPH)
                                 MISC ---->  # 12 330               # 22  330
================================================================================
NOTES:
# LAST OF SEVERAL OCCURRENCES

COLUMN 17 PEAK WIND IN M.P.H.

PRELIMINARY LOCAL CLIMATOLOGICAL DATA (WS FORM: F-6) , PAGE 2

                                          STATION:  DOWNTOWN LOS ANGELES (USC) CA
                                          MONTH:    FEBRUARY
                                          YEAR:     2015
                                          LATITUDE:   34  1 N
                                          LONGITUDE: 118 17 W

[TEMPERATURE DATA]      [PRECIPITATION DATA]       SYMBOLS USED IN COLUMN 16

AVERAGE MONTHLY: 64.5   TOTAL FOR MONTH:   0.72    1 = FOG OR MIST
DPTR FM NORMAL:   5.6   DPTR FM NORMAL:   -2.83    2 = FOG REDUCING VISIBILITY
HIGHEST:    88 ON 13    GRTST 24HR  0.70 ON 22-22      TO 1/4 MILE OR LESS
LOWEST:     46 ON 24                               3 = THUNDER
                        SNOW, ICE PELLETS, HAIL    4 = ICE PELLETS
                        TOTAL MONTH:   0.0 INCH    5 = HAIL
                        GRTST 24HR     0.0         6 = FREEZING RAIN OR DRIZZLE
                        GRTST DEPTH:   0           7 = DUSTSTORM OR SANDSTORM:
                                                       VSBY 1/2 MILE OR LESS
                                                   8 = SMOKE OR HAZE
[NO. OF DAYS WITH]      [WEATHER - DAYS WITH]      9 = BLOWING SNOW
                                                   X = TORNADO
MAX 32 OR BELOW:   0    0.01 INCH OR MORE:   2
MAX 90 OR ABOVE:   0    0.10 INCH OR MORE:   1
MIN 32 OR BELOW:   0    0.50 INCH OR MORE:   1
MIN  0 OR BELOW:   0    1.00 INCH OR MORE:   0

[HDD (BASE 65) ]
TOTAL THIS MO.    41    CLEAR  (SCALE 0-3)  14
DPTR FM NORMAL  -133    PTCLDY (SCALE 4-7)   9
TOTAL FM JUL 1   353    CLOUDY (SCALE 8-10)  3
DPTR FM NORMAL  -412

[CDD (BASE 65) ]
TOTAL THIS MO.    35
DPTR FM NORMAL    22    [PRESSURE DATA]
TOTAL FM JAN 1    57    HIGHEST SLP M ON M
DPTR FM NORMAL    35    LOWEST  SLP 29.79 ON M

[REMARKS]
