000
CXUS55 KLOX 231655
CF6CQT
PRELIMINARY LOCAL CLIMATOLOGICAL DATA (WS FORM: F-6)

                                          STATION:   DOWNTOWN LOS ANGELES (USC) CA
                                          MONTH:     OCTOBER
                                          YEAR:      2014
                                          LATITUDE:   34  1 N
                                          LONGITUDE: 118 17 W

  TEMPERATURE IN F:       :PCPN:    SNOW:  WIND      :SUNSHINE: SKY     :PK WND
================================================================================
1   2   3   4   5  6A  6B    7    8   9   10  11  12  13   14  15   16   17  18
                                     12Z  AVG MX 2MIN
DY MAX MIN AVG DEP HDD CDD  WTR  SNW DPTH SPD SPD DIR MIN PSBL S-S WX    SPD DR
================================================================================

 1  82  64  73   2   0   8 0.00  0.0    0  2.5  9 280   M    M   1 18     13 280
 2  98  64  81  10   0  16 0.00  0.0    0  1.3 10 270   M    M   0 8      16 270
 3  98  67  83  12   0  18 0.00  0.0    0  1.6  9 270   M    M   0        14 280
 4  97  65  81  11   0  16 0.00  0.0    0  1.4  9 270   M    M   0        15 280
 5  95  65  80  10   0  15 0.00  0.0    0  0.7  7 270   M    M   0 8      11 270
 6  92  64  78   8   0  13 0.00  0.0    0  0.3  8 280   M    M   0 18     11 280
 7  93  64  79   9   0  14 0.00  0.0    0  1.2  8 270   M    M   0 18     11 280
 8  87  63  75   5   0  10 0.00  0.0    0  1.4  9 270   M    M   0 18     13 280
 9  80  67  74   4   0   9 0.00  0.0    0  2.3  8 270   M    M   4 18     12 270
10  79  64  72   2   0   7 0.00  0.0    0  1.7  8 270   M    M   3 18     13 290
11  81  64  73   4   0   8 0.00  0.0    0  0.7  8 280   M    M   5 18     13 280
12  81  67  74   5   0   9 0.00  0.0    0  1.2  8 280   M    M   5 18     14 270
13  82  65  74   5   0   9 0.00  0.0    0  0.9  9 270   M    M   4 18     14 270
14  76  66  71   2   0   6 0.00  0.0    0  1.0  8 280   M    M   5 18     12 260
15  78  63  71   2   0   6 0.00  0.0    0  1.2 12 280   M    M   3        18 280
16  77  61  69   0   0   4 0.00  0.0    0  1.9 10 280   M    M   0        16 270
17  76  62  69   1   0   4 0.00  0.0    0  1.4 10 270   M    M   3        16 270
18  78  61  70   2   0   5 0.00  0.0    0  1.3  9 280   M    M   1        15 280
19  77  62  70   2   0   5 0.00  0.0    0  1.2  9 270   M    M   3        13 280
20  79  63  71   3   0   6 0.00  0.0    0  1.4  8 280   M    M   3 8      16 270
21  78  64  71   3   0   6 0.00  0.0    0  1.6  9 280   M    M   3 8      15 270
22  84  60  72   4   0   7 0.00  0.0    0  1.2  8 280   M    M   0 1      11 270
================================================================================
SM 1848 1405         0 201  0.00     0.0  29.5          M       43
================================================================================
AV 84.0 63.9                               1.3 FASTST   M    M   2    MAX(MPH)
                                 MISC ---->  # 12 280               # 18  280
================================================================================
NOTES:
# LAST OF SEVERAL OCCURRENCES

COLUMN 17 PEAK WIND IN M.P.H.

PRELIMINARY LOCAL CLIMATOLOGICAL DATA (WS FORM: F-6) , PAGE 2

                                          STATION:  DOWNTOWN LOS ANGELES (USC) CA
                                          MONTH:    OCTOBER
                                          YEAR:     2014
                                          LATITUDE:   34  1 N
                                          LONGITUDE: 118 17 W

[TEMPERATURE DATA]      [PRECIPITATION DATA]       SYMBOLS USED IN COLUMN 16

AVERAGE MONTHLY: 73.9   TOTAL FOR MONTH:   0.00    1 = FOG OR MIST
DPTR FM NORMAL:   4.6   DPTR FM NORMAL:   -0.41    2 = FOG REDUCING VISIBILITY
HIGHEST:    98 ON  3, 2 GRTST 24HR  0.00 ON 22-22      TO 1/4 MILE OR LESS
LOWEST:     60 ON 22                               3 = THUNDER
                        SNOW, ICE PELLETS, HAIL    4 = ICE PELLETS
                        TOTAL MONTH:   0.0 INCH    5 = HAIL
                        GRTST 24HR     0.0         6 = FREEZING RAIN OR DRIZZLE
                        GRTST DEPTH:   0           7 = DUSTSTORM OR SANDSTORM:
                                                       VSBY 1/2 MILE OR LESS
                                                   8 = SMOKE OR HAZE
[NO. OF DAYS WITH]      [WEATHER - DAYS WITH]      9 = BLOWING SNOW
                                                   X = TORNADO
MAX 32 OR BELOW:   0    0.01 INCH OR MORE:   0
MAX 90 OR ABOVE:   6    0.10 INCH OR MORE:   0
MIN 32 OR BELOW:   0    0.50 INCH OR MORE:   0
MIN  0 OR BELOW:   0    1.00 INCH OR MORE:   0

[HDD (BASE 65) ]
TOTAL THIS MO.     0    CLEAR  (SCALE 0-3)  14
DPTR FM NORMAL    -5    PTCLDY (SCALE 4-7)   8
TOTAL FM JUL 1     0    CLOUDY (SCALE 8-10)  0
DPTR FM NORMAL    -7

[CDD (BASE 65) ]
TOTAL THIS MO.   201
DPTR FM NORMAL    97    [PRESSURE DATA]
TOTAL FM JAN 1  1631    HIGHEST SLP M ON M
DPTR FM NORMAL   449    LOWEST  SLP 29.72 ON  1

[REMARKS]
