000
CXUS52 KILM 191000
CF6CRE
PRELIMINARY LOCAL CLIMATOLOGICAL DATA (WS FORM: F-6)

                                          STATION:   N.MYRTLE BEACH SOUTH CAROLINA
                                          MONTH:     SEPTEMBER
                                          YEAR:      2017
                                          LATITUDE:   33 49 N
                                          LONGITUDE:  78 43 W

  TEMPERATURE IN F:       :PCPN:    SNOW:  WIND      :SUNSHINE: SKY     :PK WND
================================================================================
1   2   3   4   5  6A  6B    7    8   9   10  11  12  13   14  15   16   17  18
                                     12Z  AVG MX 2MIN
DY MAX MIN AVG DEP HDD CDD  WTR  SNW DPTH SPD SPD DIR MIN PSBL S-S WX    SPD DR
================================================================================

 1  87  74  81   3   0  16 0.01    M    M  8.8 18 210   M    M   2 13     24 210
 2  83  72  78   0   0  13 0.31    M    M  6.5 22 250   M    M   3 13     29 240
 3  85  68  77  -1   0  12 0.00    M    M  3.6 12 290   M    M   0        16 280
 4  85  66  76  -2   0  11 0.00    M    M  6.7 16 210   M    M   1 1      21 210
 5  87  76  82   4   0  17 0.00    M    M 14.5 23 210   M    M   3 3      28 200
 6  82  67  75  -2   0  10 1.97    M    M 10.0 24 280   M    M   6 13     36 270
 7  79  62  71  -6   0   6 0.00    M    M  4.3 12  20   M    M   3        16 350
 8  81  59  70  -7   0   5 0.00    M    M  5.9 15  50   M    M   0        17  40
 9  80  60  70  -7   0   5 0.00    M    M 12.4 22  40   M    M   0        28  30
10  75  63  69  -8   0   4 0.00    M    M 16.4 24  40   M    M   3        31  40
11  78  65  72  -4   0   7 1.09    M    M 21.3 31  80   M    M   9 1      49  90
12  83  73  78   2   0  13 0.82    M    M  8.5 23 180   M    M   4 18     37 110
13  80  63  72  -4   0   7 0.00    M    M  6.1 14 190   M    M   0 1      19 190
14  83  75  79   3   0  14 0.06    M    M  8.1 20 200   M    M   4 1      24 190
15  87  71  79   3   0  14    T    M    M  3.6 10 170   M    M   0 1      14 160
16  87  70  79   4   0  14 0.00    M    M  4.1 13 110   M    M   3 1      16 100
17  84  70  77   2   0  12    T    M    M  7.2 15  30   M    M   6        21  30
18  85  69  77   2   0  12 0.00    M    M  6.6 15  40   M    M   4        21  40
================================================================================
SM 1491 1223         0 192  4.26    M    154.6          M       51
================================================================================
AV 82.8 67.9                               8.6 FASTST   M    M   3    MAX(MPH)
                                 MISC ---->  # 31  80               # 49   90
================================================================================
NOTES:
# LAST OF SEVERAL OCCURRENCES

COLUMN 17 PEAK WIND IN M.P.H.

PRELIMINARY LOCAL CLIMATOLOGICAL DATA (WS FORM: F-6) , PAGE 2

                                          STATION:  N.MYRTLE BEACH SOUTH CAROLINA
                                          MONTH:    SEPTEMBER
                                          YEAR:     2017
                                          LATITUDE:   33 49 N
                                          LONGITUDE:  78 43 W

[TEMPERATURE DATA]      [PRECIPITATION DATA]       SYMBOLS USED IN COLUMN 16

AVERAGE MONTHLY: 75.4   TOTAL FOR MONTH:   4.26    1 = FOG OR MIST
DPTR FM NORMAL:  -1.3   DPTR FM NORMAL:    0.16    2 = FOG REDUCING VISIBILITY
HIGHEST:    87 ON 16,15 GRTST 24HR  2.51 ON 31- 1      TO 1/4 MILE OR LESS
LOWEST:     59 ON  8                               3 = THUNDER
                        SNOW, ICE PELLETS, HAIL    4 = ICE PELLETS
                        TOTAL MONTH:    M          5 = HAIL
                        GRTST 24HR    M  ON   M    6 = FREEZING RAIN OR DRIZZLE
                        GRTST DEPTH:  M  ON   M    7 = DUSTSTORM OR SANDSTORM:
                                                       VSBY 1/2 MILE OR LESS
                                                   8 = SMOKE OR HAZE
[NO. OF DAYS WITH]      [WEATHER - DAYS WITH]      9 = BLOWING SNOW
                                                   X = TORNADO
MAX 32 OR BELOW:   0    0.01 INCH OR MORE:   6
MAX 90 OR ABOVE:   0    0.10 INCH OR MORE:   4
MIN 32 OR BELOW:   0    0.50 INCH OR MORE:   3
MIN  0 OR BELOW:   0    1.00 INCH OR MORE:   2

[HDD (BASE 65) ]
TOTAL THIS MO.     0    CLEAR  (SCALE 0-3)  11
DPTR FM NORMAL     0    PTCLDY (SCALE 4-7)   6
TOTAL FM JUL 1     0    CLOUDY (SCALE 8-10)  1
DPTR FM NORMAL     0

[CDD (BASE 65) ]
TOTAL THIS MO.   192
DPTR FM NORMAL   -18    [PRESSURE DATA]
TOTAL FM JAN 1  1857    HIGHEST SLP M ON M
DPTR FM NORMAL   171    LOWEST  SLP 29.76 ON 12

[REMARKS]
