000
CXUS54 KCRP 291300
CF6CRP
PRELIMINARY LOCAL CLIMATOLOGICAL DATA (WS FORM: F-6)

                                          STATION:   CORPUS CHRISTI
                                          MONTH:     AUGUST
                                          YEAR:      2015
                                          LATITUDE:   27 46 N
                                          LONGITUDE:  97 30 W

  TEMPERATURE IN F:       :PCPN:    SNOW:  WIND      :SUNSHINE: SKY     :PK WND
================================================================================
1   2   3   4   5  6A  6B    7    8   9   10  11  12  13   14  15   16   17  18
                                     12Z  AVG MX 2MIN
DY MAX MIN AVG DEP HDD CDD  WTR  SNW DPTH SPD SPD DIR MIN PSBL S-S WX    SPD DR
================================================================================

 1  96  75  86   1   0  21 0.00  0.0    0  6.6 17 100   M    M   7        21 110
 2  96  74  85   0   0  20 0.00  0.0    0  7.3 16 120   M    M   5        23 100
 3  90  73  82  -3   0  17 2.09  0.0    0  9.1 26  60   M    M   5 13     33 120
 4  92  78  85   0   0  20 0.00  0.0    0 12.2 23 150   M    M   5        27 150
 5  94  79  87   2   0  22 0.00  0.0    0 14.0 26 150   M    M   3 8      32 150
 6  95  79  87   2   0  22 0.00  0.0    0 15.4 28 140   M    M   3 1      33 150
 7  95  78  87   2   0  22 0.00  0.0    0 15.3 26 140   M    M   2        30 130
 8  96  80  88   3   0  23 0.00  0.0    0 16.6 28 140   M    M   2 1      35 160
 9  96  77  87   2   0  22 0.00  0.0    0 12.3 23 130   M    M   4        26 130
10  97  75  86   1   0  21 0.00  0.0    0  9.2 18 150   M    M   4 1      25 140
11  99  76  88   3   0  23 0.00  0.0    0  6.1 17 150   M    M   6        21 130
12 101  78  90   5   0  25 0.00  0.0    0  6.6 18 160   M    M   7        23 150
13 100  78  89   4   0  24 0.00  0.0    0  8.6 20 150   M    M   7        24 140
14  98  77  88   3   0  23 0.00  0.0    0  8.5 20 130   M    M   3        27 110
15  97  77  87   2   0  22 0.00  0.0    0  7.5 20 120   M    M   3 1      24 100
16  96  76  86   1   0  21 0.00  0.0    0  8.9 21  90   M    M   5 3      26  90
17  94  75  85   0   0  20 0.00  0.0    0  7.2 18 140   M    M   6        22 140
18  96  76  86   1   0  21 0.00  0.0    0 15.1 29 150   M    M   4        34 150
19  96  80  88   3   0  23 0.00  0.0    0 16.6 26 140   M    M   5        40 140
20  92  76  84  -1   0  19 0.18  0.0    0 10.8 30  80   M    M   9 138    37  80
21  93  76  85   0   0  20 0.07  0.0    0 11.1 23 140   M    M   8 13     29 140
22  96  79  88   3   0  23 0.00  0.0    0 14.0 26 130   M    M   6 1      39 140
23  97  80  89   4   0  24    T  0.0    0 11.7 21 130   M    M   4 1      27 130
24  97  76  87   2   0  22 0.00  0.0    0  7.1 18 110   M    M   3 1      24 100
25  97  71  84   0   0  19 0.00  0.0    0  8.2 21 120   M    M   4 12     26  90
26  95  76  86   2   0  21    T  0.0    0  9.8 18  90   M    M   3        23  90
27  93  71  82  -2   0  17 0.00  0.0    0  6.7 17 100   M    M   6        21 120
28  92  68  80  -4   0  15 0.00  0.0    0  7.7 18 140   M    M   3        23 140
================================================================================
SM 2676 2134         0 592  2.34     0.0 290.2          M      132
================================================================================
AV 95.6 76.2                              10.4 FASTST   M    M   5    MAX(MPH)
                                 MISC ---->  # 30  80               # 40  140
================================================================================
NOTES:
# LAST OF SEVERAL OCCURRENCES

COLUMN 17 PEAK WIND IN M.P.H.

PRELIMINARY LOCAL CLIMATOLOGICAL DATA (WS FORM: F-6) , PAGE 2

                                          STATION:  CORPUS CHRISTI
                                          MONTH:    AUGUST
                                          YEAR:     2015
                                          LATITUDE:   27 46 N
                                          LONGITUDE:  97 30 W

[TEMPERATURE DATA]      [PRECIPITATION DATA]       SYMBOLS USED IN COLUMN 16

AVERAGE MONTHLY: 85.9   TOTAL FOR MONTH:   2.34    1 = FOG OR MIST
DPTR FM NORMAL:   1.0   DPTR FM NORMAL:   -0.12    2 = FOG REDUCING VISIBILITY
HIGHEST:   101 ON 12    GRTST 24HR  2.09 ON  3- 3      TO 1/4 MILE OR LESS
LOWEST:     68 ON 28                               3 = THUNDER
                        SNOW, ICE PELLETS, HAIL    4 = ICE PELLETS
                        TOTAL MONTH:   0.0 INCH    5 = HAIL
                        GRTST 24HR     0.0         6 = FREEZING RAIN OR DRIZZLE
                        GRTST DEPTH:   0           7 = DUSTSTORM OR SANDSTORM:
                                                       VSBY 1/2 MILE OR LESS
                                                   8 = SMOKE OR HAZE
[NO. OF DAYS WITH]      [WEATHER - DAYS WITH]      9 = BLOWING SNOW
                                                   X = TORNADO
MAX 32 OR BELOW:   0    0.01 INCH OR MORE:   3
MAX 90 OR ABOVE:  28    0.10 INCH OR MORE:   2
MIN 32 OR BELOW:   0    0.50 INCH OR MORE:   1
MIN  0 OR BELOW:   0    1.00 INCH OR MORE:   1

[HDD (BASE 65) ]
TOTAL THIS MO.     0    CLEAR  (SCALE 0-3)   6
DPTR FM NORMAL     0    PTCLDY (SCALE 4-7)  20
TOTAL FM JUL 1     0    CLOUDY (SCALE 8-10)  2
DPTR FM NORMAL     0

[CDD (BASE 65) ]
TOTAL THIS MO.   592
DPTR FM NORMAL    36    [PRESSURE DATA]
TOTAL FM JAN 1  2606    HIGHEST SLP M ON M
DPTR FM NORMAL   100    LOWEST  SLP 29.73 ON 19

[REMARKS]
