000
CXUS56 KSGX 261445
CF6CRQ
PRELIMINARY LOCAL CLIMATOLOGICAL DATA (WS FORM: F-6)

                                          STATION:   CARLSBAD PALOMAR AIRPORT CA
                                          MONTH:     DECEMBER
                                          YEAR:      2014
                                          LATITUDE:   33  7 N
                                          LONGITUDE: 117 17 W

  TEMPERATURE IN F:       :PCPN:    SNOW:  WIND      :SUNSHINE: SKY     :PK WND
================================================================================
1   2   3   4   5  6A  6B    7    8   9   10  11  12  13   14  15   16   17  18
                                     12Z  AVG MX 2MIN
DY MAX MIN AVG DEP HDD CDD  WTR  SNW DPTH SPD SPD DIR MIN PSBL S-S WX    SPD DR
================================================================================

 1  70  55  63   7   2   0 0.00  0.0    0  2.4 10 270   M    M   0 18     15 260
 2  70  59  65   9   0   0 0.50  0.0    0  6.6 21 210   M    M   8 1      26 220
 3  66  61  64   8   1   0 0.33  0.0    0  4.2 12 180   M    M  10 1      15 180
 4  67  57  62   6   3   0 0.09  0.0    0  4.0  9 280   M    M   5 1      13 280
 5  65  56  61   5   4   0 0.00  0.0    0  1.6  8 260   M    M   2 18     10 260
 6  68  56  62   6   3   0 0.00  0.0    0  2.1 10 280   M    M   3 128    14 280
 7  79  53  66  10   0   1 0.00  0.0    0  2.6 15 250   M    M   1 128    21 250
 8  69  56  63   8   2   0 0.00  0.0    0  2.3  8 240   M    M   0 18     10 250
 9  74  52  63   8   2   0 0.00  0.0    0  3.3 12 250   M    M   1 18     14 260
10  65  51  58   3   7   0 0.00  0.0    0  2.2  9 250   M    M   2 18     11 260
11  67  60  64   9   1   0    T  0.0    0  6.5 13 220   M    M   8 18     17 220
12  63  54  59   4   6   0 1.49  0.0    0  8.0 23 230   M    M   8 1      31 240
13  62  51  57   2   8   0 0.05  0.0    0  3.7 10 250   M    M   3 1      15 330
14  63  47  55   0  10   0 0.00  0.0    0  2.7 12 260   M    M   0        14 260
15  62  48  55   0  10   0 0.00  0.0    0  2.3 10 250   M    M   0        13 250
16  60  53  57   2   8   0 0.16  0.0    0  5.4 13 130   M    M   8 1      17 140
17  62  53  58   3   7   0 0.45  0.0    0  6.3 17 210   M    M   6 1      23 220
18  64  52  58   3   7   0 0.00  0.0    0  3.7 10 250   M    M   7        13 250
19  66  50  58   3   7   0 0.00  0.0    0  2.7 12 280   M    M   0        17 290
20  64  49  57   2   8   0 0.00  0.0    0  2.8  9 270   M    M   4        13 270
21  67  51  59   4   6   0 0.00  0.0    0  3.0  9 260   M    M   1 18     12 280
22  73  50  62   7   3   0 0.00  0.0    0  1.8 12 250   M    M   0 18     14 250
23  78  52  65  10   0   0 0.00  0.0    0  2.6  8 260   M    M   0 1      10 260
24  71  52  62   7   3   0 0.00  0.0    0  2.7  8 160   M    M   0        12 160
25  68  50  59   4   6   0    T  0.0    0  4.5 13 250   M    M   4        18 360
================================================================================
SM 1683 1328       114   1  3.07     0.0  90.0          M       81
================================================================================
AV 67.3 53.1                               3.6 FASTST   M    M   3    MAX(MPH)
                                 MISC ---->  # 23 230               # 31  240
================================================================================
NOTES:
# LAST OF SEVERAL OCCURRENCES

COLUMN 17 PEAK WIND IN M.P.H.

PRELIMINARY LOCAL CLIMATOLOGICAL DATA (WS FORM: F-6) , PAGE 2

                                          STATION:  CARLSBAD PALOMAR AIRPORT CA
                                          MONTH:    DECEMBER
                                          YEAR:     2014
                                          LATITUDE:   33  7 N
                                          LONGITUDE: 117 17 W

[TEMPERATURE DATA]      [PRECIPITATION DATA]       SYMBOLS USED IN COLUMN 16

AVERAGE MONTHLY: 60.2   TOTAL FOR MONTH:   3.07    1 = FOG OR MIST
DPTR FM NORMAL:   4.9   DPTR FM NORMAL:    2.00    2 = FOG REDUCING VISIBILITY
HIGHEST:    79 ON  7    GRTST 24HR  1.53 ON 12-13      TO 1/4 MILE OR LESS
LOWEST:     47 ON 14                               3 = THUNDER
                        SNOW, ICE PELLETS, HAIL    4 = ICE PELLETS
                        TOTAL MONTH:   0.0 INCH    5 = HAIL
                        GRTST 24HR     0.0         6 = FREEZING RAIN OR DRIZZLE
                        GRTST DEPTH:   0           7 = DUSTSTORM OR SANDSTORM:
                                                       VSBY 1/2 MILE OR LESS
                                                   8 = SMOKE OR HAZE
[NO. OF DAYS WITH]      [WEATHER - DAYS WITH]      9 = BLOWING SNOW
                                                   X = TORNADO
MAX 32 OR BELOW:   0    0.01 INCH OR MORE:   7
MAX 90 OR ABOVE:   0    0.10 INCH OR MORE:   5
MIN 32 OR BELOW:   0    0.50 INCH OR MORE:   2
MIN  0 OR BELOW:   0    1.00 INCH OR MORE:   1

[HDD (BASE 65) ]
TOTAL THIS MO.   114    CLEAR  (SCALE 0-3)  14
DPTR FM NORMAL  -130    PTCLDY (SCALE 4-7)   9
TOTAL FM JUL 1   177    CLOUDY (SCALE 8-10)  2
DPTR FM NORMAL  -294

[CDD (BASE 65) ]
TOTAL THIS MO.     1
DPTR FM NORMAL     1    [PRESSURE DATA]
TOTAL FM JAN 1  1102    HIGHEST SLP M ON M
DPTR FM NORMAL   617    LOWEST  SLP 29.70 ON 25

[REMARKS]
