527
CXUS56 KSGX 011545
CF6CRQ
PRELIMINARY LOCAL CLIMATOLOGICAL DATA (WS FORM: F-6)

                                          STATION:   CARLSBAD PALOMAR AIRPORT CA
                                          MONTH:     FEBRUARY
                                          YEAR:      2017
                                          LATITUDE:   33  7 N
                                          LONGITUDE: 117 17 W

  TEMPERATURE IN F:       :PCPN:    SNOW:  WIND      :SUNSHINE: SKY     :PK WND
================================================================================
1   2   3   4   5  6A  6B    7    8   9   10  11  12  13   14  15   16   17  18
                                     12Z  AVG MX 2MIN
DY MAX MIN AVG DEP HDD CDD  WTR  SNW DPTH SPD SPD DIR MIN PSBL S-S WX    SPD DR
================================================================================

 1  65  42  54  -2  11   0 0.00  0.0    0  2.2 12 260   M    M   2 128    15 260
 2  67  45  56   0   9   0 0.00  0.0    0  2.1  9 260   M    M   0        13 250
 3  64  50  57   1   8   0 0.00  0.0    0  2.0 12 250   M    M   8 1      13 250
 4  63  54  59   3   6   0 0.00  0.0    0  3.4 13 260   M    M   7 1      17 260
 5  59  52  56   0   9   0 0.00  0.0    0  3.4 10 250   M    M   9 1      13  90
 6  58  54  56   0   9   0 0.14  0.0    0  5.8 14 190   M    M  10 12     18 170
 7  66  58  62   6   3   0 0.41  0.0    0  6.2 13 230   M    M   9 12     17 240
 8  66  57  62   6   3   0 0.00  0.0    0  2.3 10 250   M    M   6 12     15 260
 9  70  55  63   7   2   0 0.00  0.0    0  2.3 13 250   M    M   7 128    16 250
10  63  55  59   3   6   0 0.00  0.0    0  2.2 12 260   M    M   9 128    16 260
11  59  53  56   0   9   0 0.13  0.0    0  4.6 12 250   M    M   9 1      16 250
12  65  48  57   1   8   0 0.00  0.0    0  3.5 13 260   M    M   1        17 260
13  67  49  58   2   7   0 0.00  0.0    0  3.3 10 260   M    M   1 1      13 260
14  63  53  58   2   7   0 0.00  0.0    0  3.0 10 250   M    M   3 18     13 260
15  72  49  61   5   4   0 0.00  0.0    0  2.8 10 260   M    M   2 128    17 280
16  64  50  57   1   8   0 0.00  0.0    0  2.5 10 280   M    M   1 18     16 290
17  62  52  57   1   8   0 1.25  0.0    0 11.1 26 150   M    M  10 1      37 140
18  59  52  56   0   9   0 0.18  0.0    0  4.4 13 210   M    M   9 18     15 220
19  59  53  56   0   9   0 0.01  0.0    0  4.6 14 230   M    M   9 18     18 270
20  65  53  59   3   6   0 0.00  0.0    0  2.7 12 240   M    M   6        14 260
21  70  51  61   5   4   0 0.00  0.0    0  2.9 12 280   M    M   1        16 260
22  61  53  57   1   8   0 0.00  0.0    0  3.9 15 260   M    M   6 1      20 240
23  57  46  52  -4  13   0 0.00  0.0    0  4.5 16 270   M    M   2        22 260
24  60  44  52  -4  13   0 0.00  0.0    0  3.5 13 250   M    M   1        17 250
25  58  41  50  -6  15   0 0.00  0.0    0  5.2 13 250   M    M   2        20 250
26  59  50  55  -1  10   0 0.01  0.0    0  5.9 17 200   M    M   9 18     22 170
27  57  49  53  -3  12   0 3.23  0.0    0  9.6 24 180   M    M  10 1      33 180
28  60  49  55  -1  10   0    T  0.0    0  4.1 13 220   M    M   3 1      21 220
================================================================================
SM 1758 1417       226   0  5.36     0.0 114.0          M      152
================================================================================
AV 62.8 50.6                               4.1 FASTST   M    M   5    MAX(MPH)
                                 MISC ---->  # 26 150               # 37  140
================================================================================
NOTES:
# LAST OF SEVERAL OCCURRENCES

COLUMN 17 PEAK WIND IN M.P.H.

PRELIMINARY LOCAL CLIMATOLOGICAL DATA (WS FORM: F-6) , PAGE 2

                                          STATION:  CARLSBAD PALOMAR AIRPORT CA
                                          MONTH:    FEBRUARY
                                          YEAR:     2017
                                          LATITUDE:   33  7 N
                                          LONGITUDE: 117 17 W

[TEMPERATURE DATA]      [PRECIPITATION DATA]       SYMBOLS USED IN COLUMN 16

AVERAGE MONTHLY: 56.7   TOTAL FOR MONTH:   5.36    1 = FOG OR MIST
DPTR FM NORMAL:   0.9   DPTR FM NORMAL:    2.92    2 = FOG REDUCING VISIBILITY
HIGHEST:    72 ON 15    GRTST 24HR  3.23 ON 27-27      TO 1/4 MILE OR LESS
LOWEST:     41 ON 25                               3 = THUNDER
                        SNOW, ICE PELLETS, HAIL    4 = ICE PELLETS
                        TOTAL MONTH:   0.0 INCH    5 = HAIL
                        GRTST 24HR     0.0         6 = FREEZING RAIN OR DRIZZLE
                        GRTST DEPTH:   0           7 = DUSTSTORM OR SANDSTORM:
                                                       VSBY 1/2 MILE OR LESS
                                                   8 = SMOKE OR HAZE
[NO. OF DAYS WITH]      [WEATHER - DAYS WITH]      9 = BLOWING SNOW
                                                   X = TORNADO
MAX 32 OR BELOW:   0    0.01 INCH OR MORE:   8
MAX 90 OR ABOVE:   0    0.10 INCH OR MORE:   6
MIN 32 OR BELOW:   0    0.50 INCH OR MORE:   2
MIN  0 OR BELOW:   0    1.00 INCH OR MORE:   2

[HDD (BASE 65) ]
TOTAL THIS MO.   226    CLEAR  (SCALE 0-3)  12
DPTR FM NORMAL   -32    PTCLDY (SCALE 4-7)   6
TOTAL FM JUL 1   835    CLOUDY (SCALE 8-10) 10
DPTR FM NORMAL  -258

[CDD (BASE 65) ]
TOTAL THIS MO.     0
DPTR FM NORMAL    -2    [PRESSURE DATA]
TOTAL FM JAN 1     0    HIGHEST SLP 30.32 ON 21
DPTR FM NORMAL    -6    LOWEST  SLP 29.46 ON 17

[REMARKS]
#FINAL-02-17#
