000
CXUS51 KRLX 211242
CF6CRW
PRELIMINARY LOCAL CLIMATOLOGICAL DATA (WS FORM: F-6)

                                          STATION:   CHARLESTON WV
                                          MONTH:     JANUARY
                                          YEAR:      2017
                                          LATITUDE:   38 22 N
                                          LONGITUDE:  81 36 W

  TEMPERATURE IN F:       :PCPN:    SNOW:  WIND      :SUNSHINE: SKY     :PK WND
================================================================================
1   2   3   4   5  6A  6B    7    8   9   10  11  12  13   14  15   16   17  18
                                     12Z  AVG MX 2MIN
DY MAX MIN AVG DEP HDD CDD  WTR  SNW DPTH SPD SPD DIR MIN PSBL S-S WX    SPD DR
================================================================================

 1  50  39  45  11  20   0 0.15  0.0    0  3.0  9  60   M    M   9 13     12  60
 2  60  45  53  19  12   0 0.18  0.0    0  2.2  8 130   M    M   7 13     12 120
 3  58  51  55  21  10   0 0.71  0.0    0  5.9 15 260   M    M  10 1      21 260
 4  54  27  41   7  24   0 0.09  0.0    0 11.8 25 300   M    M   6 1      38 310
 5  28  24  26  -8  39   0 0.20  3.3    0  5.1 10 260   M    M   8 18     14 250
 6  24  14  19 -15  46   0 0.01  0.7    3  6.0 13 330   M    M   9 18     16 330
 7  17  11  14 -20  51   0    T    T    2  7.6 18 320   M    M   8        27 320
 8  19   6  13 -21  52   0    T    T    1  5.2 14 260   M    M   7        20 270
 9  37   4  21 -13  44   0 0.00  0.0    1  2.6 16 240   M    M   7        23 250
10  56  27  42   8  23   0 0.03  0.0    T 10.9 25 190   M    M  10        34 210
11  62  40  51  17  14   0 0.22  0.0    0  7.3 20 180   M    M   8 1      26 200
12  68  52  60  26   5   0 0.24  0.0    0 12.4 25 220   M    M  10 1      33 200
13  52  38  45  11  20   0 0.09  0.0    0  5.5 12 330   M    M   9 18     16 340
14  44  38  41   7  24   0 0.82  0.0    0  3.0  9 330   M    M  10 12     12 340
15  42  37  40   6  25   0 0.15  0.0    0  1.7  8 310   M    M  10 1      10 320
16  58  40  49  15  16   0 0.02  0.0    0  0.8  7  60   M    M   9 1       8  30
17  66  49  58  24   7   0 0.34  0.0    0  8.5 24 210   M    M   9 1      32 220
18  57  42  50  16  15   0 0.02  0.0    0  7.2 17 260   M    M  10 1      26 280
19  53  41  47  13  18   0    T  0.0    0  2.8  8  60   M    M   8        11  80
20  65  44  55  21  10   0 0.20  0.0    0  3.4 20 220   M    M   8 1      24 210
================================================================================
SM  970  669       475   0  3.47     4.0 112.9          M      172
================================================================================
AV 48.5 33.5                               5.6 FASTST   M    M   9    MAX(MPH)
                                 MISC ---->  # 25 300               # 38  310
================================================================================
NOTES:
# LAST OF SEVERAL OCCURRENCES

COLUMN 17 PEAK WIND IN M.P.H.

PRELIMINARY LOCAL CLIMATOLOGICAL DATA (WS FORM: F-6) , PAGE 2

                                          STATION:  CHARLESTON WV
                                          MONTH:    JANUARY
                                          YEAR:     2017
                                          LATITUDE:   38 22 N
                                          LONGITUDE:  81 36 W

[TEMPERATURE DATA]      [PRECIPITATION DATA]       SYMBOLS USED IN COLUMN 16

AVERAGE MONTHLY: 41.0   TOTAL FOR MONTH:   3.47    1 = FOG OR MIST
DPTR FM NORMAL:   7.0   DPTR FM NORMAL:    1.55    2 = FOG REDUCING VISIBILITY
HIGHEST:    68 ON 12    GRTST 24HR  0.88 ON 13-14      TO 1/4 MILE OR LESS
LOWEST:      4 ON  9                               3 = THUNDER
                        SNOW, ICE PELLETS, HAIL    4 = ICE PELLETS
                        TOTAL MONTH:   4.0 INCHES  5 = HAIL
                        GRTST 24HR   3.3 ON   M    6 = FREEZING RAIN OR DRIZZLE
                        GRTST DEPTH:   3 ON  6     7 = DUSTSTORM OR SANDSTORM:
                                                       VSBY 1/2 MILE OR LESS
                                                   8 = SMOKE OR HAZE
[NO. OF DAYS WITH]      [WEATHER - DAYS WITH]      9 = BLOWING SNOW
                                                   X = TORNADO
MAX 32 OR BELOW:   4    0.01 INCH OR MORE:  16
MAX 90 OR ABOVE:   0    0.10 INCH OR MORE:  10
MIN 32 OR BELOW:   7    0.50 INCH OR MORE:   2
MIN  0 OR BELOW:   0    1.00 INCH OR MORE:   0

[HDD (BASE 65) ]
TOTAL THIS MO.   475    CLEAR  (SCALE 0-3)   0
DPTR FM NORMAL  -144    PTCLDY (SCALE 4-7)   8
TOTAL FM JUL 1  1921    CLOUDY (SCALE 8-10) 12
DPTR FM NORMAL  -438

[CDD (BASE 65) ]
TOTAL THIS MO.     0
DPTR FM NORMAL     0    [PRESSURE DATA]
TOTAL FM JAN 1     0    HIGHEST SLP M ON M
DPTR FM NORMAL     0    LOWEST  SLP 29.59 ON  3

[REMARKS]
