000
CXUS52 KFFC 241110
CF6CSG
PRELIMINARY LOCAL CLIMATOLOGICAL DATA (WS FORM: F-6)

                                          STATION:   COLUMBUS
                                          MONTH:     NOVEMBER
                                          YEAR:      2017
                                          LATITUDE:   32 31 N
                                          LONGITUDE:  84 56 W

  TEMPERATURE IN F:       :PCPN:    SNOW:  WIND      :SUNSHINE: SKY     :PK WND
================================================================================
1   2   3   4   5  6A  6B    7    8   9   10  11  12  13   14  15   16   17  18
                                     12Z  AVG MX 2MIN
DY MAX MIN AVG DEP HDD CDD  WTR  SNW DPTH SPD SPD DIR MIN PSBL S-S WX    SPD DR
================================================================================

 1  76  47  62   0   3   0 0.00  0.0    0  2.5 13 200   M    M   0        16 200
 2  79  55  67   6   0   2 0.00  0.0    0  2.8  9 180   M    M   5        14 200
 3  83  56  70   9   0   5 0.00  0.0    0  1.2  9 300   M    M   1        13 300
 4  83  60  72  11   0   7 0.00  0.0    0  1.6 10 250   M    M   1        14 220
 5  83  58  71  11   0   6 0.00  0.0    0  1.9 10 240   M    M   1        12 240
 6  81  59  70  10   0   5 0.00  0.0    0  2.6 10 310   M    M   1 1      15 320
 7  82  64  73  13   0   8 0.00  0.0    0  4.7 20 300   M    M   5 18     23 260
 8  75  63  69   9   0   4    T  0.0    0  4.7 15 350   M    M   9 1      19 340
 9  64  52  58  -1   7   0 1.39  0.0    0  4.6 14  90   M    M   9 1      17  90
10  69  47  58  -1   7   0 0.00  0.0    0  3.9 10  20   M    M   0        14  10
11  55  46  51  -8  14   0 0.00  0.0    0  9.8 20  90   M    M   6        25  80
12  54  47  51  -7  14   0 0.02  0.0    0  7.8 17  90   M    M  10 1      22  90
13  72  48  60   2   5   0 0.00  0.0    0  4.4 13  30   M    M   3 1      17  30
14  66  45  56  -2   9   0 0.00  0.0    0  5.3 14  90   M    M   0        17  90
15  63  45  54  -4  11   0 0.00  0.0    0  4.5 15 120   M    M   0        19 110
16  71  43  57   0   8   0 0.00  0.0    0  3.9 14 330   M    M   2        18 320
17  69  41  55  -2  10   0 0.00  0.0    0  1.5  7 140   M    M   0        10 150
18  75  45  60   4   5   0 0.13  0.0    0  8.7 37 330   M    M   4        45 320
19  62  44  53  -3  12   0    T    M    0 10.7 24 340   M    M   2        34  10
20  63  32  48  -8  17   0 0.00  0.0    0  2.8 12  90   M    M   0        14 150
21  72  45  59   3   6   0 0.03  0.0    0  2.6  9 110   M    M   6        11 170
22  69  51  60   5   5   0 0.00  0.0    0  5.5 13  20   M    M   2        16 350
23  69  44  57   2   8   0 0.00  0.0    0  3.7 12 100   M    M   4        15 120
================================================================================
SM 1635 1137       141  37  1.57     0.0 101.7          M       71
================================================================================
AV 71.1 49.4                               4.4 FASTST   M    M   3    MAX(MPH)
                                 MISC ---->  # 37 330               # 45  320
================================================================================
NOTES:
# LAST OF SEVERAL OCCURRENCES

COLUMN 17 PEAK WIND IN M.P.H.

PRELIMINARY LOCAL CLIMATOLOGICAL DATA (WS FORM: F-6) , PAGE 2

                                          STATION:  COLUMBUS
                                          MONTH:    NOVEMBER
                                          YEAR:     2017
                                          LATITUDE:   32 31 N
                                          LONGITUDE:  84 56 W

[TEMPERATURE DATA]      [PRECIPITATION DATA]       SYMBOLS USED IN COLUMN 16

AVERAGE MONTHLY: 60.3   TOTAL FOR MONTH:   1.57    1 = FOG OR MIST
DPTR FM NORMAL:   1.9   DPTR FM NORMAL:   -1.43    2 = FOG REDUCING VISIBILITY
HIGHEST:    83 ON  5, 4 GRTST 24HR  1.39 ON  9- 9      TO 1/4 MILE OR LESS
LOWEST:     32 ON 20                               3 = THUNDER
                        SNOW, ICE PELLETS, HAIL    4 = ICE PELLETS
                        TOTAL MONTH:   0.0 INCH    5 = HAIL
                        GRTST 24HR     0.0         6 = FREEZING RAIN OR DRIZZLE
                        GRTST DEPTH:   0           7 = DUSTSTORM OR SANDSTORM:
                                                       VSBY 1/2 MILE OR LESS
                                                   8 = SMOKE OR HAZE
[NO. OF DAYS WITH]      [WEATHER - DAYS WITH]      9 = BLOWING SNOW
                                                   X = TORNADO
MAX 32 OR BELOW:   0    0.01 INCH OR MORE:   4
MAX 90 OR ABOVE:   0    0.10 INCH OR MORE:   2
MIN 32 OR BELOW:   1    0.50 INCH OR MORE:   1
MIN  0 OR BELOW:   0    1.00 INCH OR MORE:   1

[HDD (BASE 65) ]
TOTAL THIS MO.   141    CLEAR  (SCALE 0-3)  14
DPTR FM NORMAL   -33    PTCLDY (SCALE 4-7)   6
TOTAL FM JUL 1   208    CLOUDY (SCALE 8-10)  3
DPTR FM NORMAL   -42

[CDD (BASE 65) ]
TOTAL THIS MO.    37
DPTR FM NORMAL    14    [PRESSURE DATA]
TOTAL FM JAN 1  2714    HIGHEST SLP M ON M
DPTR FM NORMAL   351    LOWEST  SLP 29.62 ON 18

[REMARKS]
