000
CXUS55 KOHX 221010
CF6CSV
PRELIMINARY LOCAL CLIMATOLOGICAL DATA (WS FORM: F-6)

                                          STATION:   CROSSVILLE
                                          MONTH:     NOVEMBER
                                          YEAR:      2014
                                          LATITUDE:   35 57 N
                                          LONGITUDE:  85  5 W

  TEMPERATURE IN F:       :PCPN:    SNOW:  WIND      :SUNSHINE: SKY     :PK WND
================================================================================
1   2   3   4   5  6A  6B    7    8   9   10  11  12  13   14  15   16   17  18
                                     12Z  AVG MX 2MIN
DY MAX MIN AVG DEP HDD CDD  WTR  SNW DPTH SPD SPD DIR MIN PSBL S-S WX    SPD DR
================================================================================

 1  36  32  34 -18  31   0 0.01    M    M 10.6 20 340   M    M   9 18     29 320
 2  50  28  39 -13  26   0 0.00    M    M  4.3 14  60   M    M   0        21  50
 3  65  30  48  -4  17   0 0.00    M    M  2.8  9 260   M    M   1        14 270
 4  68  45  57   5   8   0 0.00    M    M  4.6 14 180   M    M   0 8      20 200
 5  59  55  57   6   8   0 1.22    M    M  3.9 12 300   M    M   9 1      15 200
 6  61  41  51   0  14   0    T    M    M 14.4 29 270   M    M   8 1      41 330
 7  51  33  42  -9  23   0 0.00    M    M  5.0 17  20   M    M   5        24  10
 8  58  32  45  -5  20   0 0.00    M    M  4.3 16 270   M    M   1 1      19 270
 9  60  37  49  -1  16   0 0.00    M    M  2.1  8 270   M    M   4 18     10  60
10  65  34  50   0  15   0 0.00    M    M  6.1 15 170   M    M   0 1      24 190
11  69  47  58   9   7   0 0.07    M    M  6.6 17 310   M    M   5 18     23 320
12  47  33  40  -9  25   0 0.02    M    M  8.2 14 360   M    M   9 128    18 360
13  33  21  27 -21  38   0    T    M    M  9.2 15 360   M    M   8 18     21 330
14  31  18  25 -23  40   0 0.00    M    M  8.1 16 360   M    M   3        22  10
15  43  19  31 -17  34   0 0.00  0.0    M  5.1 12 180   M    M   2        19 220
16  50  38  44  -3  21   0 0.76    M    M  8.5 16 180   M    M  10 18     27 190
17  51  22  37 -10  28   0 0.72    M    M 10.0 18 290   M    M  10 18     27 280
18  27  16  22 -25  43   0    T    M    M  7.0 20 270   M    M   3 1      26 290
19  49  16  33 -13  32   0 0.00    M    M  6.6 16 230   M    M   1        23 220
20  47  33  40  -6  25   0 0.00    M    M  9.1 20 270   M    M   2        25 260
21  53  26  40  -6  25   0 0.00    M    M  2.6  9  30   M    M   0        12  30
================================================================================
SM 1073  656       496   0  2.80     0.0 139.1          M       90
================================================================================
AV 51.1 31.2                               6.6 FASTST   M    M   4    MAX(MPH)
                                 MISC ---->  # 29 270               # 41  330
================================================================================
NOTES:
# LAST OF SEVERAL OCCURRENCES

COLUMN 17 PEAK WIND IN M.P.H.

PRELIMINARY LOCAL CLIMATOLOGICAL DATA (WS FORM: F-6) , PAGE 2

                                          STATION:  CROSSVILLE
                                          MONTH:    NOVEMBER
                                          YEAR:     2014
                                          LATITUDE:   35 57 N
                                          LONGITUDE:  85  5 W

[TEMPERATURE DATA]      [PRECIPITATION DATA]       SYMBOLS USED IN COLUMN 16

AVERAGE MONTHLY: 41.2   TOTAL FOR MONTH:   2.80    1 = FOG OR MIST
DPTR FM NORMAL:  -8.0   DPTR FM NORMAL:   -0.55    2 = FOG REDUCING VISIBILITY
HIGHEST:    69 ON 11    GRTST 24HR  1.48 ON 16-17      TO 1/4 MILE OR LESS
LOWEST:     16 ON 19,18                            3 = THUNDER
                        SNOW, ICE PELLETS, HAIL    4 = ICE PELLETS
                        TOTAL MONTH:   0.0 INCH    5 = HAIL
                        GRTST 24HR     0.0         6 = FREEZING RAIN OR DRIZZLE
                        GRTST DEPTH:  M  ON   M    7 = DUSTSTORM OR SANDSTORM:
                                                       VSBY 1/2 MILE OR LESS
                                                   8 = SMOKE OR HAZE
[NO. OF DAYS WITH]      [WEATHER - DAYS WITH]      9 = BLOWING SNOW
                                                   X = TORNADO
MAX 32 OR BELOW:   2    0.01 INCH OR MORE:   6
MAX 90 OR ABOVE:   0    0.10 INCH OR MORE:   3
MIN 32 OR BELOW:  11    0.50 INCH OR MORE:   3
MIN  0 OR BELOW:   0    1.00 INCH OR MORE:   1

[HDD (BASE 65) ]
TOTAL THIS MO.   496    CLEAR  (SCALE 0-3)  10
DPTR FM NORMAL   161    PTCLDY (SCALE 4-7)   5
TOTAL FM JUL 1   729    CLOUDY (SCALE 8-10)  6
DPTR FM NORMAL    73

[CDD (BASE 65) ]
TOTAL THIS MO.     0
DPTR FM NORMAL     0    [PRESSURE DATA]
TOTAL FM JAN 1  1023    HIGHEST SLP  0.00 ON  9
DPTR FM NORMAL    35    LOWEST  SLP 29.70 ON 17

[REMARKS]
