000
CXUS52 KTAE 220800
CF6CTY
PRELIMINARY LOCAL CLIMATOLOGICAL DATA (WS FORM: F-6)

                                          STATION:   CROSS CITY
                                          MONTH:     FEBRUARY
                                          YEAR:      2018
                                          LATITUDE:   29 37 N
                                          LONGITUDE:  83  6 W

  TEMPERATURE IN F:       :PCPN:    SNOW:  WIND      :SUNSHINE: SKY     :PK WND
================================================================================
1   2   3   4   5  6A  6B    7    8   9   10  11  12  13   14  15   16   17  18
                                     12Z  AVG MX 2MIN
DY MAX MIN AVG DEP HDD CDD  WTR  SNW DPTH SPD SPD DIR MIN PSBL S-S WX    SPD DR
================================================================================

 1  72  35  54  -1  11   0 0.00  0.0    0  3.2 10 230   M    M   1         M  M
 2  66  41  54  -1  11   0 0.00  0.0    0  5.8 14 350   M    M   4 1       M  M
 3  66  41  54  -1  11   0 0.00  0.0    0  8.6 12  70   M    M   6        20  70
 4  70  51  61   6   4   0 1.52  0.0    0  9.4 20 170   M    M   8 18     32 190
 5  72  45  59   3   6   0 0.00  0.0    0  4.5  9  30   M    M   2 28      M  M
 6  78  41  60   4   5   0 0.00  0.0    0  2.1  5 170   M    M   3         M  M
 7  78  54  66  10   0   1 0.00  0.0    0  6.5 22 200   M    M   8 128    29 200
 8  72  57  65   9   0   0 0.01  0.0    0  6.7 14  20   M    M   6 12      M  M
 9  80  54  67  11   0   2 0.00  0.0    0  4.1  7  60   M    M   6         M  M
10  82  57  70  14   0   5 0.00  0.0    0  6.1 16 210   M    M   6 18     21 210
11  82  62  72  16   0   7 0.20  0.0    0  8.1 18 190   M    M   9 18     28 180
12  74  64  69  13   0   4 1.10  0.0    0  4.1  9 160   M    M   9 1       M  M
13  71  58  65   8   0   0 0.00  0.0    0  7.4 12  50   M    M   9         M  M
14  76  55  66   9   0   1 0.00  0.0    0  4.9 10  50   M    M   7 1       M  M
15  81  53  67  10   0   2 0.00  0.0    0  4.5 13 220   M    M   8 12     17 200
16  77  62  70  13   0   5 0.00  0.0    0  6.3 13 200   M    M   9 18     17 200
17  80  64  72  15   0   7 0.00  0.0    0  7.0 13 260   M    M   9 12      M  M
18  84  57  71  14   0   6 0.00  0.0    0  3.5  9 280   M    M   6 12      M  M
19  85  61  73  15   0   8 0.00  0.0    0  5.4  9 160   M    M   4 18      M  M
20  84  66  75  17   0  10 0.00  0.0    0  5.1 10 150   M    M   4 8      17 150
21  88  63  76  18   0  11 0.00  0.0    0  4.4  9 190   M    M   6 1       M  M
================================================================================
SM 1618 1141        48  69  2.83     0.0 117.7          M      130
================================================================================
AV 77.1 54.3                               5.6 FASTST   M    M   6    MAX(MPH)
                                 MISC ---->  # 22 200               # 32  190
================================================================================
NOTES:
# LAST OF SEVERAL OCCURRENCES

COLUMN 17 PEAK WIND IN M.P.H.

PRELIMINARY LOCAL CLIMATOLOGICAL DATA (WS FORM: F-6) , PAGE 2

                                          STATION:  CROSS CITY
                                          MONTH:    FEBRUARY
                                          YEAR:     2018
                                          LATITUDE:   29 37 N
                                          LONGITUDE:  83  6 W

[TEMPERATURE DATA]      [PRECIPITATION DATA]       SYMBOLS USED IN COLUMN 16

AVERAGE MONTHLY: 65.7   TOTAL FOR MONTH:   2.83    1 = FOG OR MIST
DPTR FM NORMAL:   9.3   DPTR FM NORMAL:    0.66    2 = FOG REDUCING VISIBILITY
HIGHEST:    88 ON 21    GRTST 24HR  1.52 ON  4- 4      TO 1/4 MILE OR LESS
LOWEST:     35 ON  1                               3 = THUNDER
                        SNOW, ICE PELLETS, HAIL    4 = ICE PELLETS
                        TOTAL MONTH:   0.0 INCH    5 = HAIL
                        GRTST 24HR     0.0         6 = FREEZING RAIN OR DRIZZLE
                        GRTST DEPTH:   0           7 = DUSTSTORM OR SANDSTORM:
                                                       VSBY 1/2 MILE OR LESS
                                                   8 = SMOKE OR HAZE
[NO. OF DAYS WITH]      [WEATHER - DAYS WITH]      9 = BLOWING SNOW
                                                   X = TORNADO
MAX 32 OR BELOW:   0    0.01 INCH OR MORE:   4
MAX 90 OR ABOVE:   0    0.10 INCH OR MORE:   3
MIN 32 OR BELOW:   0    0.50 INCH OR MORE:   2
MIN  0 OR BELOW:   0    1.00 INCH OR MORE:   2

[HDD (BASE 65) ]
TOTAL THIS MO.    48    CLEAR  (SCALE 0-3)   3
DPTR FM NORMAL  -143    PTCLDY (SCALE 4-7)  12
TOTAL FM JUL 1   949    CLOUDY (SCALE 8-10)  6
DPTR FM NORMAL  -120

[CDD (BASE 65) ]
TOTAL THIS MO.    69
DPTR FM NORMAL    54    [PRESSURE DATA]
TOTAL FM JAN 1    79    HIGHEST SLP M ON M
DPTR FM NORMAL    53    LOWEST  SLP 29.88 ON  4

[REMARKS]
