835
CXUS55 KCAE 161400
CF6CUB
PRELIMINARY LOCAL CLIMATOLOGICAL DATA (WS FORM: F-6)

                                          STATION:   HAMILTON - OWENS AIRPORT SC
                                          MONTH:     DECEMBER
                                          YEAR:      2017
                                          LATITUDE:   33 58 N
                                          LONGITUDE:  80 59 W

  TEMPERATURE IN F:       :PCPN:    SNOW:  WIND      :SUNSHINE: SKY     :PK WND
================================================================================
1   2   3   4   5  6A  6B    7    8   9   10  11  12  13   14  15   16   17  18
                                     12Z  AVG MX 2MIN
DY MAX MIN AVG DEP HDD CDD  WTR  SNW DPTH SPD SPD DIR MIN PSBL S-S WX    SPD DR
================================================================================

 1  69  52  61   9   4   0 0.01    M    M  0.9  7 200   M    M   7 128     9 210
 2  63  56  60   8   5   0 0.00    M    M  2.3  7  70   M    M   9        10  70
 3  70  49  60   9   5   0 0.00    M    M  1.2  7  80   M    M   4 1      10  10
 4  68  44  56   5   9   0 0.00    M    M  1.8  8  70   M    M   1 1      12  70
 5  75  48  62  11   3   0 0.00    M    M  4.0 19 230   M    M   3        15 240
 6  67  44  56   6   9   0 0.19    M    M  4.1  9 330   M    M   9 1      13 350
 7  50  43  47  -3  18   0 0.24    M    M  0.6  6 200   M    M   9 1       8 190
 8  44  37  41  -9  24   0 1.64    M    M  3.5 10  70   M    M  10 1      17  90
 9  42  36  39 -11  26   0 0.06    M    M  5.0 15 270   M    M   6 1      20 260
10  49  27  38 -11  27   0 0.00    M    M  2.7 12 270   M    M   0 1      15 270
11  59  29  44  -5  21   0 0.00    M    M  1.6  9 220   M    M   0 1      12 220
12  59  38  49   0  16   0 0.00    M    M  8.8 21 280   M    M   0        32 270
13  50  28  39  -9  26   0 0.00    M    M  4.5 15 200   M    M   0        19 190
14  61  36  49   1  16   0 0.00    M    M  4.1 12 240   M    M   0        14 240
15  59  37  48   0  17   0 0.00    M    M  4.7 15 280   M    M   0        24 290
================================================================================
SM  885  604       226   0  2.14    M     49.8          M       58
================================================================================
AV 59.0 40.3                               3.3 FASTST   M    M   4    MAX(MPH)
                                 MISC ---->  # 21 280               # 32  270
================================================================================
NOTES:
# LAST OF SEVERAL OCCURRENCES

COLUMN 17 PEAK WIND IN M.P.H.

PRELIMINARY LOCAL CLIMATOLOGICAL DATA (WS FORM: F-6) , PAGE 2

                                          STATION:  HAMILTON - OWENS AIRPORT SC
                                          MONTH:    DECEMBER
                                          YEAR:     2017
                                          LATITUDE:   33 58 N
                                          LONGITUDE:  80 59 W

[TEMPERATURE DATA]      [PRECIPITATION DATA]       SYMBOLS USED IN COLUMN 16

AVERAGE MONTHLY: 49.6   TOTAL FOR MONTH:   2.14    1 = FOG OR MIST
DPTR FM NORMAL:  -0.2   DPTR FM NORMAL:    0.49    2 = FOG REDUCING VISIBILITY
HIGHEST:    75 ON  5    GRTST 24HR  1.64 ON  8- 8      TO 1/4 MILE OR LESS
LOWEST:     27 ON 10                               3 = THUNDER
                        SNOW, ICE PELLETS, HAIL    4 = ICE PELLETS
                        TOTAL MONTH:    M          5 = HAIL
                        GRTST 24HR    M  ON   M    6 = FREEZING RAIN OR DRIZZLE
                        GRTST DEPTH:  M  ON   M    7 = DUSTSTORM OR SANDSTORM:
                                                       VSBY 1/2 MILE OR LESS
                                                   8 = SMOKE OR HAZE
[NO. OF DAYS WITH]      [WEATHER - DAYS WITH]      9 = BLOWING SNOW
                                                   X = TORNADO
MAX 32 OR BELOW:   0    0.01 INCH OR MORE:   5
MAX 90 OR ABOVE:   0    0.10 INCH OR MORE:   3
MIN 32 OR BELOW:   3    0.50 INCH OR MORE:   1
MIN  0 OR BELOW:   0    1.00 INCH OR MORE:   1

[HDD (BASE 65) ]
TOTAL THIS MO.   226    CLEAR  (SCALE 0-3)   7
DPTR FM NORMAL    -6    PTCLDY (SCALE 4-7)   4
TOTAL FM JUL 1   579    CLOUDY (SCALE 8-10)  4
DPTR FM NORMAL   -24

[CDD (BASE 65) ]
TOTAL THIS MO.     0
DPTR FM NORMAL     0    [PRESSURE DATA]
TOTAL FM JAN 1  2691    HIGHEST SLP M ON M
DPTR FM NORMAL   435    LOWEST  SLP 29.70 ON 12

[REMARKS]
