000
CXUS52 KCHS 240915
CF6CXM
PRELIMINARY LOCAL CLIMATOLOGICAL DATA (WS FORM: F-6)

                                          STATION:   DOWNTOWN CHARLESTON SC
                                          MONTH:     DECEMBER
                                          YEAR:      2014
                                          LATITUDE:   32 46 N
                                          LONGITUDE:  79 56 W

  TEMPERATURE IN F:       :PCPN:    SNOW:  WIND      :SUNSHINE: SKY     :PK WND
================================================================================
1   2   3   4   5  6A  6B    7    8   9   10  11  12  13   14  15   16   17  18
                                     12Z  AVG MX 2MIN
DY MAX MIN AVG DEP HDD CDD  WTR  SNW DPTH SPD SPD DIR MIN PSBL S-S WX    SPD DR
================================================================================

 1  72  53  63   7   2   0 0.00    M    M   M  11 130   M    M   M        12 130
 2  68  57  63   7   2   0 0.00    M    M   M  12  80   M    M   M        16  60
 3  68  54  61   5   4   0 0.00    M    M   M   9  50   M    M   M        14  60
 4  69  54  62   7   3   0 0.00    M    M   M  13  60   M    M   M        17  60
 5  63  50  57   2   8   0 0.00    M    M   M  14  30   M    M   M        18  30
 6  70  53  62   7   3   0 0.01    M    M   M  11  10   M    M   M        15 360
 7  64  48  56   1   9   0 0.00    M    M   M  22  10   M    M   M        30  20
 8  50  43  47  -7  18   0 0.07    M    M   M  24  10   M    M   M         M  M
 9  57  42  50  -4  15   0 0.00    M    M   M  14 350   M    M   M        21 340
10  58  41  50  -4  15   0 0.00    M    M   M  12 330   M    M   M        18 360
11  60  40  50  -4  15   0 0.00    M    M   M  10  50   M    M   M        13  20
12  61  39  50  -3  15   0 0.00    M    M  4.1  9  10   M    M   M        12 236
13  66  39  53   0  12   0 0.00    M    M  4.2  8 350   M    M   M        11 250
14  63  43  53   0  12   0 0.00    M    M   M   9 125   M    M   M        11 125
15  65  46  56   3   9   0 0.00    M    M   M   9 110   M    M   M        11 110
16  64  47  56   4   9   0 0.00    M    M  5.9 16 220   M    M   M        23 210
17  62  46  54   2  11   0 0.00    M    M  6.9 11 140   M    M   M        17 290
18  65  46  56   4   9   0 0.00    M    M  5.2 11 120   M    M   M        13  60
19  62  47  55   3  10   0 0.00    M    M   M   9 110   M    M   M        11 120
20  55  51  53   2  12   0 0.08    M    M   M   M   M   M    M   M         M  M
21   M   M   M   M   M   M    M    M    M   M   M   M   M    M   M         M  M
22   M   M   M   M   M   M    M    M    M   M   M   M   M    M   M         M  M
23  58  47  53   2  12   0 0.30    M    M   M  11  10   M    M   M        17 310
================================================================================
SM 1320  986       205   0  0.46    M     26.3          M        M
================================================================================
AV 62.9 47.0                               5.3 FASTST   M    M   6    MAX(MPH)
                                 MISC ---->    24   M                 30    M
================================================================================
NOTES:
# LAST OF SEVERAL OCCURRENCES

COLUMN 17 PEAK WIND IN M.P.H.

PRELIMINARY LOCAL CLIMATOLOGICAL DATA (WS FORM: F-6) , PAGE 2

                                          STATION:  DOWNTOWN CHARLESTON SC
                                          MONTH:    DECEMBER
                                          YEAR:     2014
                                          LATITUDE:   32 46 N
                                          LONGITUDE:  79 56 W

[TEMPERATURE DATA]      [PRECIPITATION DATA]       SYMBOLS USED IN COLUMN 16

AVERAGE MONTHLY: 54.9   TOTAL FOR MONTH:   0.46    1 = FOG OR MIST
DPTR FM NORMAL:   1.5   DPTR FM NORMAL:   -1.47    2 = FOG REDUCING VISIBILITY
HIGHEST:    72 ON  1    GRTST 24HR  0.30 ON 23-23      TO 1/4 MILE OR LESS
LOWEST:     39 ON 13,12                            3 = THUNDER
                        SNOW, ICE PELLETS, HAIL    4 = ICE PELLETS
                        TOTAL MONTH:    M          5 = HAIL
                        GRTST 24HR    M  ON   M    6 = FREEZING RAIN OR DRIZZLE
                        GRTST DEPTH:  M  ON   M    7 = DUSTSTORM OR SANDSTORM:
                                                       VSBY 1/2 MILE OR LESS
                                                   8 = SMOKE OR HAZE
[NO. OF DAYS WITH]      [WEATHER - DAYS WITH]      9 = BLOWING SNOW
                                                   X = TORNADO
MAX 32 OR BELOW:   0    0.01 INCH OR MORE:   4
MAX 90 OR ABOVE:   0    0.10 INCH OR MORE:   1
MIN 32 OR BELOW:   0    0.50 INCH OR MORE:   0
MIN  0 OR BELOW:   0    1.00 INCH OR MORE:   0

[HDD (BASE 65) ]
TOTAL THIS MO.   205    CLEAR  (SCALE 0-3)   0
DPTR FM NORMAL   -69    PTCLDY (SCALE 4-7)   0
TOTAL FM JUL 1   478    CLOUDY (SCALE 8-10)  0
DPTR FM NORMAL    -9

[CDD (BASE 65) ]
TOTAL THIS MO.     0
DPTR FM NORMAL     0    [PRESSURE DATA]
TOTAL FM JAN 1  2538    HIGHEST SLP M ON M
DPTR FM NORMAL   169    LOWEST  SLP M ON M

[REMARKS]
