000
CXUS54 KHGX 191415
CF6CXO
PRELIMINARY LOCAL CLIMATOLOGICAL DATA (WS FORM: F-6)

                                          STATION:   CONROE
                                          MONTH:     OCTOBER
                                          YEAR:      2014
                                          LATITUDE:   30 21 N
                                          LONGITUDE:  95 25 W

  TEMPERATURE IN F:       :PCPN:    SNOW:  WIND      :SUNSHINE: SKY     :PK WND
================================================================================
1   2   3   4   5  6A  6B    7    8   9   10  11  12  13   14  15   16   17  18
                                     12Z  AVG MX 2MIN
DY MAX MIN AVG DEP HDD CDD  WTR  SNW DPTH SPD SPD DIR MIN PSBL S-S WX    SPD DR
================================================================================

 1  92  72  82   9   0  17 0.00  0.0    0  4.3 13 150   M    M   5 12     17 140
 2  93  69  81   8   0  16 1.00  0.0    0  9.7 22  10   M    M   6 13     31 180
 3  83  56  70  -3   0   5 0.13  0.0    0  6.8 17 360   M    M   1 13     25 340
 4  76  52  64  -8   1   0 0.00  0.0    0  3.6 12 360   M    M   0        16 350
 5  84  48  66  -6   0   1 0.00  0.0    0  4.6 17 160   M    M   0        22 140
 6  78  62  70  -2   0   5 0.48  0.0    0  3.0 26 350   M    M   3 13     36 360
 7  89  61  75   3   0  10 0.00  0.0    0  4.5 13 160   M    M   4 12     16 160
 8  89  67  78   7   0  13 0.20  0.0    0  3.3 13 180   M    M   7 123    17 160
 9  89  67  78   7   0  13 0.00  0.0    0  4.3 13 150   M    M   3 12     18 200
10  89  71  80   9   0  15 0.38  0.0    0  5.6 20 160   M    M   6 1238   30 160
11  81  64  73   3   0   8 0.05  0.0    0  6.2 22 350   M    M   6 1      26 340
12  83  64  74   4   0   9 0.22  0.0    0  3.7 24 160   M    M   6 13     31 160
13  80  59  70   0   0   5 0.62  0.0    0 11.5 32 310   M    M   7 13     42 310
14  78  50  64  -5   1   0 0.00  0.0    0  6.7 20 300   M    M   0        29 320
15  83  46  65  -4   0   0 0.00  0.0    0  2.5 12 250   M    M   0        16 280
16  85  51  68  -1   0   3 0.00  0.0    0  4.5 15 170   M    M   0        21 180
17  84  53  69   1   0   4 0.00  0.0    0  3.8 15 210   M    M   1        20 200
18  85  58  72   4   0   7 0.00  0.0    0  1.1  9 120   M    M   4        14 140
================================================================================
SM 1521 1070         2 131  3.08     0.0  89.7          M       59
================================================================================
AV 84.5 59.4                               5.0 FASTST   M    M   3    MAX(MPH)
                                 MISC ---->  # 32 310               # 42  310
================================================================================
NOTES:
# LAST OF SEVERAL OCCURRENCES

COLUMN 17 PEAK WIND IN M.P.H.

PRELIMINARY LOCAL CLIMATOLOGICAL DATA (WS FORM: F-6) , PAGE 2

                                          STATION:  CONROE
                                          MONTH:    OCTOBER
                                          YEAR:     2014
                                          LATITUDE:   30 21 N
                                          LONGITUDE:  95 25 W

[TEMPERATURE DATA]      [PRECIPITATION DATA]       SYMBOLS USED IN COLUMN 16

AVERAGE MONTHLY: 72.0   TOTAL FOR MONTH:   3.08    1 = FOG OR MIST
DPTR FM NORMAL:   1.2   DPTR FM NORMAL:    0.58    2 = FOG REDUCING VISIBILITY
HIGHEST:    93 ON  2    GRTST 24HR  1.13 ON  2- 3      TO 1/4 MILE OR LESS
LOWEST:     46 ON 15                               3 = THUNDER
                        SNOW, ICE PELLETS, HAIL    4 = ICE PELLETS
                        TOTAL MONTH:   0.0 INCH    5 = HAIL
                        GRTST 24HR     0.0         6 = FREEZING RAIN OR DRIZZLE
                        GRTST DEPTH:   0           7 = DUSTSTORM OR SANDSTORM:
                                                       VSBY 1/2 MILE OR LESS
                                                   8 = SMOKE OR HAZE
[NO. OF DAYS WITH]      [WEATHER - DAYS WITH]      9 = BLOWING SNOW
                                                   X = TORNADO
MAX 32 OR BELOW:   0    0.01 INCH OR MORE:   8
MAX 90 OR ABOVE:   2    0.10 INCH OR MORE:   7
MIN 32 OR BELOW:   0    0.50 INCH OR MORE:   2
MIN  0 OR BELOW:   0    1.00 INCH OR MORE:   1

[HDD (BASE 65) ]
TOTAL THIS MO.     2    CLEAR  (SCALE 0-3)   9
DPTR FM NORMAL   -12    PTCLDY (SCALE 4-7)   9
TOTAL FM JUL 1     2    CLOUDY (SCALE 8-10)  0
DPTR FM NORMAL   -14

[CDD (BASE 65) ]
TOTAL THIS MO.   131
DPTR FM NORMAL    13    [PRESSURE DATA]
TOTAL FM JAN 1  2489    HIGHEST SLP M ON M
DPTR FM NORMAL   -40    LOWEST  SLP 29.71 ON 13

[REMARKS]
