596
CXUS55 KVEF 180940
CF6DAG
PRELIMINARY LOCAL CLIMATOLOGICAL DATA (WS FORM: F-6)

                                          STATION:   BARSTOW-DAGGETT CA
                                          MONTH:     DECEMBER
                                          YEAR:      2017
                                          LATITUDE:   34 51 N
                                          LONGITUDE: 116 47 W

  TEMPERATURE IN F:       :PCPN:    SNOW:  WIND      :SUNSHINE: SKY     :PK WND
================================================================================
1   2   3   4   5  6A  6B    7    8   9   10  11  12  13   14  15   16   17  18
                                     12Z  AVG MX 2MIN
DY MAX MIN AVG DEP HDD CDD  WTR  SNW DPTH SPD SPD DIR MIN PSBL S-S WX    SPD DR
================================================================================

 1  71  38  55   5  10   0 0.00  0.0    0  4.3 13 290   M    M   0        14 290
 2  71  38  55   6  10   0 0.00  0.0    0  3.5 10 270   M    M   0        13 310
 3  73  41  57   8   8   0 0.00  0.0    0 16.6 31 270   M    M   0        38 260
 4  58  38  48  -1  17   0 0.00  0.0    0  5.2 18  20   M    M   0        23  10
 5  58  33  46  -2  19   0 0.00  0.0    0  5.5 15  20   M    M   0        22  50
 6  64  29  47  -1  18   0 0.00  0.0    0  4.7 13 270   M    M   0        14 280
 7  65  28  47  -1  18   0 0.00  0.0    0  4.3 12  70   M    M   0        15  80
 8  70  33  52   4  13   0 0.00  0.0    0  6.6 16 270   M    M   0        19 270
 9  67  32  50   2  15   0 0.00  0.0    0  4.5 13 270   M    M   0        13 270
10  66  30  48   1  17   0 0.00  0.0    0  4.4 14 100   M    M   0        16 100
11  70  33  52   5  13   0 0.00  0.0    0  4.0 12 260   M    M   0        12 260
12  68  31  50   3  15   0 0.00  0.0    0  7.7 16 270   M    M   0        18 270
13  71  37  54   7  11   0 0.00  0.0    0 11.5 20 270   M    M   0        23 270
14  71  37  54   7  11   0 0.00  0.0    0  7.2 16  60   M    M   0        21  60
15  67  33  50   3  15   0 0.00  0.0    0  5.8 17 270   M    M   0 8      20 270
16  65  44  55   8  10   0    T    M    0  7.7 22  30   M    M   2        25  20
17  58  36  47   1  18   0 0.00  0.0    0  5.8 21  20   M    M   0        28  20
================================================================================
SM 1133  591       238   0    T      0.0 109.3          M        2
================================================================================
AV 66.7 34.8                               6.4 FASTST   M    M   0    MAX(MPH)
                                 MISC ---->  # 31 270               # 38  260
================================================================================
NOTES:
# LAST OF SEVERAL OCCURRENCES

COLUMN 17 PEAK WIND IN M.P.H.

PRELIMINARY LOCAL CLIMATOLOGICAL DATA (WS FORM: F-6) , PAGE 2

                                          STATION:  BARSTOW-DAGGETT CA
                                          MONTH:    DECEMBER
                                          YEAR:     2017
                                          LATITUDE:   34 51 N
                                          LONGITUDE: 116 47 W

[TEMPERATURE DATA]      [PRECIPITATION DATA]       SYMBOLS USED IN COLUMN 16

AVERAGE MONTHLY: 50.7   TOTAL FOR MONTH:      T    1 = FOG OR MIST
DPTR FM NORMAL:   2.9   DPTR FM NORMAL:   -0.29    2 = FOG REDUCING VISIBILITY
HIGHEST:    73 ON  3    GRTST 24HR    T  ON 16-16      TO 1/4 MILE OR LESS
LOWEST:     28 ON  7                               3 = THUNDER
                        SNOW, ICE PELLETS, HAIL    4 = ICE PELLETS
                        TOTAL MONTH:   0.0 INCH    5 = HAIL
                        GRTST 24HR     0.0         6 = FREEZING RAIN OR DRIZZLE
                        GRTST DEPTH:   0           7 = DUSTSTORM OR SANDSTORM:
                                                       VSBY 1/2 MILE OR LESS
                                                   8 = SMOKE OR HAZE
[NO. OF DAYS WITH]      [WEATHER - DAYS WITH]      9 = BLOWING SNOW
                                                   X = TORNADO
MAX 32 OR BELOW:   0    0.01 INCH OR MORE:   0
MAX 90 OR ABOVE:   0    0.10 INCH OR MORE:   0
MIN 32 OR BELOW:   5    0.50 INCH OR MORE:   0
MIN  0 OR BELOW:   0    1.00 INCH OR MORE:   0

[HDD (BASE 65) ]
TOTAL THIS MO.   238    CLEAR  (SCALE 0-3)  17
DPTR FM NORMAL   -55    PTCLDY (SCALE 4-7)   0
TOTAL FM JUL 1   391    CLOUDY (SCALE 8-10)  0
DPTR FM NORMAL  -239

[CDD (BASE 65) ]
TOTAL THIS MO.     0
DPTR FM NORMAL     0    [PRESSURE DATA]
TOTAL FM JAN 1  3315    HIGHEST SLP M ON M
DPTR FM NORMAL   336    LOWEST  SLP 29.67 ON 16

[REMARKS]
