000
CXUS55 KVEF 260940
CF6DAG
PRELIMINARY LOCAL CLIMATOLOGICAL DATA (WS FORM: F-6)

                                          STATION:   BARSTOW-DAGGETT CA
                                          MONTH:     FEBRUARY
                                          YEAR:      2015
                                          LATITUDE:   34 51 N
                                          LONGITUDE: 116 47 W

  TEMPERATURE IN F:       :PCPN:    SNOW:  WIND      :SUNSHINE: SKY     :PK WND
================================================================================
1   2   3   4   5  6A  6B    7    8   9   10  11  12  13   14  15   16   17  18
                                     12Z  AVG MX 2MIN
DY MAX MIN AVG DEP HDD CDD  WTR  SNW DPTH SPD SPD DIR MIN PSBL S-S WX    SPD DR
================================================================================

 1  69  41  55   5  10   0 0.00  0.0    0  7.0 16 270   M    M   0        20 270
 2  72  41  57   7   8   0 0.00  0.0    0  4.2 14 270   M    M   0        15 270
 3  72  41  57   7   8   0 0.00  0.0    0  5.2 15 260   M    M   0        17 260
 4  73  39  56   6   9   0 0.00  0.0    0  2.9 13 260   M    M   0        14 260
 5  76  40  58   8   7   0 0.00  0.0    0  4.3 12  50   M    M   0        14  80
 6  82  43  63  12   2   0 0.00  0.0    0  7.4 22 240   M    M   0        29 230
 7  79  49  64  13   1   0    T  0.0    0  8.9 25 290   M    M   3        32 330
 8  77  51  64  13   1   0 0.00  0.0    0  7.3 15 280   M    M   0        19 280
 9  76  53  65  14   0   0 0.00  0.0    0 13.8 24 260   M    M   0        31 280
10  73  47  60   9   5   0 0.00  0.0    0  8.1 21 250   M    M   0        27 240
11  73  41  57   6   8   0 0.00  0.0    0  5.3 14  40   M    M   0        17  50
12  74  38  56   4   9   0 0.00  0.0    0  5.4 15  40   M    M   0 8      22  50
13  79  42  61   9   4   0 0.00  0.0    0  4.6 15 270   M    M   0        18 270
14  80  45  63  11   2   0 0.00  0.0    0  6.7 15 260   M    M   0        17 260
15  82  51  67  15   0   2 0.00  0.0    0  8.9 18  10   M    M   0        22  10
16  84  50  67  15   0   2 0.00  0.0    0 10.7 17 310   M    M   0        23 290
17  75  45  60   7   5   0 0.00  0.0    0  6.5 18  60   M    M   0        24  50
18  77  44  61   8   4   0 0.00  0.0    0  4.4  9  40   M    M   0        12  40
19  81  52  67  14   0   2 0.00  0.0    0  7.6 15 240   M    M   0        19 250
20  78  52  65  12   0   0 0.00  0.0    0  8.4 21 310   M    M   0        28 300
21  77  48  63   9   2   0 0.00  0.0    0 16.0 33 240   M    M   0        42 230
22  59  45  52  -2  13   0 0.47  0.0    0 11.8 32 230   M    M   6 1      41 220
23  55  43  49  -5  16   0 0.08  0.0    0  5.6 14 270   M    M   7        16  60
24  65  39  52  -2  13   0 0.00  0.0    0 10.5 18 250   M    M   1        24 250
25  72  41  57   3   8   0 0.00  0.0    0 11.2 16 270   M    M   0        19 280
================================================================================
SM 1860 1121       135   6  0.55     0.0 192.7          M       17
================================================================================
AV 74.4 44.8                               7.7 FASTST   M    M   1    MAX(MPH)
                                 MISC ---->  # 33 240               # 42  230
================================================================================
NOTES:
# LAST OF SEVERAL OCCURRENCES

COLUMN 17 PEAK WIND IN M.P.H.

PRELIMINARY LOCAL CLIMATOLOGICAL DATA (WS FORM: F-6) , PAGE 2

                                          STATION:  BARSTOW-DAGGETT CA
                                          MONTH:    FEBRUARY
                                          YEAR:     2015
                                          LATITUDE:   34 51 N
                                          LONGITUDE: 116 47 W

[TEMPERATURE DATA]      [PRECIPITATION DATA]       SYMBOLS USED IN COLUMN 16

AVERAGE MONTHLY: 59.6   TOTAL FOR MONTH:   0.55    1 = FOG OR MIST
DPTR FM NORMAL:   7.7   DPTR FM NORMAL:   -0.04    2 = FOG REDUCING VISIBILITY
HIGHEST:    84 ON 16    GRTST 24HR  0.56 ON 22-23      TO 1/4 MILE OR LESS
LOWEST:     38 ON 12                               3 = THUNDER
                        SNOW, ICE PELLETS, HAIL    4 = ICE PELLETS
                        TOTAL MONTH:   0.0 INCH    5 = HAIL
                        GRTST 24HR     0.0         6 = FREEZING RAIN OR DRIZZLE
                        GRTST DEPTH:   0           7 = DUSTSTORM OR SANDSTORM:
                                                       VSBY 1/2 MILE OR LESS
                                                   8 = SMOKE OR HAZE
[NO. OF DAYS WITH]      [WEATHER - DAYS WITH]      9 = BLOWING SNOW
                                                   X = TORNADO
MAX 32 OR BELOW:   0    0.01 INCH OR MORE:   2
MAX 90 OR ABOVE:   0    0.10 INCH OR MORE:   1
MIN 32 OR BELOW:   0    0.50 INCH OR MORE:   0
MIN  0 OR BELOW:   0    1.00 INCH OR MORE:   0

[HDD (BASE 65) ]
TOTAL THIS MO.   135    CLEAR  (SCALE 0-3)  23
DPTR FM NORMAL  -192    PTCLDY (SCALE 4-7)   2
TOTAL FM JUL 1  1227    CLOUDY (SCALE 8-10)  0
DPTR FM NORMAL  -506

[CDD (BASE 65) ]
TOTAL THIS MO.     6
DPTR FM NORMAL     6    [PRESSURE DATA]
TOTAL FM JAN 1     6    HIGHEST SLP M ON M
DPTR FM NORMAL     6    LOWEST  SLP 29.65 ON 21

[REMARKS]
