893
CXUS51 KRNK 180626
CF6DAN
PRELIMINARY LOCAL CLIMATOLOGICAL DATA (WS FORM: F-6)

                                          STATION:   DANVILLE VA
                                          MONTH:     AUGUST
                                          YEAR:      2017
                                          LATITUDE:   36 34 N
                                          LONGITUDE:  79 20 W

  TEMPERATURE IN F:       :PCPN:    SNOW:  WIND      :SUNSHINE: SKY     :PK WND
================================================================================
1   2   3   4   5  6A  6B    7    8   9   10  11  12  13   14  15   16   17  18
                                     12Z  AVG MX 2MIN
DY MAX MIN AVG DEP HDD CDD  WTR  SNW DPTH SPD SPD DIR MIN PSBL S-S WX    SPD DR
================================================================================

 1  86  59  73  -5   0   8 0.00  0.0    0  2.3  8 320   M    M   1        11 320
 2  88  65  77  -1   0  12 0.00  0.0    0  2.4  9 220   M    M   0 1      15 250
 3  90  62  76  -2   0  11 0.00  0.0    0  2.2  9 220   M    M   1 1      13 260
 4  90  63  77  -1   0  12    T  0.0    0  4.4 16 240   M    M   1 1      20 220
 5  86  61  74  -4   0   9 0.00  0.0    0  5.6 14 250   M    M   0        19 240
 6  87  58  73  -5   0   8 0.00  0.0    0  3.2 10  70   M    M   2        15  30
 7  83  70  77  -1   0  12 0.64  0.0    0  5.8 18 230   M    M   6 13     25 230
 8  76  64  70  -8   0   5 0.30  0.0    0  3.8 13 280   M    M   5 1      16 280
 9  83  60  72  -6   0   7 0.00  0.0    0  2.9 13  30   M    M   1 1      17  50
10  85  59  72  -6   0   7 0.00  0.0    0  1.7  9 110   M    M   0 1      13 140
11  85  62  74  -4   0   9 0.02  0.0    0  2.2  8 270   M    M   4 1      12 220
12  88  71  80   2   0  15 1.90  0.0    0  1.3  9 360   M    M   5 13     12 310
13  82  68  75  -3   0  10 0.34  0.0    0  4.1 13 260   M    M   6 13     17 270
14  83  69  76  -2   0  11 0.01  0.0    0  3.6  9  10   M    M   8        13 110
15  88  71  80   3   0  15 0.07  0.0    0  2.2 10 310   M    M   5 1      12 310
16  90  69  80   3   0  15 0.00  0.0    0  1.6  7  10   M    M   3        10 340
17  93  73  83   6   0  18    T  0.0    0  2.2  9 230   M    M   4 1      13 230
================================================================================
SM 1463 1104         0 184  3.28     0.0  51.5          M       52
================================================================================
AV 86.1 64.9                               3.0 FASTST   M    M   3    MAX(MPH)
                                 MISC ---->  # 18 230               # 25  230
================================================================================
NOTES:
# LAST OF SEVERAL OCCURRENCES

COLUMN 17 PEAK WIND IN M.P.H.

PRELIMINARY LOCAL CLIMATOLOGICAL DATA (WS FORM: F-6) , PAGE 2

                                          STATION:  DANVILLE VA
                                          MONTH:    AUGUST
                                          YEAR:     2017
                                          LATITUDE:   36 34 N
                                          LONGITUDE:  79 20 W

[TEMPERATURE DATA]      [PRECIPITATION DATA]       SYMBOLS USED IN COLUMN 16

AVERAGE MONTHLY: 75.5   TOTAL FOR MONTH:   3.28    1 = FOG OR MIST
DPTR FM NORMAL:  -2.3   DPTR FM NORMAL:    1.22    2 = FOG REDUCING VISIBILITY
HIGHEST:    93 ON 17    GRTST 24HR  1.90 ON 12-12      TO 1/4 MILE OR LESS
LOWEST:     58 ON  6                               3 = THUNDER
                        SNOW, ICE PELLETS, HAIL    4 = ICE PELLETS
                        TOTAL MONTH:   0.0 INCH    5 = HAIL
                        GRTST 24HR     0.0         6 = FREEZING RAIN OR DRIZZLE
                        GRTST DEPTH:   0           7 = DUSTSTORM OR SANDSTORM:
                                                       VSBY 1/2 MILE OR LESS
                                                   8 = SMOKE OR HAZE
[NO. OF DAYS WITH]      [WEATHER - DAYS WITH]      9 = BLOWING SNOW
                                                   X = TORNADO
MAX 32 OR BELOW:   0    0.01 INCH OR MORE:   7
MAX 90 OR ABOVE:   4    0.10 INCH OR MORE:   4
MIN 32 OR BELOW:   0    0.50 INCH OR MORE:   2
MIN  0 OR BELOW:   0    1.00 INCH OR MORE:   1

[HDD (BASE 65) ]
TOTAL THIS MO.     0    CLEAR  (SCALE 0-3)   9
DPTR FM NORMAL     0    PTCLDY (SCALE 4-7)   8
TOTAL FM JUL 1     0    CLOUDY (SCALE 8-10)  0
DPTR FM NORMAL     0

[CDD (BASE 65) ]
TOTAL THIS MO.   184
DPTR FM NORMAL   -34    [PRESSURE DATA]
TOTAL FM JAN 1  1038    HIGHEST SLP M ON M
DPTR FM NORMAL   -33    LOWEST  SLP 29.87 ON 15

[REMARKS]
