000
CXUS51 KLWX 280620
CF6DCA
PRELIMINARY LOCAL CLIMATOLOGICAL DATA (WS FORM: F-6)

                                          STATION:   WASHINGTON NATIONAL DC
                                          MONTH:     NOVEMBER
                                          YEAR:      2014
                                          LATITUDE:   38 50 N
                                          LONGITUDE:  77  2 W

  TEMPERATURE IN F:       :PCPN:    SNOW:  WIND      :SUNSHINE: SKY     :PK WND
================================================================================
1   2   3   4   5  6A  6B    7    8   9   10  11  12  13   14  15   16   17  18
                                     12Z  AVG MX 2MIN
DY MAX MIN AVG DEP HDD CDD  WTR  SNW DPTH SPD SPD DIR MIN PSBL S-S WX    SPD DR
================================================================================

 1  54  48  51  -3  14   0    T  0.0    0 17.4 33 340   M    M   9        43 340
 2  53  45  49  -5  16   0    T  0.0    0 17.9 33 340   M    M   5        43 330
 3  66  44  55   1  10   0 0.00  0.0    0  7.8 18 320   M    M   5        25 330
 4  69  47  58   4   7   0 0.00  0.0    0  4.9 13 180   M    M   8        16 190
 5  68  54  61   8   4   0 0.01  0.0    0  4.2 14 330   M    M  10        16 330
 6  65  55  60   7   5   0 0.51  0.0    0  5.7 17 340   M    M   9 18     22 310
 7  58  43  51  -1  14   0    T  0.0    0 13.6 28 320   M    M   5        39 310
 8  54  36  45  -7  20   0 0.00  0.0    0  7.3 15 180   M    M   5        23 220
 9  61  44  53   1  12   0 0.00  0.0    0  2.9 15 340   M    M   7        20 340
10  66  42  54   2  11   0 0.00  0.0    0  3.8 12 150   M    M   3        15 210
11  71  44  58   7   7   0 0.00  0.0    0  3.3 13 200   M    M   6 1      14 200
12  68  45  57   6   8   0 0.00  0.0    0 10.6 23 330   M    M   5 128    29 330
13  48  40  44  -6  21   0 0.03    T    0  9.8 15 320   M    M   8        20 320
14  45  35  40 -10  25   0 0.00  0.0    0 13.2 24 330   M    M   4        32 330
15  47  32  40 -10  25   0 0.00  0.0    0  6.6 16 330   M    M   2        22 330
16  48  37  43  -7  22   0 0.01  0.0    0  6.9 15 210   M    M  10        18 240
17  52  42  47  -2  18   0 0.71  0.0    0  8.6 26 320   M    M  10 18     32 330
18  42  25  34 -15  31   0 0.00  0.0    0 16.7 26 290   M    M   3        35 290
19  40  22  31 -17  34   0 0.00  0.0    0 10.5 20 200   M    M   4        28 200
20  56  35  46  -2  19   0 0.00  0.0    0 12.5 21 310   M    M   3        29 310
21  40  29  35 -13  30   0 0.00  0.0    0 10.8 25 310   M    M   1        35 310
22  52  26  39  -8  26   0 0.00  0.0    0  8.5 20 210   M    M   4        26 240
23  57  38  48   1  17   0 0.13  0.0    0  5.5 13 200   M    M   8 1      16 200
24  74  56  65  18   0   0 0.18  0.0    0 14.7 25 190   M    M   6 1      35 180
25  69  49  59  13   6   0 0.00  0.0    0  5.7 18 330   M    M  10        24 340
26  51  36  44  -2  21   0 1.06    T    0  9.0 23  40   M    M  10 14     28  40
27  49  38  44  -2  21   0    T  0.0    0  6.6 20 340   M    M   7        24 330
================================================================================
SM 1523 1087       444   0  2.64    T    245.0          M      167
================================================================================
AV 56.4 40.3                               9.1 FASTST   M    M   6    MAX(MPH)
                                 MISC ---->  # 33 340               # 43  340
================================================================================
NOTES:
# LAST OF SEVERAL OCCURRENCES

COLUMN 17 PEAK WIND IN M.P.H.

PRELIMINARY LOCAL CLIMATOLOGICAL DATA (WS FORM: F-6) , PAGE 2

                                          STATION:  WASHINGTON NATIONAL DC
                                          MONTH:    NOVEMBER
                                          YEAR:     2014
                                          LATITUDE:   38 50 N
                                          LONGITUDE:  77  2 W

[TEMPERATURE DATA]      [PRECIPITATION DATA]       SYMBOLS USED IN COLUMN 16

AVERAGE MONTHLY: 48.3   TOTAL FOR MONTH:   2.64    1 = FOG OR MIST
DPTR FM NORMAL:  -1.8   DPTR FM NORMAL:   -0.21    2 = FOG REDUCING VISIBILITY
HIGHEST:    74 ON 24    GRTST 24HR  1.06 ON 26-26      TO 1/4 MILE OR LESS
LOWEST:     22 ON 19                               3 = THUNDER
                        SNOW, ICE PELLETS, HAIL    4 = ICE PELLETS
                        TOTAL MONTH:    T          5 = HAIL
                        GRTST 24HR    T  ON 26-26  6 = FREEZING RAIN OR DRIZZLE
                        GRTST DEPTH:   0           7 = DUSTSTORM OR SANDSTORM:
                                                       VSBY 1/2 MILE OR LESS
                                                   8 = SMOKE OR HAZE
[NO. OF DAYS WITH]      [WEATHER - DAYS WITH]      9 = BLOWING SNOW
                                                   X = TORNADO
MAX 32 OR BELOW:   0    0.01 INCH OR MORE:   8
MAX 90 OR ABOVE:   0    0.10 INCH OR MORE:   5
MIN 32 OR BELOW:   5    0.50 INCH OR MORE:   3
MIN  0 OR BELOW:   0    1.00 INCH OR MORE:   1

[HDD (BASE 65) ]
TOTAL THIS MO.   444    CLEAR  (SCALE 0-3)   4
DPTR FM NORMAL    38    PTCLDY (SCALE 4-7)  15
TOTAL FM JUL 1   546    CLOUDY (SCALE 8-10)  8
DPTR FM NORMAL   -89

[CDD (BASE 65) ]
TOTAL THIS MO.     0
DPTR FM NORMAL     0    [PRESSURE DATA]
TOTAL FM JAN 1  1712    HIGHEST SLP M ON M
DPTR FM NORMAL   165    LOWEST  SLP 29.56 ON 17

[REMARKS]
