000
CXUS54 KHUN 241015
CF6DCU
PRELIMINARY LOCAL CLIMATOLOGICAL DATA (WS FORM: F-6)

                                          STATION:   DECATUR
                                          MONTH:     SEPTEMBER
                                          YEAR:      2017
                                          LATITUDE:   34 39 N
                                          LONGITUDE:  86 56 W

  TEMPERATURE IN F:       :PCPN:    SNOW:  WIND      :SUNSHINE: SKY     :PK WND
================================================================================
1   2   3   4   5  6A  6B    7    8   9   10  11  12  13   14  15   16   17  18
                                     12Z  AVG MX 2MIN
DY MAX MIN AVG DEP HDD CDD  WTR  SNW DPTH SPD SPD DIR MIN PSBL S-S WX    SPD DR
================================================================================

 1  73  62  68  -9   0   3 0.02  0.0    0 14.8 29 180   M    M   9 1      43 170
 2  80  54  67 -10   0   2 0.00  0.0    0  3.9 15 280   M    M   0 1      19 290
 3  85  56  71  -5   0   6 0.00  0.0    0  1.5  8 320   M    M   1 12     13 230
 4  85  58  72  -4   0   7 0.00  0.0    0  3.0 12 230   M    M   0 12     14 250
 5  86  63  75  -1   0  10 0.02  0.0    0  6.8 22 340   M    M   5 13     31 340
 6  74  50  62 -14   3   0 0.00  0.0    0  5.8 18 320   M    M   1 1      22 330
 7  75  45  60 -15   5   0 0.00  0.0    0  3.9 13 260   M    M   0 1      18 300
 8  77  47  62 -13   3   0 0.00  0.0    0  5.4 13  40   M    M   0        18  60
 9  81  51  66  -9   0   1 0.00  0.0    0  5.7 14  20   M    M   1        17  20
10  80  56  68  -6   0   3 0.00  0.0    0  6.5 15  80   M    M   1        20 100
11  63  57  60 -14   5   0 1.58  0.0    0 10.3 23 350   M    M   6 1      33  10
12  64  58  61 -13   4   0 0.12  0.0    0  9.6 18 160   M    M  10 1      22  10
13  65  57  61 -13   4   0 0.01  0.0    0  8.7 16 180   M    M   9 1      21 180
14  81  59  70  -3   0   5 0.00  0.0    0  2.1  9 160   M    M   5 12     13 150
15  86  58  72  -1   0   7 0.00  0.0    0  3.0 12 150   M    M   1 12     13 160
16  83  61  72   0   0   7 0.00  0.0    0  3.5 12 150   M    M   4 1      16 160
17  87  65  76   4   0  11 0.01  0.0    0  1.9  9 100   M    M   4 1      13 100
18  89  63  76   4   0  11 0.00  0.0    0  1.6  7 260   M    M   4 12     11 290
19  86  64  75   4   0  10 1.36  0.0    0  4.2 35 340   M    M   1 13     43 350
20  89  63  76   5   0  11 0.00  0.0    0  2.4  8  60   M    M   0 1      17  80
21  90  65  78   8   0  13 0.00  0.0    0  2.9 15 300   M    M   1 1      18 300
22  90  64  77   7   0  12 0.00  0.0    0  1.2  7 200   M    M   2 12     11  80
23  92  64  78   8   0  13    T  0.0    0  1.8  9  90   M    M   1 13     14  80
================================================================================
SM 1861 1340        24 132  3.12     0.0 110.5          M       66
================================================================================
AV 80.9 58.3                               4.8 FASTST   M    M   3    MAX(MPH)
                                 MISC ---->  # 35 340               # 43  170
================================================================================
NOTES:
# LAST OF SEVERAL OCCURRENCES

COLUMN 17 PEAK WIND IN M.P.H.

PRELIMINARY LOCAL CLIMATOLOGICAL DATA (WS FORM: F-6) , PAGE 2

                                          STATION:  DECATUR
                                          MONTH:    SEPTEMBER
                                          YEAR:     2017
                                          LATITUDE:   34 39 N
                                          LONGITUDE:  86 56 W

[TEMPERATURE DATA]      [PRECIPITATION DATA]       SYMBOLS USED IN COLUMN 16

AVERAGE MONTHLY: 69.6   TOTAL FOR MONTH:   3.12    1 = FOG OR MIST
DPTR FM NORMAL:  -4.0   DPTR FM NORMAL:    0.34    2 = FOG REDUCING VISIBILITY
HIGHEST:    92 ON 23    GRTST 24HR  1.58 ON 11-11      TO 1/4 MILE OR LESS
LOWEST:     45 ON  7                               3 = THUNDER
                        SNOW, ICE PELLETS, HAIL    4 = ICE PELLETS
                        TOTAL MONTH:   0.0 INCH    5 = HAIL
                        GRTST 24HR     0.0         6 = FREEZING RAIN OR DRIZZLE
                        GRTST DEPTH:   0           7 = DUSTSTORM OR SANDSTORM:
                                                       VSBY 1/2 MILE OR LESS
                                                   8 = SMOKE OR HAZE
[NO. OF DAYS WITH]      [WEATHER - DAYS WITH]      9 = BLOWING SNOW
                                                   X = TORNADO
MAX 32 OR BELOW:   0    0.01 INCH OR MORE:   7
MAX 90 OR ABOVE:   3    0.10 INCH OR MORE:   3
MIN 32 OR BELOW:   0    0.50 INCH OR MORE:   2
MIN  0 OR BELOW:   0    1.00 INCH OR MORE:   2

[HDD (BASE 65) ]
TOTAL THIS MO.    24    CLEAR  (SCALE 0-3)  14
DPTR FM NORMAL    20    PTCLDY (SCALE 4-7)   6
TOTAL FM JUL 1    81    CLOUDY (SCALE 8-10)  3
DPTR FM NORMAL    77

[CDD (BASE 65) ]
TOTAL THIS MO.   132
DPTR FM NORMAL   -71    [PRESSURE DATA]
TOTAL FM JAN 1  1569    HIGHEST SLP M ON M
DPTR FM NORMAL   -86    LOWEST  SLP 29.56 ON 12

[REMARKS]
