000
CXUS55 KALY 270710
CF6DDH
PRELIMINARY LOCAL CLIMATOLOGICAL DATA (WS FORM: F-6)

                                          STATION:   BENNINGTON VT
                                          MONTH:     APRIL
                                          YEAR:      2017
                                          LATITUDE:   42 53 N
                                          LONGITUDE:  73 15 W

  TEMPERATURE IN F:       :PCPN:    SNOW:  WIND      :SUNSHINE: SKY     :PK WND
================================================================================
1   2   3   4   5  6A  6B    7    8   9   10  11  12  13   14  15   16   17  18
                                     12Z  AVG MX 2MIN
DY MAX MIN AVG DEP HDD CDD  WTR  SNW DPTH SPD SPD DIR MIN PSBL S-S WX    SPD DR
================================================================================

 1  40  33  37  -3  28   0 0.09    M    M  3.7 14  90   M    M  10 16     22 110
 2  55  31  43   3  22   0    T    M    M  4.1 15 310   M    M   6 1      20 310
 3  59  27  43   3  22   0 0.00    M    M  3.5 18 130   M    M   1        24 130
 4  51  39  45   4  20   0 0.86    M    M 14.4 36 150   M    M  10 1      47 140
 5  52  39  46   5  19   0    T    M    M  4.1 15 250   M    M  10 1      20 240
 6  45  39  42   0  23   0 0.23    M    M 13.8 26 130   M    M   7 1      38 110
 7  48  34  41  -1  24   0 0.23    M    M  9.3 18 180   M    M  10 1      25 190
 8  48  31  40  -3  25   0 0.00    M    M 10.6 21 280   M    M   7        30 280
 9  65  24  45   2  20   0 0.00    M    M  3.6 12 330   M    M   0        19 270
10  82  38  60  16   5   0 0.00    M    M  6.2 18 210   M    M   0        24 200
11  85  46  66  22   0   1 0.00    M    M  4.4 23 340   M    M   1        35 340
12  58  45  52   8  13   0 0.21    M    M  6.6 18 290   M    M   7 1      26 280
13  55  31  43  -2  22   0 0.00    M    M  7.7 17 320   M    M   5        24 320
14  61  28  45   0  20   0 0.00    M    M  3.7 13 330   M    M   0        18 290
15  71  29  50   4  15   0    T    M    M  7.3 20 190   M    M   4        27 180
16  84  50  67  21   0   2 0.04    M    M  8.2 26 250   M    M   3        36 290
17  65  45  55   9  10   0 0.00    M    M  8.9 23 290   M    M   5        36 280
18  57  32  45  -2  20   0    T    M    M  4.8 22 130   M    M   1        28 130
19  56  41  49   2  16   0 0.09    M    M  9.8 25 180   M    M   7        35 140
20  61  45  53   6  12   0 0.04    M    M  4.6 17 130   M    M   8        24 120
21  53  47  50   2  15   0 0.41    M    M  7.5 20 130   M    M  10 18     28 140
22  53  42  48   0  17   0    T    M    M  4.7 13 270   M    M  10 18     18 320
23  66  36  51   3  14   0 0.00    M    M  3.2 10 200   M    M   1        15 200
24  73  32  53   4  12   0 0.00    M    M  2.4 10 270   M    M   0        13 350
25  55  42  49   0  16   0 0.13    M    M  7.8 22 130   M    M   9        32 130
26  70  50  60  10   5   0 0.02    M    M  8.1 15 110   M    M   8 1      23 100
================================================================================
SM 1568  976       415   3  2.35    M    173.0          M      140
================================================================================
AV 60.3 37.5                               6.7 FASTST   M    M   5    MAX(MPH)
                                 MISC ---->  # 36 150               # 47  140
================================================================================
NOTES:
# LAST OF SEVERAL OCCURRENCES

COLUMN 17 PEAK WIND IN M.P.H.

PRELIMINARY LOCAL CLIMATOLOGICAL DATA (WS FORM: F-6) , PAGE 2

                                          STATION:  BENNINGTON VT
                                          MONTH:    APRIL
                                          YEAR:     2017
                                          LATITUDE:   42 53 N
                                          LONGITUDE:  73 15 W

[TEMPERATURE DATA]      [PRECIPITATION DATA]       SYMBOLS USED IN COLUMN 16

AVERAGE MONTHLY: 48.9   TOTAL FOR MONTH:   2.35    1 = FOG OR MIST
DPTR FM NORMAL:   4.1   DPTR FM NORMAL:   -0.48    2 = FOG REDUCING VISIBILITY
HIGHEST:    85 ON 11    GRTST 24HR  1.02 ON 31- 1      TO 1/4 MILE OR LESS
LOWEST:     24 ON  9                               3 = THUNDER
                        SNOW, ICE PELLETS, HAIL    4 = ICE PELLETS
                        TOTAL MONTH:    M          5 = HAIL
                        GRTST 24HR    M  ON   M    6 = FREEZING RAIN OR DRIZZLE
                        GRTST DEPTH:  M  ON   M    7 = DUSTSTORM OR SANDSTORM:
                                                       VSBY 1/2 MILE OR LESS
                                                   8 = SMOKE OR HAZE
[NO. OF DAYS WITH]      [WEATHER - DAYS WITH]      9 = BLOWING SNOW
                                                   X = TORNADO
MAX 32 OR BELOW:   0    0.01 INCH OR MORE:  11
MAX 90 OR ABOVE:   0    0.10 INCH OR MORE:   6
MIN 32 OR BELOW:   9    0.50 INCH OR MORE:   1
MIN  0 OR BELOW:   0    1.00 INCH OR MORE:   0

[HDD (BASE 65) ]
TOTAL THIS MO.   415    CLEAR  (SCALE 0-3)   8
DPTR FM NORMAL  -113    PTCLDY (SCALE 4-7)  10
TOTAL FM JUL 1  6056    CLOUDY (SCALE 8-10)  8
DPTR FM NORMAL  -707

[CDD (BASE 65) ]
TOTAL THIS MO.     3
DPTR FM NORMAL     3    [PRESSURE DATA]
TOTAL FM JAN 1     3    HIGHEST SLP M ON M
DPTR FM NORMAL     3    LOWEST  SLP 29.14 ON  6

[REMARKS]
