000
CXUS53 KARX 220930
CF6DEH
PRELIMINARY LOCAL CLIMATOLOGICAL DATA (WS FORM: F-6)

                                          STATION:   DECORAH IA
                                          MONTH:     SEPTEMBER
                                          YEAR:      2014
                                          LATITUDE:   43 16 N
                                          LONGITUDE:  91 44 W

  TEMPERATURE IN F:       :PCPN:    SNOW:  WIND      :SUNSHINE: SKY     :PK WND
================================================================================
1   2   3   4   5  6A  6B    7    8   9   10  11  12  13   14  15   16   17  18
                                     12Z  AVG MX 2MIN
DY MAX MIN AVG DEP HDD CDD  WTR  SNW DPTH SPD SPD DIR MIN PSBL S-S WX    SPD DR
================================================================================

 1  75  61  68   M   0   3 0.30  0.0    0  6.0 15 140   M    M   5 1      24 140
 2  75  57  66   M   0   1 0.06  0.0    0  3.5 10 280   M    M   1 18     14  99
 3  82  57  70   M   0   5 0.00  0.0    0  8.1 17 160   M    M   2        27 160
 4  86  72  79   M   0  14 0.00  0.0    0  9.0 14 170   M    M   7        28 180
 5  75  52  64   M   1   0 0.01  0.0    0  6.6 13 310   M    M   3        20 310
 6  73  48  61   M   4   0 0.00  0.0    0  3.6 10 330   M    M   0        17  99
 7  73  54  64   M   1   0 0.00  0.0    0  3.1  7  99   M    M   1        15  99
 8  70  54  62   M   3   0 0.01  0.0    0  7.0 12 170   M    M   3        21 170
 9  75  63  69   M   0   4 0.00  0.0    0  7.0 10 150   M    M   9        16 150
10  68  46  57   M   8   0 0.10  0.0    0 11.2 20 340   M    M  10 1      29 330
11  55  41  48   M  17   0 0.00  0.0    0  8.2 14 360   M    M   7        21 360
12  48  39  44   M  21   0 0.22  0.0    0  2.0 10 360   M    M   7         M  M
13  57  34  46   M  19   0 0.00  0.0    0  3.4  9 190   M    M   2 1       M  M
14  68  43  56   M   9   0 0.00  0.0    0  6.7 14 210   M    M   5        20 210
15  59  41  50   M  15   0 0.33  0.0    0  4.3 10 360   M    M   7        15  10
16  64  36  50   M  15   0 0.00  0.0    0  2.1  9 240   M    M   0        13  99
17  70  45  58   M   7   0 0.00  0.0    0  1.8  7 160   M    M   3         M  M
18  70  46  58   M   7   0 0.00  0.0    0  4.7  9 140   M    M   2 1      15 140
19  73  52  63   M   2   0 0.00  0.0    0 11.6 21 180   M    M   1 1      33 190
20  77  54  66   M   0   1 1.17  0.0    0  8.2 21 170   M    M   3 1      45 290
21  64  48  56   M   9   0 0.00  0.0    0  9.9 18 330   M    M   5        28 330
================================================================================
SM 1457 1043       138  28  2.20     0.0 128.0          M       83
================================================================================
AV 69.4 49.7                               6.1 FASTST   M    M   4    MAX(MPH)
                                 MISC ---->    21   M                 45    M
================================================================================
NOTES:
# LAST OF SEVERAL OCCURRENCES

COLUMN 17 PEAK WIND IN M.P.H.

PRELIMINARY LOCAL CLIMATOLOGICAL DATA (WS FORM: F-6) , PAGE 2

                                          STATION:  DECORAH IA
                                          MONTH:    SEPTEMBER
                                          YEAR:     2014
                                          LATITUDE:   43 16 N
                                          LONGITUDE:  91 44 W

[TEMPERATURE DATA]      [PRECIPITATION DATA]       SYMBOLS USED IN COLUMN 16

AVERAGE MONTHLY: 59.5   TOTAL FOR MONTH:   2.20    1 = FOG OR MIST
DPTR FM NORMAL:     M   DPTR FM NORMAL:       M    2 = FOG REDUCING VISIBILITY
HIGHEST:    86 ON  4    GRTST 24HR  1.17 ON 20-20      TO 1/4 MILE OR LESS
LOWEST:     34 ON 13                               3 = THUNDER
                        SNOW, ICE PELLETS, HAIL    4 = ICE PELLETS
                        TOTAL MONTH:   0.0 INCH    5 = HAIL
                        GRTST 24HR     0.0         6 = FREEZING RAIN OR DRIZZLE
                        GRTST DEPTH:   0           7 = DUSTSTORM OR SANDSTORM:
                                                       VSBY 1/2 MILE OR LESS
                                                   8 = SMOKE OR HAZE
[NO. OF DAYS WITH]      [WEATHER - DAYS WITH]      9 = BLOWING SNOW
                                                   X = TORNADO
MAX 32 OR BELOW:   0    0.01 INCH OR MORE:   8
MAX 90 OR ABOVE:   0    0.10 INCH OR MORE:   5
MIN 32 OR BELOW:   0    0.50 INCH OR MORE:   1
MIN  0 OR BELOW:   0    1.00 INCH OR MORE:   1

[HDD (BASE 65) ]
TOTAL THIS MO.   138    CLEAR  (SCALE 0-3)   9
DPTR FM NORMAL     M    PTCLDY (SCALE 4-7)  10
TOTAL FM JUL 1   159    CLOUDY (SCALE 8-10)  2
DPTR FM NORMAL     M

[CDD (BASE 65) ]
TOTAL THIS MO.    28
DPTR FM NORMAL     M    [PRESSURE DATA]
TOTAL FM JAN 1   432    HIGHEST SLP M ON M
DPTR FM NORMAL     M    LOWEST  SLP M ON M

[REMARKS]
