000
CXUS53 KARX 210930
CF6DEH
PRELIMINARY LOCAL CLIMATOLOGICAL DATA (WS FORM: F-6)

                                          STATION:   DECORAH IA
                                          MONTH:     JULY
                                          YEAR:      2017
                                          LATITUDE:   43 16 N
                                          LONGITUDE:  91 44 W

  TEMPERATURE IN F:       :PCPN:    SNOW:  WIND      :SUNSHINE: SKY     :PK WND
================================================================================
1   2   3   4   5  6A  6B    7    8   9   10  11  12  13   14  15   16   17  18
                                     12Z  AVG MX 2MIN
DY MAX MIN AVG DEP HDD CDD  WTR  SNW DPTH SPD SPD DIR MIN PSBL S-S WX    SPD DR
================================================================================

 1  73  59  66   M   0   1 0.00  0.0    0  4.8 10 290   M    M   1        21 320
 2  82  61  72   M   0   7 0.00  0.0    0  5.0 12 360   M    M   3        16  99
 3  81  61  71   M   0   6 0.00  0.0    0  6.6 12 100   M    M   4        14 100
 4  82  63  73   M   0   8 0.00  0.0    0  6.3 10 150   M    M   3        14 130
 5  86  68  77   M   0  12 0.00  0.0    0  4.5  8 160   M    M   3 1      15 150
 6  88  68  78   M   0  13 0.00  0.0    0  4.8 10 220   M    M   2        20 220
 7  81  63  72   M   0   7 0.00  0.0    0  8.8 17 330   M    M   2        24 340
 8  79  55  67   M   0   2 0.00  0.0    0  2.4  8 330   M    M   2        14  99
 9  81  63  72   M   0   7 0.22  0.0    0  2.3  7 190   M    M   2 3      14 180
10  82  64  73   M   0   8 0.32  0.0    0  4.3 13 190   M    M   6 1      20 190
11  79  64  72   M   0   7 0.00  0.0    0  3.8 12 130   M    M   5 1      20 150
12  88  68  78   M   0  13 0.00  0.0    0  6.9 14 140   M    M   7        21 140
13  75  55  65   M   0   0 0.00  0.0    0  7.3 14 340   M    M   5        21 330
14  72  55  64   M   1   0 0.00  0.0    0  5.6 10 350   M    M   8        18 360
15  84  57  71   M   0   6 0.00  0.0    0  4.7  8 240   M    M   3        18 240
16  81  68  75   M   0  10 0.00  0.0    0  6.3 12  60   M    M   2        12  99
17  81  61  71   M   0   6 0.00  0.0    0  6.4 10 170   M    M   2 1      15  99
18  86  66  76   M   0  11 0.40  0.0    0  5.9 13 220   M    M   3 1      17 190
19  84  66  75   M   0  10 0.88  0.0    0  5.7  9 140   M    M   5 1      15 140
20  86  68  77   M   0  12 0.08  0.0    0  5.6 14  90   M    M   6 1      22  90
================================================================================
SM 1631 1253         1 146  1.90     0.0 108.0          M       74
================================================================================
AV 81.6 62.7                               5.4 FASTST   M    M   4    MAX(MPH)
                                 MISC ---->  # 17 330               # 24  340
================================================================================
NOTES:
# LAST OF SEVERAL OCCURRENCES

COLUMN 17 PEAK WIND IN M.P.H.

PRELIMINARY LOCAL CLIMATOLOGICAL DATA (WS FORM: F-6) , PAGE 2

                                          STATION:  DECORAH IA
                                          MONTH:    JULY
                                          YEAR:     2017
                                          LATITUDE:   43 16 N
                                          LONGITUDE:  91 44 W

[TEMPERATURE DATA]      [PRECIPITATION DATA]       SYMBOLS USED IN COLUMN 16

AVERAGE MONTHLY: 72.1   TOTAL FOR MONTH:   1.90    1 = FOG OR MIST
DPTR FM NORMAL:     M   DPTR FM NORMAL:       M    2 = FOG REDUCING VISIBILITY
HIGHEST:    88 ON 12, 6 GRTST 24HR  0.88 ON 19-19      TO 1/4 MILE OR LESS
LOWEST:     55 ON 14,13                            3 = THUNDER
                        SNOW, ICE PELLETS, HAIL    4 = ICE PELLETS
                        TOTAL MONTH:   0.0 INCH    5 = HAIL
                        GRTST 24HR     0.0         6 = FREEZING RAIN OR DRIZZLE
                        GRTST DEPTH:   0           7 = DUSTSTORM OR SANDSTORM:
                                                       VSBY 1/2 MILE OR LESS
                                                   8 = SMOKE OR HAZE
[NO. OF DAYS WITH]      [WEATHER - DAYS WITH]      9 = BLOWING SNOW
                                                   X = TORNADO
MAX 32 OR BELOW:   0    0.01 INCH OR MORE:   5
MAX 90 OR ABOVE:   0    0.10 INCH OR MORE:   4
MIN 32 OR BELOW:   0    0.50 INCH OR MORE:   1
MIN  0 OR BELOW:   0    1.00 INCH OR MORE:   0

[HDD (BASE 65) ]
TOTAL THIS MO.     1    CLEAR  (SCALE 0-3)  10
DPTR FM NORMAL     M    PTCLDY (SCALE 4-7)  10
TOTAL FM JUL 1     1    CLOUDY (SCALE 8-10)  0
DPTR FM NORMAL     M

[CDD (BASE 65) ]
TOTAL THIS MO.   146
DPTR FM NORMAL     M    [PRESSURE DATA]
TOTAL FM JAN 1   321    HIGHEST SLP M ON M
DPTR FM NORMAL     M    LOWEST  SLP M ON M

[REMARKS]
