000
CXUS53 KARX 290930
CF6DEH
PRELIMINARY LOCAL CLIMATOLOGICAL DATA (WS FORM: F-6)

                                          STATION:   DECORAH IA
                                          MONTH:     MAY
                                          YEAR:      2015
                                          LATITUDE:   43 16 N
                                          LONGITUDE:  91 44 W

  TEMPERATURE IN F:       :PCPN:    SNOW:  WIND      :SUNSHINE: SKY     :PK WND
================================================================================
1   2   3   4   5  6A  6B    7    8   9   10  11  12  13   14  15   16   17  18
                                     12Z  AVG MX 2MIN
DY MAX MIN AVG DEP HDD CDD  WTR  SNW DPTH SPD SPD DIR MIN PSBL S-S WX    SPD DR
================================================================================

 1  64  43  54   M  11   0 0.00  0.0    0  4.8 10 200   M    M   4        20 200
 2  77  50  64   M   1   0 0.00  0.0    0  9.4 17 180   M    M   3        29 180
 3  82  57  70   M   0   5 0.53  0.0    0  9.2 13 320   M    M   4        36 320
 4  70  55  63   M   2   0    M  0.0    0  6.3 13  20   M    M   5 1      22  20
 5  61  52  57   M   8   0    M  0.0    0 11.7 20 100   M    M  10 12     24 100
 6  75  54  65   M   0   0 0.03  0.0    0 10.2 17 180   M    M   7 12     27 150
 7  77  63  70   M   0   5 0.11  0.0    0 13.6 20 170   M    M   4        33 170
 8  66  54  60   M   5   0 0.00  0.0    0  7.6 13 330   M    M  10 1      14 300
 9  64  54  59   M   6   0 0.00  0.0    0  6.6 13  80   M    M  10         M  M
10  61  54  58   M   7   0 0.14  0.0    0 13.1 17  90   M    M  10 1      31 120
11  57  43  50   M  15   0 0.52  0.0    0 11.1 17 240   M    M  10 1      25 230
12  55  41  48   M  17   0    T  0.0    0 10.6 17 310   M    M   6        28 310
13  64  39  52   M  13   0 0.00  0.0    0  8.2 13 150   M    M   1        20 150
14  61  46  54   M  11   0 0.13  0.0    0 10.5 18 160   M    M   6 1      29 160
15  72  57  65   M   0   0 0.00  0.0    0  4.8  9 320   M    M   8 1      16 320
16  77  59  68   M   0   3 0.37  0.0    0  7.0 10 140   M    M   7 13     18 150
17  75  59  67   M   0   2 0.06  0.0    0 12.4 20 210   M    M   7        31 210
18  59  39  49   M  16   0 0.00  0.0    0 11.7 15 280   M    M  10 1      30 290
19  52  39  46   M  19   0 0.00  0.0    0  9.6 18 330   M    M   6        23 340
20  52  41  47   M  18   0 0.00  0.0    0  2.8  7  99   M    M   7        12  99
21  72  41  57   M   8   0 0.00  0.0    0  6.4 14 340   M    M   0        25 310
22  73  45  59   M   6   0 0.00  0.0    0  2.3  6 350   M    M   0         M  M
23  77  54  66   M   0   1 0.00  0.0    0  5.0 12 190   M    M   4        18 190
24  63  57  60   M   5   0 0.42  0.0    0  9.4 16 110   M    M   9 1      27 110
25  77  63  70   M   0   5 0.14  0.0    0  9.1 15 220   M    M   8 1      28 200
26  64  59  62   M   3   0 0.86  0.0    0  5.2 13 240   M    M   7 1      23 240
27  79  57  68   M   0   3 0.00  0.0    0  4.5  9 250   M    M   4 1      21  99
28  79  63  71   M   0   6 0.00  0.0    0  7.5 16 170   M    M   3        22 170
================================================================================
SM 1905 1438       171  30  3.31     0.0 230.6          M      170
================================================================================
AV 68.0 51.4                               8.2 FASTST   M    M   6    MAX(MPH)
                                 MISC ---->    20   M                 36    M
================================================================================
NOTES:
# LAST OF SEVERAL OCCURRENCES

COLUMN 17 PEAK WIND IN M.P.H.

PRELIMINARY LOCAL CLIMATOLOGICAL DATA (WS FORM: F-6) , PAGE 2

                                          STATION:  DECORAH IA
                                          MONTH:    MAY
                                          YEAR:     2015
                                          LATITUDE:   43 16 N
                                          LONGITUDE:  91 44 W

[TEMPERATURE DATA]      [PRECIPITATION DATA]       SYMBOLS USED IN COLUMN 16

AVERAGE MONTHLY: 59.7   TOTAL FOR MONTH:   3.31    1 = FOG OR MIST
DPTR FM NORMAL:     M   DPTR FM NORMAL:       M    2 = FOG REDUCING VISIBILITY
HIGHEST:    82 ON  3    GRTST 24HR  0.86 ON 26-26      TO 1/4 MILE OR LESS
LOWEST:     39 ON 19,18                            3 = THUNDER
                        SNOW, ICE PELLETS, HAIL    4 = ICE PELLETS
                        TOTAL MONTH:   0.0 INCH    5 = HAIL
                        GRTST 24HR     0.0         6 = FREEZING RAIN OR DRIZZLE
                        GRTST DEPTH:   0           7 = DUSTSTORM OR SANDSTORM:
                                                       VSBY 1/2 MILE OR LESS
                                                   8 = SMOKE OR HAZE
[NO. OF DAYS WITH]      [WEATHER - DAYS WITH]      9 = BLOWING SNOW
                                                   X = TORNADO
MAX 32 OR BELOW:   0    0.01 INCH OR MORE:  11
MAX 90 OR ABOVE:   0    0.10 INCH OR MORE:   9
MIN 32 OR BELOW:   0    0.50 INCH OR MORE:   3
MIN  0 OR BELOW:   0    1.00 INCH OR MORE:   0

[HDD (BASE 65) ]
TOTAL THIS MO.   171    CLEAR  (SCALE 0-3)   4
DPTR FM NORMAL     M    PTCLDY (SCALE 4-7)  16
TOTAL FM JUL 1  7479    CLOUDY (SCALE 8-10)  8
DPTR FM NORMAL     M

[CDD (BASE 65) ]
TOTAL THIS MO.    30
DPTR FM NORMAL     M    [PRESSURE DATA]
TOTAL FM JAN 1    30    HIGHEST SLP M ON M
DPTR FM NORMAL     M    LOWEST  SLP M ON M

[REMARKS]
