000
CXUS54 KFWD 010730
CF6DFW
PRELIMINARY LOCAL CLIMATOLOGICAL DATA (WS FORM: F-6)

                                          STATION:   DALLAS FORT WORTH
                                          MONTH:     JANUARY
                                          YEAR:      2015
                                          LATITUDE:   32 54 N
                                          LONGITUDE:  97  2 W

  TEMPERATURE IN F:       :PCPN:    SNOW:  WIND      :SUNSHINE: SKY     :PK WND
================================================================================
1   2   3   4   5  6A  6B    7    8   9   10  11  12  13   14  15   16   17  18
                                     12Z  AVG MX 2MIN
DY MAX MIN AVG DEP HDD CDD  WTR  SNW DPTH SPD SPD DIR MIN PSBL S-S WX    SPD DR
================================================================================

 1  36  31  34 -11  31   0 0.59    T    0  6.2 10 350   M    M  10 146    12  50
 2  40  36  38  -7  27   0 0.37  0.0    0  9.1 15 300   M    M  10 13     19 290
 3  54  38  46   1  19   0 0.33  0.0    0  8.6 15 290   M    M   6 13     18 270
 4  42  28  35 -10  30   0 0.00  0.0    0 16.0 30 340   M    M   2        35 350
 5  46  21  34 -11  31   0 0.00  0.0    0  8.7 20 190   M    M   5        24 190
 6  58  30  44  -1  21   0 0.00  0.0    0  7.2 17 190   M    M   4        20 190
 7  40  22  31 -14  34   0 0.00  0.0    0 20.8 36  20   M    M   3        43  10
 8  38  16  27 -19  38   0 0.00  0.0    0  9.9 23 180   M    M   3        29 190
 9  39  27  33 -13  32   0 0.00  0.0    0 11.3 22  20   M    M   8        26  40
10  38  31  35 -11  30   0 0.05  0.0    0  8.1 15 180   M    M  10 1      18 180
11  42  33  38  -8  27   0 0.37  0.0    0  6.3 13 130   M    M  10 1      15 140
12  44  35  40  -6  25   0    T  0.0    0 14.0 23 360   M    M  10 18     27 360
13  39  31  35 -11  30   0    T  0.0    0 10.1 18 350   M    M  10 1      23 360
14  41  36  39  -7  26   0 0.00  0.0    0  7.9 13 340   M    M  10        14 340
15  56  34  45  -1  20   0 0.00  0.0    0  7.0 16 340   M    M   3        18 320
16  63  31  47   1  18   0 0.00  0.0    0  7.2 16 190   M    M   6        20 200
17  68  39  54   8  11   0 0.00  0.0    0 13.2 25 340   M    M   1        30 350
18  70  33  52   6  13   0 0.00  0.0    0  9.1 20 200   M    M   2        24 210
19  69  38  54   8  11   0 0.00  0.0    0  6.5 16 200   M    M   2        18 200
20  70  39  55   9  10   0 0.00  0.0    0  8.0 22  10   M    M   2        27  10
21  61  40  51   5  14   0 0.32  0.0    0 10.5 16  60   M    M   8 1      21  40
22  47  36  42  -4  23   0 1.05  0.0    0 16.2 30  40   M    M  10 1      36  40
23  52  38  45  -1  20   0 0.00  0.0    0 11.1 23 330   M    M   7        28 330
24  60  33  47   1  18   0 0.00  0.0    0  8.3 14 320   M    M   4        16 310
25  64  41  53   7  12   0 0.00  0.0    0 15.0 33 320   M    M   1        39 310
26  72  34  53   6  12   0 0.00  0.0    0  7.6 14 230   M    M   2        17 260
27  78  41  60  13   5   0 0.00  0.0    0  3.6 10 200   M    M   3        13 200
28  80  47  64  17   1   0 0.00  0.0    0 12.6 24 190   M    M   3        30 190
29  69  49  59  12   6   0 0.00  0.0    0 14.8 24 360   M    M   7        31 350
30  57  40  49   2  16   0 0.00  0.0    0  8.5 16  20   M    M   8        21  20
31  54  47  51   4  14   0 0.54    M    0 10.8 18 130   M    M  10 1      22 160
================================================================================
SM 1687 1075       625   0  3.62    T    314.2          M      180
================================================================================
AV 54.4 34.7                              10.1 FASTST   M    M   6    MAX(MPH)
                                 MISC ---->  # 36  20               # 43   10
================================================================================
NOTES:
# LAST OF SEVERAL OCCURRENCES

COLUMN 17 PEAK WIND IN M.P.H.

PRELIMINARY LOCAL CLIMATOLOGICAL DATA (WS FORM: F-6) , PAGE 2

                                          STATION:  DALLAS FORT WORTH
                                          MONTH:    JANUARY
                                          YEAR:     2015
                                          LATITUDE:   32 54 N
                                          LONGITUDE:  97  2 W

[TEMPERATURE DATA]      [PRECIPITATION DATA]       SYMBOLS USED IN COLUMN 16

AVERAGE MONTHLY: 44.5   TOTAL FOR MONTH:   3.62    1 = FOG OR MIST
DPTR FM NORMAL:  -1.4   DPTR FM NORMAL:    1.49    2 = FOG REDUCING VISIBILITY
HIGHEST:    80 ON 28    GRTST 24HR  1.37 ON 21-22      TO 1/4 MILE OR LESS
LOWEST:     16 ON  8                               3 = THUNDER
                        SNOW, ICE PELLETS, HAIL    4 = ICE PELLETS
                        TOTAL MONTH:    T          5 = HAIL
                        GRTST 24HR    T  ON  1- 1  6 = FREEZING RAIN OR DRIZZLE
                        GRTST DEPTH:   0           7 = DUSTSTORM OR SANDSTORM:
                                                       VSBY 1/2 MILE OR LESS
                                                   8 = SMOKE OR HAZE
[NO. OF DAYS WITH]      [WEATHER - DAYS WITH]      9 = BLOWING SNOW
                                                   X = TORNADO
MAX 32 OR BELOW:   0    0.01 INCH OR MORE:   8
MAX 90 OR ABOVE:   0    0.10 INCH OR MORE:   7
MIN 32 OR BELOW:  10    0.50 INCH OR MORE:   3
MIN  0 OR BELOW:   0    1.00 INCH OR MORE:   1

[HDD (BASE 65) ]
TOTAL THIS MO.   625    CLEAR  (SCALE 0-3)  10
DPTR FM NORMAL    32    PTCLDY (SCALE 4-7)  11
TOTAL FM JUL 1  1499    CLOUDY (SCALE 8-10) 10
DPTR FM NORMAL    -6

[CDD (BASE 65) ]
TOTAL THIS MO.     0
DPTR FM NORMAL    -2    [PRESSURE DATA]
TOTAL FM JAN 1     0    HIGHEST SLP M ON M
DPTR FM NORMAL     0    LOWEST  SLP 29.40 ON 31

[REMARKS]
#FINAL-01-15#
