000
CXUS53 KBIS 250731
CF6DIK
PRELIMINARY LOCAL CLIMATOLOGICAL DATA (WS FORM: F-6)

                                          STATION:   DICKINSON ND
                                          MONTH:     SEPTEMBER
                                          YEAR:      2016
                                          LATITUDE:   46 47 N
                                          LONGITUDE: 102 48 W

  TEMPERATURE IN F:       :PCPN:    SNOW:  WIND      :SUNSHINE: SKY     :PK WND
================================================================================
1   2   3   4   5  6A  6B    7    8   9   10  11  12  13   14  15   16   17  18
                                     12Z  AVG MX 2MIN
DY MAX MIN AVG DEP HDD CDD  WTR  SNW DPTH SPD SPD DIR MIN PSBL S-S WX    SPD DR
================================================================================

 1  87  60  74  10   0   9 0.00    M    M 22.3 38 160   M    M   0        47 140
 2  85  60  73  10   0   8    T    M    M 17.6 30 150   M    M   0        38 160
 3  82  52  67   4   0   2 0.00    M    M 11.8 23  40   M    M   0        29  30
 4  62  52  57  -5   8   0 0.39    M    M 11.6 31 280   M    M  10 13     37 280
 5  59  44  52 -10  13   0    T    M    M  7.3 16  70   M    M   9 12     21  40
 6  71  46  59  -3   6   0 0.00    M    M  7.6 14 160   M    M   4 1      22 240
 7  67  49  58  -3   7   0 0.65    M    M 12.0 25 300   M    M   4 13     36 290
 8  72  47  60  -1   5   0 0.01    M    M  9.8 16 210   M    M   2 3      22 270
 9  63  44  54  -6  11   0 0.10    M    M 14.2 28 300   M    M   4 13     36 310
10  75  40  58  -2   7   0 0.00    M    M  9.8 21 260   M    M   0        27 210
11  85  49  67   8   0   2 0.00    M    M 13.2 30 310   M    M   0        37 340
12  53  41  47 -12  18   0 0.00    M    M 12.9 18 330   M    M   8        27 330
13  56  40  48 -10  17   0 0.00    M    M  6.0 13 180   M    M   7        15 200
14  73  47  60   2   5   0 0.00    M    M 15.7 25 150   M    M   3        39 160
15  57  51  54  -3  11   0 0.53    M    M 11.0 17 290   M    M   8 1      22 290
16  67  45  56  -1   9   0    T    M    M 10.7 20 330   M    M   5        24 340
17  81  44  63   7   2   0 0.00    M    M 11.1 23 240   M    M   1        28 220
18  78  46  62   6   3   0 0.00    M    M 16.1 38 280   M    M   3        45 280
19  72  39  56   0   9   0 0.00    M    M  8.9 23 270   M    M   0        29 290
20  72  46  59   4   6   0 0.03    M    M  6.9 17 160   M    M   2        19 160
21  69  47  58   3   7   0    T    M    M 15.4 25  70   M    M   5        32  70
22  59  47  53  -1  12   0    T    M    M 16.2 29  90   M    M   9        34  80
23  56  50  53  -1  12   0 1.52    M    M 12.2 23  90   M    M  10 123    27  80
24  70  48  59   6   6   0 0.13    M    M 13.8 31 300   M    M   8 12     40 300
================================================================================
SM 1671 1134       174  21  3.36    M    294.1          M      102
================================================================================
AV 69.6 47.3                              12.3 FASTST   M    M   4    MAX(MPH)
                                 MISC ---->  # 38 160               # 47  140
================================================================================
NOTES:
# LAST OF SEVERAL OCCURRENCES

COLUMN 17 PEAK WIND IN M.P.H.

PRELIMINARY LOCAL CLIMATOLOGICAL DATA (WS FORM: F-6) , PAGE 2

                                          STATION:  DICKINSON ND
                                          MONTH:    SEPTEMBER
                                          YEAR:     2016
                                          LATITUDE:   46 47 N
                                          LONGITUDE: 102 48 W

[TEMPERATURE DATA]      [PRECIPITATION DATA]       SYMBOLS USED IN COLUMN 16

AVERAGE MONTHLY: 58.4   TOTAL FOR MONTH:   3.36    1 = FOG OR MIST
DPTR FM NORMAL:  -0.1   DPTR FM NORMAL:    2.18    2 = FOG REDUCING VISIBILITY
HIGHEST:    87 ON  1    GRTST 24HR  1.54 ON 23-24      TO 1/4 MILE OR LESS
LOWEST:     39 ON 19                               3 = THUNDER
                        SNOW, ICE PELLETS, HAIL    4 = ICE PELLETS
                        TOTAL MONTH:    M          5 = HAIL
                        GRTST 24HR    M  ON   M    6 = FREEZING RAIN OR DRIZZLE
                        GRTST DEPTH:  M  ON   M    7 = DUSTSTORM OR SANDSTORM:
                                                       VSBY 1/2 MILE OR LESS
                                                   8 = SMOKE OR HAZE
[NO. OF DAYS WITH]      [WEATHER - DAYS WITH]      9 = BLOWING SNOW
                                                   X = TORNADO
MAX 32 OR BELOW:   0    0.01 INCH OR MORE:   8
MAX 90 OR ABOVE:   0    0.10 INCH OR MORE:   6
MIN 32 OR BELOW:   0    0.50 INCH OR MORE:   3
MIN  0 OR BELOW:   0    1.00 INCH OR MORE:   1

[HDD (BASE 65) ]
TOTAL THIS MO.   174    CLEAR  (SCALE 0-3)  11
DPTR FM NORMAL   -12    PTCLDY (SCALE 4-7)   8
TOTAL FM JUL 1   234    CLOUDY (SCALE 8-10)  5
DPTR FM NORMAL   -38

[CDD (BASE 65) ]
TOTAL THIS MO.    21
DPTR FM NORMAL    -9    [PRESSURE DATA]
TOTAL FM JAN 1   315    HIGHEST SLP M ON M
DPTR FM NORMAL  -101    LOWEST  SLP 29.60 ON 18

[REMARKS]
