000
CXUS53 KDLH 220644
CF6DLH
PRELIMINARY LOCAL CLIMATOLOGICAL DATA (WS FORM: F-6)

                                          STATION:   DULUTH MN
                                          MONTH:     DECEMBER
                                          YEAR:      2014
                                          LATITUDE:   46 49 N
                                          LONGITUDE:  92 11 W

  TEMPERATURE IN F:       :PCPN:    SNOW:  WIND      :SUNSHINE: SKY     :PK WND
================================================================================
1   2   3   4   5  6A  6B    7    8   9   10  11  12  13   14  15   16   17  18
                                     12Z  AVG MX 2MIN
DY MAX MIN AVG DEP HDD CDD  WTR  SNW DPTH SPD SPD DIR MIN PSBL S-S WX    SPD DR
================================================================================

 1   4  -9  -2 -22  67   0    T    T    5 11.1 25 300   M    M   1 89     41 300
 2  18   1  10 -10  55   0 0.00  0.0    4 11.9 21 180   M    M   4        29 190
 3  20   8  14  -5  51   0    T    T    4 13.0 23 280   M    M   4 89     32 300
 4  28   2  15  -4  50   0 0.00  0.0    4  8.7 18 190   M    M   4 8      23 200
 5  35  19  27   9  38   0 0.00  0.0    4  8.5 14 270   M    M   5 18     16 200
 6  29   5  17  -1  48   0 0.00  0.0    4  6.4 16 340   M    M   3        20 350
 7  32  26  29  11  36   0 0.04  0.6    4 11.9 21 160   M    M   9 168    26 160
 8  33  22  28  11  37   0 0.15  1.8    6 13.0 22 290   M    M   9 16     30 330
 9  24  16  20   3  45   0    T    T    6  7.7 16 340   M    M  10 1      20 350
10  24  21  23   7  42   0    T    T    6  7.2 13 190   M    M  10 1      16 170
11  29  22  26  10  39   0    T    T    6 10.4 17 240   M    M  10 126    20 240
12  33  28  31  15  34   0    T    T    6 10.3 20 220   M    M  10 126    24 220
13  41  33  37  22  28   0 0.00  0.0    5  8.9 16 210   M    M  10 12     20 210
14  41  37  39  24  26   0 0.02  0.0    3  7.4 14 110   M    M  10 12     17 110
15  43  27  35  20  30   0 0.65  1.6    1  9.7 22 350   M    M   9 12     29 330
16  27  14  21   7  44   0 0.03  1.0    4 13.0 25 340   M    M  10 18     32 340
17  20  10  15   1  50   0    T  0.1    4  7.0 14 340   M    M   7 8      19 340
18  25  17  21   7  44   0    T    T    4  5.1 14 140   M    M  10 8      16 130
19  25  20  23  10  42   0    T  0.2    3  7.2 12 240   M    M   8 18     14 140
20  30  25  28  15  37   0 0.01  0.2    4  9.3 20 180   M    M  10 168    23 180
21  34  29  32  19  33   0 0.01    T    4 10.7 17 180   M    M  10 1268   23 190
================================================================================
SM  595  373       876   0  0.91     5.5 198.4          M      163
================================================================================
AV 28.3 17.8                               9.4 FASTST   M    M   8    MAX(MPH)
                                 MISC ---->  # 25 300               # 41  300
================================================================================
NOTES:
# LAST OF SEVERAL OCCURRENCES

COLUMN 17 PEAK WIND IN M.P.H.

PRELIMINARY LOCAL CLIMATOLOGICAL DATA (WS FORM: F-6) , PAGE 2

                                          STATION:  DULUTH MN
                                          MONTH:    DECEMBER
                                          YEAR:     2014
                                          LATITUDE:   46 49 N
                                          LONGITUDE:  92 11 W

[TEMPERATURE DATA]      [PRECIPITATION DATA]       SYMBOLS USED IN COLUMN 16

AVERAGE MONTHLY: 23.0   TOTAL FOR MONTH:   0.91    1 = FOG OR MIST
DPTR FM NORMAL:   6.9   DPTR FM NORMAL:    0.07    2 = FOG REDUCING VISIBILITY
HIGHEST:    43 ON 15    GRTST 24HR  0.67 ON 15-16      TO 1/4 MILE OR LESS
LOWEST:     -9 ON  1                               3 = THUNDER
                        SNOW, ICE PELLETS, HAIL    4 = ICE PELLETS
                        TOTAL MONTH:   5.5 INCHES  5 = HAIL
                        GRTST 24HR   1.8 ON   M    6 = FREEZING RAIN OR DRIZZLE
                        GRTST DEPTH:   6 ON 12,11  7 = DUSTSTORM OR SANDSTORM:
                                                       VSBY 1/2 MILE OR LESS
                                                   8 = SMOKE OR HAZE
[NO. OF DAYS WITH]      [WEATHER - DAYS WITH]      9 = BLOWING SNOW
                                                   X = TORNADO
MAX 32 OR BELOW:  14    0.01 INCH OR MORE:   7
MAX 90 OR ABOVE:   0    0.10 INCH OR MORE:   2
MIN 32 OR BELOW:  19    0.50 INCH OR MORE:   1
MIN  0 OR BELOW:   1    1.00 INCH OR MORE:   0

[HDD (BASE 65) ]
TOTAL THIS MO.   876    CLEAR  (SCALE 0-3)   2
DPTR FM NORMAL  -149    PTCLDY (SCALE 4-7)   6
TOTAL FM JUL 1  3091    CLOUDY (SCALE 8-10) 13
DPTR FM NORMAL  -147

[CDD (BASE 65) ]
TOTAL THIS MO.     0
DPTR FM NORMAL     0    [PRESSURE DATA]
TOTAL FM JAN 1   179    HIGHEST SLP M ON M
DPTR FM NORMAL   -25    LOWEST  SLP 29.75 ON 15

[REMARKS]
