000
CXUS56 KTFX 301205
CF6DLN
PRELIMINARY LOCAL CLIMATOLOGICAL DATA (WS FORM: F-6)

                                          STATION:   DILLON AIRPORT MT
                                          MONTH:     JUNE
                                          YEAR:      2015
                                          LATITUDE:   45 15 N
                                          LONGITUDE: 112 33 W

  TEMPERATURE IN F:       :PCPN:    SNOW:  WIND      :SUNSHINE: SKY     :PK WND
================================================================================
1   2   3   4   5  6A  6B    7    8   9   10  11  12  13   14  15   16   17  18
                                     12Z  AVG MX 2MIN
DY MAX MIN AVG DEP HDD CDD  WTR  SNW DPTH SPD SPD DIR MIN PSBL S-S WX    SPD DR
================================================================================

 1  72  48  60   6   5   0 0.12    M    0  8.2 48 280   M    M   2 38     55 280
 2  70  44  57   3   8   0 0.26    M    0  9.5 36 220   M    M   4 13     47 220
 3  68  44  56   1   9   0 0.11    M    0  4.4 30 190   M    M   4 3      38 190
 4  68  44  56   1   9   0 0.02    M    0  4.0 15 280   M    M   4        18 290
 5  73  46  60   5   5   0 0.00    M    0  5.6 24 140   M    M   2 3      30 130
 6  77  45  61   6   4   0 0.00    M    0  4.0  9  30   M    M   1        13  30
 7  80  48  64   8   1   0 0.00    M    0  4.6 14 210   M    M   0        15 210
 8  86  51  69  13   0   4 0.00    M    0  9.4 14 200   M    M   0 8      19 180
 9  83  56  70  14   0   5    T    M    0  9.9 26 270   M    M   1        35 280
10  78  51  65   9   0   0 0.05    M    0  8.6 22  20   M    M   2 3      26 340
11  82  48  65   8   0   0 0.00    M    0  7.1 20 210   M    M   1        26 210
12  82  47  65   8   0   0 0.00    M    0 11.1 23 260   M    M   0        32 220
13  79  40  60   3   5   0 0.00    M    0  8.2 23 230   M    M   0        30 260
14  73  40  57  -1   8   0 0.00    M    0 10.0 25  30   M    M   0        31  30
15  71  44  58   0   7   0    T    M    0  9.8 23  50   M    M   2 3      29  50
16  78  43  61   3   4   0 0.03    M    0  6.3 17  40   M    M   3 3      25 210
17  81  45  63   5   2   0 0.00    M    0  7.3 16  40   M    M   1        23 260
18  86  47  67   8   0   2 0.00    M    0  6.1 22 160   M    M   0 3      30 160
19  81  52  67   8   0   2 0.00    M    0  6.8 22  30   M    M   1        25  30
20  78  43  61   2   4   0 0.00    M    0  6.9 22 220   M    M   1        28 220
21  81  45  63   3   2   0 0.01    M    0  8.4 26  50   M    M   1 3      34  50
22  80  44  62   2   3   0 0.00    M    0  5.5 15 310   M    M   2        20 310
23  84  47  66   6   0   1 0.00    M    0  6.5 16 230   M    M   2        22 220
24  83  50  67   6   0   2 0.00    M    0  5.7 16  50   M    M   1 8      20 250
25  86  53  70   9   0   5 0.00    M    0  4.4 12  70   M    M   1        17  30
26  95  48  72  11   0   7 0.00    M    0  6.4 15 200   M    M   0 8      19 200
27  96  57  77  15   0  12 0.00    M    0  6.4 16 260   M    M   0 8      21 250
28  98  57  78  16   0  13 0.00    M    0  7.2 15  20   M    M   0 8      19  10
29  96  57  77  15   0  12 0.11    M    0  7.7 45 140   M    M   2 38     65 140
================================================================================
SM 2345 1384        76  65  0.71    M    206.0          M       38
================================================================================
AV 80.9 47.7                               7.1 FASTST   M    M   1    MAX(MPH)
                                 MISC ---->  # 48 280               # 65  140
================================================================================
NOTES:
# LAST OF SEVERAL OCCURRENCES

COLUMN 17 PEAK WIND IN M.P.H.

PRELIMINARY LOCAL CLIMATOLOGICAL DATA (WS FORM: F-6) , PAGE 2

                                          STATION:  DILLON AIRPORT MT
                                          MONTH:    JUNE
                                          YEAR:     2015
                                          LATITUDE:   45 15 N
                                          LONGITUDE: 112 33 W

[TEMPERATURE DATA]      [PRECIPITATION DATA]       SYMBOLS USED IN COLUMN 16

AVERAGE MONTHLY: 64.3   TOTAL FOR MONTH:   0.71    1 = FOG OR MIST
DPTR FM NORMAL:   6.3   DPTR FM NORMAL:   -1.22    2 = FOG REDUCING VISIBILITY
HIGHEST:    98 ON 28    GRTST 24HR  0.26 ON  2- 2      TO 1/4 MILE OR LESS
LOWEST:     40 ON 14,13                            3 = THUNDER
                        SNOW, ICE PELLETS, HAIL    4 = ICE PELLETS
                        TOTAL MONTH:    M          5 = HAIL
                        GRTST 24HR    M  ON   M    6 = FREEZING RAIN OR DRIZZLE
                        GRTST DEPTH:   0           7 = DUSTSTORM OR SANDSTORM:
                                                       VSBY 1/2 MILE OR LESS
                                                   8 = SMOKE OR HAZE
[NO. OF DAYS WITH]      [WEATHER - DAYS WITH]      9 = BLOWING SNOW
                                                   X = TORNADO
MAX 32 OR BELOW:   0    0.01 INCH OR MORE:   8
MAX 90 OR ABOVE:   4    0.10 INCH OR MORE:   4
MIN 32 OR BELOW:   0    0.50 INCH OR MORE:   0
MIN  0 OR BELOW:   0    1.00 INCH OR MORE:   0

[HDD (BASE 65) ]
TOTAL THIS MO.    76    CLEAR  (SCALE 0-3)  26
DPTR FM NORMAL  -143    PTCLDY (SCALE 4-7)   3
TOTAL FM JUL 1  6988    CLOUDY (SCALE 8-10)  0
DPTR FM NORMAL -1256

[CDD (BASE 65) ]
TOTAL THIS MO.    65
DPTR FM NORMAL    53    [PRESSURE DATA]
TOTAL FM JAN 1    65    HIGHEST SLP M ON M
DPTR FM NORMAL    52    LOWEST  SLP 29.66 ON 12

[REMARKS]
