000
CXUS56 KTFX 011205
CF6DLN
PRELIMINARY LOCAL CLIMATOLOGICAL DATA (WS FORM: F-6)

                                          STATION:   DILLON AIRPORT MT
                                          MONTH:     JULY
                                          YEAR:      2015
                                          LATITUDE:   45 15 N
                                          LONGITUDE: 112 33 W

  TEMPERATURE IN F:       :PCPN:    SNOW:  WIND      :SUNSHINE: SKY     :PK WND
================================================================================
1   2   3   4   5  6A  6B    7    8   9   10  11  12  13   14  15   16   17  18
                                     12Z  AVG MX 2MIN
DY MAX MIN AVG DEP HDD CDD  WTR  SNW DPTH SPD SPD DIR MIN PSBL S-S WX    SPD DR
================================================================================

 1  93  58  76  13   0  11 0.00    M    0  6.2 15 240   M    M   1 8      19 240
 2  90  55  73  10   0   8 0.00    M    0  5.9 13  50   M    M   0 8      16  50
 3  92  52  72   8   0   7 0.00    M    0  5.0 12  40   M    M   0 8      16  50
 4  94  54  74  10   0   9 0.00    M    0  6.6 17 220   M    M   0        21 230
 5  74  52  63  -1   2   0 0.09    M    0 16.5 30  50   M    M   2 138    37  30
 6  84  51  68   4   0   3 0.00    M    0  6.2 17  40   M    M   5        21  30
 7  86  49  68   4   0   3    T    M    0  8.4 25 350   M    M   1        34 350
 8  81  47  64  -1   1   0 0.00    M    0  6.1 12 190   M    M   0        16 190
 9  82  50  66   1   0   1 0.01    M    0  8.1 23 190   M    M   2 38     30 190
10  78  51  65   0   0   0 0.08    M    0 10.7 22 210   M    M   3 3      28 200
11  78  52  65   0   0   0 0.01    M    0 10.9 31 230   M    M   5 3      42 220
12  78  52  65  -1   0   0    T    M    0  9.4 20 230   M    M   5        23 220
13  81  53  67   1   0   2    T    M    0  8.7 31 220   M    M   2        39 200
14  76  48  62  -4   3   0 0.01    M    0  6.2 22 290   M    M   2 3      30 280
15  77  48  63  -3   2   0 0.24    M    0  7.3 28 330   M    M   3 3      34 320
16  77  49  63  -3   2   0 0.00    M    0 10.6 23 250   M    M   2        30 260
17  74  50  62  -4   3   0 0.00    M    0  8.3 22  10   M    M   5        28  10
18  73  43  58  -8   7   0 0.00    M    0  6.2 15 360   M    M   1        19 320
19  81  46  64  -3   1   0 0.00    M    0  7.9 16 210   M    M   2 8      20 210
20  85  53  69   2   0   4    T    M    0  8.9 25 250   M    M   2        29 260
21  84  56  70   3   0   5    T    M    0  7.8 31 260   M    M   2 3      37 260
22  79  53  66  -1   0   1 0.11    M    0  9.8 26 190   M    M   4 13     33 180
23  78  53  66  -1   0   1 0.03    M    0  7.3 26  70   M    M   5 3      35  70
24  82  49  66  -1   0   1 0.00    M    0  8.3 20 200   M    M   1        24 290
25  84  52  68   1   0   3    T    M    0  8.2 32 210   M    M   2        39 210
26  85  50  68   1   0   3 0.00    M    0  5.3 20 330   M    M   1        24 330
27  61  42  52 -15  13   0 0.73    M    0  7.0 20 220   M    M   8 1      24 230
28  67  41  54 -13  11   0 0.00    M    0  7.5 17 210   M    M   3        21 210
29  80  42  61  -6   4   0 0.00    M    0  6.2 15 200   M    M   0        21 200
30  85  47  66  -1   0   1 0.00    M    0  7.3 14 190   M    M   0        17 200
31  90  50  70   3   0   5 0.00    M    0  6.2 13  10   M    M   0 8      15  30
================================================================================
SM 2509 1548        49  68  1.31    M    245.0          M       69
================================================================================
AV 80.9 49.9                               7.9 FASTST   M    M   2    MAX(MPH)
                                 MISC ---->  # 32 210               # 42  220
================================================================================
NOTES:
# LAST OF SEVERAL OCCURRENCES

COLUMN 17 PEAK WIND IN M.P.H.

PRELIMINARY LOCAL CLIMATOLOGICAL DATA (WS FORM: F-6) , PAGE 2

                                          STATION:  DILLON AIRPORT MT
                                          MONTH:    JULY
                                          YEAR:     2015
                                          LATITUDE:   45 15 N
                                          LONGITUDE: 112 33 W

[TEMPERATURE DATA]      [PRECIPITATION DATA]       SYMBOLS USED IN COLUMN 16

AVERAGE MONTHLY: 65.4   TOTAL FOR MONTH:   1.31    1 = FOG OR MIST
DPTR FM NORMAL:  -0.3   DPTR FM NORMAL:    0.10    2 = FOG REDUCING VISIBILITY
HIGHEST:    94 ON  4    GRTST 24HR  0.73 ON 27-27      TO 1/4 MILE OR LESS
LOWEST:     41 ON 28                               3 = THUNDER
                        SNOW, ICE PELLETS, HAIL    4 = ICE PELLETS
                        TOTAL MONTH:    M          5 = HAIL
                        GRTST 24HR    M  ON   M    6 = FREEZING RAIN OR DRIZZLE
                        GRTST DEPTH:   0           7 = DUSTSTORM OR SANDSTORM:
                                                       VSBY 1/2 MILE OR LESS
                                                   8 = SMOKE OR HAZE
[NO. OF DAYS WITH]      [WEATHER - DAYS WITH]      9 = BLOWING SNOW
                                                   X = TORNADO
MAX 32 OR BELOW:   0    0.01 INCH OR MORE:   9
MAX 90 OR ABOVE:   5    0.10 INCH OR MORE:   3
MIN 32 OR BELOW:   0    0.50 INCH OR MORE:   1
MIN  0 OR BELOW:   0    1.00 INCH OR MORE:   0

[HDD (BASE 65) ]
TOTAL THIS MO.    49    CLEAR  (SCALE 0-3)  23
DPTR FM NORMAL    -6    PTCLDY (SCALE 4-7)   8
TOTAL FM JUL 1    49    CLOUDY (SCALE 8-10)  0
DPTR FM NORMAL    -6

[CDD (BASE 65) ]
TOTAL THIS MO.    68
DPTR FM NORMAL    -9    [PRESSURE DATA]
TOTAL FM JAN 1   143    HIGHEST SLP 30.29 ON 29
DPTR FM NORMAL    49    LOWEST  SLP 29.65 ON 26

[REMARKS]
#FINAL-07-15#
