000
CXUS56 KTFX 211205
CF6DLN
PRELIMINARY LOCAL CLIMATOLOGICAL DATA (WS FORM: F-6)

                                          STATION:   DILLON AIRPORT MT
                                          MONTH:     JANUARY
                                          YEAR:      2018
                                          LATITUDE:   45 15 N
                                          LONGITUDE: 112 33 W

  TEMPERATURE IN F:       :PCPN:    SNOW:  WIND      :SUNSHINE: SKY     :PK WND
================================================================================
1   2   3   4   5  6A  6B    7    8   9   10  11  12  13   14  15   16   17  18
                                     12Z  AVG MX 2MIN
DY MAX MIN AVG DEP HDD CDD  WTR  SNW DPTH SPD SPD DIR MIN PSBL S-S WX    SPD DR
================================================================================

 1  25   2  14  -7  51   0 0.00    M    3  5.8 16 220   M    M   0        19 210
 2  24  -1  12 -10  53   0 0.00    M    2  5.6 13 230   M    M   0        15 200
 3  30   9  20  -2  45   0 0.00    M    2  3.2 12 160   M    M   6        14 210
 4  33  12  23   1  42   0 0.00    M    2  5.6 14 220   M    M   4 8      16 220
 5  41  28  35  13  30   0 0.00    M    1 11.7 18 210   M    M   8        22 220
 6  41  27  34  12  31   0    T    M    1 10.8 18 210   M    M   5        23 230
 7  37  28  33  11  32   0 0.00    M    T 12.6 22 220   M    M   7        26 220
 8  40  24  32  10  33   0 0.00    M    0  6.5 12 170   M    M   1        15 210
 9  42  25  34  12  31   0    T    M    0  5.1 15 260   M    M   6        17 240
10  38  23  31   9  34   0 0.03    M    0 12.0 26 270   M    M   7 1      33 250
11  37  21  29   7  36   0    T    M    0 10.8 20 230   M    M   6        24 200
12  41  31  36  13  29   0 0.00    M    0 13.0 21 250   M    M   8        23 240
13  45  27  36  13  29   0 0.00    M    0 11.7 21 230   M    M   5        26 230
14  41  23  32   9  33   0 0.00    M    0  8.1 15 210   M    M   0        18 200
15  32  20  26   3  39   0 0.00    M    0  4.0 10 240   M    M   8        14 250
16  37  15  26   3  39   0 0.00    M    0  8.0 15 190   M    M   3        18 200
17  37  19  28   5  37   0 0.00    M    0  9.9 16 220   M    M   0        19 220
18  41  21  31   8  34   0 0.19    M    0 12.5 28 150   M    M   2 1      34 150
19  32  13  23   0  42   0 0.25    M    T  8.0 15 200   M    M  10 18     17 200
20  27   1  14  -9  51   0 0.00    M    1  4.6 15 200   M    M   4        18 200
================================================================================
SM  721  368       751   0  0.47    M    169.5          M       90
================================================================================
AV 36.1 18.4                               8.5 FASTST   M    M   5    MAX(MPH)
                                 MISC ---->  # 28 150               # 34  150
================================================================================
NOTES:
# LAST OF SEVERAL OCCURRENCES

COLUMN 17 PEAK WIND IN M.P.H.

PRELIMINARY LOCAL CLIMATOLOGICAL DATA (WS FORM: F-6) , PAGE 2

                                          STATION:  DILLON AIRPORT MT
                                          MONTH:    JANUARY
                                          YEAR:     2018
                                          LATITUDE:   45 15 N
                                          LONGITUDE: 112 33 W

[TEMPERATURE DATA]      [PRECIPITATION DATA]       SYMBOLS USED IN COLUMN 16

AVERAGE MONTHLY: 27.2   TOTAL FOR MONTH:   0.47    1 = FOG OR MIST
DPTR FM NORMAL:   4.8   DPTR FM NORMAL:    0.29    2 = FOG REDUCING VISIBILITY
HIGHEST:    45 ON 13    GRTST 24HR  0.25 ON 19-19      TO 1/4 MILE OR LESS
LOWEST:     -1 ON  2                               3 = THUNDER
                        SNOW, ICE PELLETS, HAIL    4 = ICE PELLETS
                        TOTAL MONTH:    M          5 = HAIL
                        GRTST 24HR    M  ON   M    6 = FREEZING RAIN OR DRIZZLE
                        GRTST DEPTH:   3 ON  1     7 = DUSTSTORM OR SANDSTORM:
                                                       VSBY 1/2 MILE OR LESS
                                                   8 = SMOKE OR HAZE
[NO. OF DAYS WITH]      [WEATHER - DAYS WITH]      9 = BLOWING SNOW
                                                   X = TORNADO
MAX 32 OR BELOW:   6    0.01 INCH OR MORE:   3
MAX 90 OR ABOVE:   0    0.10 INCH OR MORE:   2
MIN 32 OR BELOW:  20    0.50 INCH OR MORE:   0
MIN  0 OR BELOW:   1    1.00 INCH OR MORE:   0

[HDD (BASE 65) ]
TOTAL THIS MO.   751    CLEAR  (SCALE 0-3)   7
DPTR FM NORMAL  -101    PTCLDY (SCALE 4-7)  10
TOTAL FM JUL 1  4147    CLOUDY (SCALE 8-10)  3
DPTR FM NORMAL  -226

[CDD (BASE 65) ]
TOTAL THIS MO.     0
DPTR FM NORMAL     0    [PRESSURE DATA]
TOTAL FM JAN 1     0    HIGHEST SLP M ON M
DPTR FM NORMAL     0    LOWEST  SLP 29.48 ON 10

[REMARKS]
