000
CXUS51 KLWX 230620
CF6DMH
PRELIMINARY LOCAL CLIMATOLOGICAL DATA (WS FORM: F-6)

                                          STATION:   BALTIMORE INNER HARBOR MD
                                          MONTH:     JULY
                                          YEAR:      2014
                                          LATITUDE:   39 16 N
                                          LONGITUDE:  76 37 W

  TEMPERATURE IN F:       :PCPN:    SNOW:  WIND      :SUNSHINE: SKY     :PK WND
================================================================================
1   2   3   4   5  6A  6B    7    8   9   10  11  12  13   14  15   16   17  18
                                     12Z  AVG MX 2MIN
DY MAX MIN AVG DEP HDD CDD  WTR  SNW DPTH SPD SPD DIR MIN PSBL S-S WX    SPD DR
================================================================================

 1  91  74  83   3   0  18 0.00    M    M   M   M   M   M    M   M         M  M
 2  95  75  85   5   0  20 0.34    M    M   M   M   M   M    M   M         M  M
 3  91  73  82   2   0  17 0.33    M    M   M   M   M   M    M   M         M  M
 4  80  69  75  -6   0  10 0.26    M    M   M   M   M   M    M   M         M  M
 5  84  64  74  -7   0   9 0.00    M    M   M   M   M   M    M   M         M  M
 6  87  66  77  -4   0  12 0.00    M    M   M   M   M   M    M   M         M  M
 7  93  75  84   3   0  19 0.00    M    M   M   M   M   M    M   M         M  M
 8  95  71  83   2   0  18 0.34    M    M   M   M   M   M    M   M         M  M
 9  89  73  81   0   0  16 0.00    M    M   M   M   M   M    M   M         M  M
10  85  71  78  -3   0  13 0.69    M    M   M   M   M   M    M   M         M  M
11  86  69  78  -3   0  13 0.00    M    M   M   M   M   M    M   M         M  M
12  88  74  81   0   0  16 0.00    M    M   M   M   M   M    M   M         M  M
13  93  73  83   2   0  18 0.28    M    M   M   M   M   M    M   M         M  M
14  89  71  80  -1   0  15 0.36    M    M   M   M   M   M    M   M         M  M
15  88  72  80  -1   0  15 0.46    M    M   M   M   M   M    M   M         M  M
16  82  72  77  -4   0  12 0.00    M    M   M   M   M   M    M   M         M  M
17  82  68  75  -6   0  10 0.00    M    M   M   M   M   M    M   M         M  M
18  83  67  75  -6   0  10 0.00    M    M   M   M   M   M    M   M         M  M
19  81  73  77  -4   0  12 0.00    M    M   M   M   M   M    M   M         M  M
20  82  71  77  -4   0  12 0.00    M    M   M   M   M   M    M   M         M  M
21  82  72  77  -4   0  12 0.00    M    M   M   M   M   M    M   M         M  M
22  87  73  80  -1   0  15 0.00    M    M   M   M   M   M    M   M         M  M
================================================================================
SM 1913 1566         0 312  3.06    M        M          M        M
================================================================================
AV 87.0 71.2                                 M FASTST   M    M   3    MAX(MPH)
                                 MISC ---->     M   M                  M    M
================================================================================
NOTES:
# LAST OF SEVERAL OCCURRENCES

COLUMN 17 PEAK WIND IN M.P.H.

PRELIMINARY LOCAL CLIMATOLOGICAL DATA (WS FORM: F-6) , PAGE 2

                                          STATION:  BALTIMORE INNER HARBOR MD
                                          MONTH:    JULY
                                          YEAR:     2014
                                          LATITUDE:   39 16 N
                                          LONGITUDE:  76 37 W

[TEMPERATURE DATA]      [PRECIPITATION DATA]       SYMBOLS USED IN COLUMN 16

AVERAGE MONTHLY: 79.1   TOTAL FOR MONTH:   3.06    1 = FOG OR MIST
DPTR FM NORMAL:  -1.8   DPTR FM NORMAL:   -0.28    2 = FOG REDUCING VISIBILITY
HIGHEST:    95 ON  8, 2 GRTST 24HR  0.69 ON 10-10      TO 1/4 MILE OR LESS
LOWEST:     64 ON  5                               3 = THUNDER
                        SNOW, ICE PELLETS, HAIL    4 = ICE PELLETS
                        TOTAL MONTH:    M          5 = HAIL
                        GRTST 24HR    M  ON   M    6 = FREEZING RAIN OR DRIZZLE
                        GRTST DEPTH:  M  ON   M    7 = DUSTSTORM OR SANDSTORM:
                                                       VSBY 1/2 MILE OR LESS
                                                   8 = SMOKE OR HAZE
[NO. OF DAYS WITH]      [WEATHER - DAYS WITH]      9 = BLOWING SNOW
                                                   X = TORNADO
MAX 32 OR BELOW:   0    0.01 INCH OR MORE:   8
MAX 90 OR ABOVE:   6    0.10 INCH OR MORE:   8
MIN 32 OR BELOW:   0    0.50 INCH OR MORE:   1
MIN  0 OR BELOW:   0    1.00 INCH OR MORE:   0

[HDD (BASE 65) ]
TOTAL THIS MO.     0    CLEAR  (SCALE 0-3)   0
DPTR FM NORMAL     0    PTCLDY (SCALE 4-7)   0
TOTAL FM JUL 1     0    CLOUDY (SCALE 8-10)  0
DPTR FM NORMAL     0

[CDD (BASE 65) ]
TOTAL THIS MO.   312
DPTR FM NORMAL   -37    [PRESSURE DATA]
TOTAL FM JAN 1   770    HIGHEST SLP M ON M
DPTR FM NORMAL   -55    LOWEST  SLP 29.72 ON M

[REMARKS]
