000
CXUS54 KEPZ 291200
CF6DMN
PRELIMINARY LOCAL CLIMATOLOGICAL DATA (WS FORM: F-6)

                                          STATION:   DEMING
                                          MONTH:     JULY
                                          YEAR:      2016
                                          LATITUDE:   32 15 N
                                          LONGITUDE: 107 42 W

  TEMPERATURE IN F:       :PCPN:    SNOW:  WIND      :SUNSHINE: SKY     :PK WND
================================================================================
1   2   3   4   5  6A  6B    7    8   9   10  11  12  13   14  15   16   17  18
                                     12Z  AVG MX 2MIN
DY MAX MIN AVG DEP HDD CDD  WTR  SNW DPTH SPD SPD DIR MIN PSBL S-S WX    SPD DR
================================================================================

 1  83  64  74  -7   0   9 0.11  0.0    0  5.9 26 300   M    M   6 1      32 300
 2  93  59  76  -5   0  11 0.00  0.0    0 12.1 25 290   M    M   0        35 270
 3 100  65  83   2   0  18 0.00  0.0    0 12.1 25 280   M    M   0        31 250
 4 101  70  86   5   0  21 0.00  0.0    0  8.6 20 270   M    M   0        25 270
 5 102  68  85   4   0  20 0.00  0.0    0  9.5 22 280   M    M   0        30 240
 6  99  72  86   5   0  21 0.00  0.0    0 13.6 23 260   M    M   0        30 280
 7  97  69  83   2   0  18    T  0.0    0 10.0 22 250   M    M   1        28 250
 8 100  67  84   3   0  19 0.01  0.0    0  9.3 24 330   M    M   1        35 340
 9 103  65  84   3   0  19 0.00  0.0    0  7.4 21 330   M    M   0        27 320
10 103  70  87   6   0  22 0.00  0.0    0 10.8 23 260   M    M   0        29 250
11 100  71  86   5   0  21 0.00  0.0    0 13.6 26 280   M    M   0        36 260
12 101  66  84   3   0  19 0.00  0.0    0 11.6 26 270   M    M   0        34 270
13 104  67  86   5   0  21 0.00  0.0    0 10.8 23 320   M    M   0        29 330
14 106  75  91  10   0  26 0.00  0.0    0 10.9 24 260   M    M   0        32 250
15 105  71  88   7   0  23 0.00  0.0    0 11.2 35 320   M    M   0 8      46 330
16 102  76  89   8   0  24    T  0.0    0  9.2 24 270   M    M   2 8      31 330
17 100  71  86   5   0  21 0.03  0.0    0 10.1 23 220   M    M   1        33 210
18 100  67  84   3   0  19 0.03  0.0    0  8.5 28 270   M    M   1        36 270
19  98  69  84   3   0  19 0.01  0.0    0  9.0 21 340   M    M   3        25 340
20  97  66  82   1   0  17 0.00  0.0    0  6.9 18  70   M    M   1        24  70
21 101  71  86   6   0  21 0.03  0.0    0  8.4 21  10   M    M   2 8      25  10
22 103  67  85   5   0  20 0.00  0.0    0  8.8 18  70   M    M   0        24 330
23 105  74  90  10   0  25 0.00  0.0    0  8.0 22 330   M    M   0        30 330
24 105  72  89   9   0  24    T  0.0    0  9.8 25  50   M    M   1 8      31  50
25 100  70  85   5   0  20 0.00  0.0    0  6.2 14 100   M    M   2        20 160
26  99  75  87   7   0  22 0.06  0.0    0 10.1 24  30   M    M   3        32  30
27  93  69  81   1   0  16 0.02  0.0    0  6.2 29  30   M    M   1 8      37  30
28  99  66  83   3   0  18 0.00  0.0    0  6.6 20 340   M    M   1        26 340
================================================================================
SM 2799 1932         0 554  0.30     0.0 265.2          M       26
================================================================================
AV100.0 69.0                               9.5 FASTST   M    M   1    MAX(MPH)
                                 MISC ---->  # 35 320               # 46  330
================================================================================
NOTES:
# LAST OF SEVERAL OCCURRENCES

COLUMN 17 PEAK WIND IN M.P.H.

PRELIMINARY LOCAL CLIMATOLOGICAL DATA (WS FORM: F-6) , PAGE 2

                                          STATION:  DEMING
                                          MONTH:    JULY
                                          YEAR:     2016
                                          LATITUDE:   32 15 N
                                          LONGITUDE: 107 42 W

[TEMPERATURE DATA]      [PRECIPITATION DATA]       SYMBOLS USED IN COLUMN 16

AVERAGE MONTHLY: 84.5   TOTAL FOR MONTH:   0.30    1 = FOG OR MIST
DPTR FM NORMAL:   3.8   DPTR FM NORMAL:   -1.65    2 = FOG REDUCING VISIBILITY
HIGHEST:   106 ON 14    GRTST 24HR  0.11 ON  1- 1      TO 1/4 MILE OR LESS
LOWEST:     59 ON  2                               3 = THUNDER
                        SNOW, ICE PELLETS, HAIL    4 = ICE PELLETS
                        TOTAL MONTH:   0.0 INCH    5 = HAIL
                        GRTST 24HR     0.0         6 = FREEZING RAIN OR DRIZZLE
                        GRTST DEPTH:   0           7 = DUSTSTORM OR SANDSTORM:
                                                       VSBY 1/2 MILE OR LESS
                                                   8 = SMOKE OR HAZE
[NO. OF DAYS WITH]      [WEATHER - DAYS WITH]      9 = BLOWING SNOW
                                                   X = TORNADO
MAX 32 OR BELOW:   0    0.01 INCH OR MORE:   8
MAX 90 OR ABOVE:  27    0.10 INCH OR MORE:   1
MIN 32 OR BELOW:   0    0.50 INCH OR MORE:   0
MIN  0 OR BELOW:   0    1.00 INCH OR MORE:   0

[HDD (BASE 65) ]
TOTAL THIS MO.     0    CLEAR  (SCALE 0-3)  26
DPTR FM NORMAL     0    PTCLDY (SCALE 4-7)   2
TOTAL FM JUL 1     0    CLOUDY (SCALE 8-10)  0
DPTR FM NORMAL     0

[CDD (BASE 65) ]
TOTAL THIS MO.   554
DPTR FM NORMAL   113    [PRESSURE DATA]
TOTAL FM JAN 1  1140    HIGHEST SLP M ON M
DPTR FM NORMAL   155    LOWEST  SLP 29.59 ON M

[REMARKS]
