000
CXUS55 KEAX 220736
CF6DMO
PRELIMINARY LOCAL CLIMATOLOGICAL DATA (WS FORM: F-6)

                                          STATION:   SEDALIA MO
                                          MONTH:     AUGUST
                                          YEAR:      2014
                                          LATITUDE:   38 42 N
                                          LONGITUDE:  93  6 W

  TEMPERATURE IN F:       :PCPN:    SNOW:  WIND      :SUNSHINE: SKY     :PK WND
================================================================================
1   2   3   4   5  6A  6B    7    8   9   10  11  12  13   14  15   16   17  18
                                     12Z  AVG MX 2MIN
DY MAX MIN AVG DEP HDD CDD  WTR  SNW DPTH SPD SPD DIR MIN PSBL S-S WX    SPD DR
================================================================================

 1  84  60  72  -8   0   7    T    M    M  3.9 12  40   M    M   2 18     15 200
 2  89  60  75  -4   0  10 0.00    M    M  4.3 12  70   0    0   0        30 210
 3  87  65  76  -3   0  11 0.00    M    M  5.2 21 320   M    M   1 8      28 340
 4  90  67  79   0   0  14 0.09    M    M  7.2 18 220   M    M   5 1      23 220
 5  89  72  81   2   0  16 0.05    M    M  5.6 14 300   M    M   1 8      19 280
 6  94  70  82   3   0  17 1.03    M    M  4.7 28 330   M    M   3 138    35 310
 7  82  69  76  -3   0  11 1.29    M    M  7.9 21 100   M    M   7 13     27 100
 8  76  68  72  -7   0   7 0.00    M    M  5.2 12 320   M    M  10 18     15 310
 9  84  69  77  -2   0  12 0.00    M    M  2.9  8 230   M    M   7 128     9  40
10  82  69  76  -3   0  11 0.27    M    M  4.8 12 130   M    M   8 18     14  70
11  83  65  74  -5   0   9 0.00    M    M  8.6 21 330   M    M   4 18     27 320
12  79  59  69 -10   0   4 0.00    M    M  8.1 14 320   M    M   1        19 340
13  81  58  70  -9   0   5 0.00    M    M  2.8  9  20   M    M   0 8      13 330
14  85  58  72  -7   0   7 0.00    M    M  3.5  9  70   M    M   0 1      12  40
15  85  63  74  -5   0   9 0.02    M    M  6.5 16 120   M    M   2 8      20 120
16  85  71  78   0   0  13 0.60    M    M 11.0 33 180   M    M   7 138    49 200
17  80  69  75  -3   0  10    T    M    M  5.7 12 330   M    M   9 18     13 330
18  86  65  76  -2   0  11 0.00    M    M  3.7 10 100   M    M   4 128    16 100
19  89  70  80   2   0  15    T    M    M  6.2 14 240   M    M   1        18 240
20  93  74  84   6   0  19    T    M    M  9.1 22 160   M    M   1 18     26 160
21  95  75  85   7   0  20 0.00    M    M 11.3 21 210   M    M   0 8      28 210
================================================================================
SM 1798 1396         0 238  3.35    M    128.2            0     73
================================================================================
AV 85.6 66.5                               6.1 FASTST    0   0   3    MAX(MPH)
                                 MISC ---->  # 33 180               # 49  200
================================================================================
NOTES:
# LAST OF SEVERAL OCCURRENCES

COLUMN 17 PEAK WIND IN M.P.H.

PRELIMINARY LOCAL CLIMATOLOGICAL DATA (WS FORM: F-6) , PAGE 2

                                          STATION:  SEDALIA MO
                                          MONTH:    AUGUST
                                          YEAR:     2014
                                          LATITUDE:   38 42 N
                                          LONGITUDE:  93  6 W

[TEMPERATURE DATA]      [PRECIPITATION DATA]       SYMBOLS USED IN COLUMN 16

AVERAGE MONTHLY: 76.0   TOTAL FOR MONTH:   3.35    1 = FOG OR MIST
DPTR FM NORMAL:  -2.7   DPTR FM NORMAL:    1.27    2 = FOG REDUCING VISIBILITY
HIGHEST:    95 ON 21    GRTST 24HR  2.32 ON  6- 7      TO 1/4 MILE OR LESS
LOWEST:     58 ON 14,13                            3 = THUNDER
                        SNOW, ICE PELLETS, HAIL    4 = ICE PELLETS
                        TOTAL MONTH:    M          5 = HAIL
                        GRTST 24HR    M  ON   M    6 = FREEZING RAIN OR DRIZZLE
                        GRTST DEPTH:  M  ON   M    7 = DUSTSTORM OR SANDSTORM:
                                                       VSBY 1/2 MILE OR LESS
                                                   8 = SMOKE OR HAZE
[NO. OF DAYS WITH]      [WEATHER - DAYS WITH]      9 = BLOWING SNOW
                                                   X = TORNADO
MAX 32 OR BELOW:   0    0.01 INCH OR MORE:   7
MAX 90 OR ABOVE:   4    0.10 INCH OR MORE:   4
MIN 32 OR BELOW:   0    0.50 INCH OR MORE:   3
MIN  0 OR BELOW:   0    1.00 INCH OR MORE:   2

[HDD (BASE 65) ]
TOTAL THIS MO.     0    CLEAR  (SCALE 0-3)  12
DPTR FM NORMAL     0    PTCLDY (SCALE 4-7)   7
TOTAL FM JUL 1     0    CLOUDY (SCALE 8-10)  2
DPTR FM NORMAL     0

[CDD (BASE 65) ]
TOTAL THIS MO.   238
DPTR FM NORMAL   -51    [PRESSURE DATA]
TOTAL FM JAN 1  1040    HIGHEST SLP  0.00 ON M
DPTR FM NORMAL  -129    LOWEST  SLP  0.00 ON M

[REMARKS]
