000
CXUS55 KCAE 291400
CF6DNL
PRELIMINARY LOCAL CLIMATOLOGICAL DATA (WS FORM: F-6)

                                          STATION:   AUGUSTA DANIEL FIELD GA
                                          MONTH:     JULY
                                          YEAR:      2015
                                          LATITUDE:   33 28 N
                                          LONGITUDE:  82  2 W

  TEMPERATURE IN F:       :PCPN:    SNOW:  WIND      :SUNSHINE: SKY     :PK WND
================================================================================
1   2   3   4   5  6A  6B    7    8   9   10  11  12  13   14  15   16   17  18
                                     12Z  AVG MX 2MIN
DY MAX MIN AVG DEP HDD CDD  WTR  SNW DPTH SPD SPD DIR MIN PSBL S-S WX    SPD DR
================================================================================

 1  88  71  80  -1   0  15 0.00    M    M  5.8 17 310   M    M   2        24 300
 2  94  71  83   1   0  18 0.65    M    M  6.7 29 320   M    M   3 13     46 300
 3  83  71  77  -5   0  12 0.99    M    M  6.2 14 320   M    M   5 13     22 290
 4  89  70  80  -2   0  15 0.19    M    M  6.4 17 270   M    M   1 3      27 250
 5  89  73  81  -1   0  16 0.05    M    M  6.8 17 200   M    M   1 8      22 200
 6  89  72  81  -1   0  16 0.00    M    M  4.6 14 210   M    M   5 3      21 220
 7  94  73  84   2   0  19 0.00    M    M  3.0 12 200   M    M   2        15 290
 8  96  75  86   4   0  21 0.00    M    M  4.0 10 320   M    M   1        15 210
 9  98  76  87   5   0  22 0.00    M    M  4.4 12 300   M    M   1        15 340
10  99  76  88   6   0  23 0.00    M    M  4.7 13 300   M    M   0        18 300
11  98  79  89   7   0  24 0.00    M    M  7.3 16 310   M    M   0        22 300
12  97  76  87   5   0  22    T    M    M  6.0 13  20   M    M   1        19 330
13  99  77  88   6   0  23 0.00    M    M  5.8 16 310   M    M   1        21 320
14  95  74  85   3   0  20 0.01    M    M  7.4 24 300   M    M   1 3      35 300
15  96  73  85   3   0  20    T999.0    M  6.1 16 330   M    M   1        21 330
16  97  79  88   6   0  23 0.00    M    M  5.1 10 350   M    M   4        15  20
17  95  78  87   5   0  22 0.00    M    M  6.5 20  50   M    M   2 138    24  50
18  98  76  87   5   0  22    T  0.0    0  4.2 21  10   M    M   2 138    27 360
19 101  77  89   7   0  24 0.00    M    M  4.4 17 120   M    M   1        22 130
20 102  76  89   7   0  24    T    M    M  4.3 21 310   M    M   1 3      28 320
21 103  80  92  10   0  27 0.00    M    M  6.7 18 310   M    M   1        25 300
22 100  78  89   7   0  24 0.00    M    M  4.7 14 340   M    M   0        20  30
23  99  78  89   7   0  24 0.00    M    M  7.2 17 310   M    M   1 3      23 220
24  90  75  83   1   0  18 0.05    M    M  5.5 20  20   M    M   6 38     24  10
25  94  75  85   3   0  20 0.00    M    M  5.8 15  80   M    M   1        20  90
26  96  72  84   2   0  19 0.00    M    M  4.5 13  50   M    M   2        20  60
27  99  75  87   5   0  22 0.00    M    M  3.8 12 100   M    M   1        18  50
28  96  77  87   5   0  22 0.00    M    M  4.9 20 170   M    M   2        25 190
================================================================================
SM 2674 2103         0 577  1.94   999.0 152.8          M       49
================================================================================
AV 95.5 75.1                               5.5 FASTST   M    M   2    MAX(MPH)
                                 MISC ---->  # 29 320               # 46  300
================================================================================
NOTES:
# LAST OF SEVERAL OCCURRENCES

COLUMN 17 PEAK WIND IN M.P.H.

PRELIMINARY LOCAL CLIMATOLOGICAL DATA (WS FORM: F-6) , PAGE 2

                                          STATION:  AUGUSTA DANIEL FIELD GA
                                          MONTH:    JULY
                                          YEAR:     2015
                                          LATITUDE:   33 28 N
                                          LONGITUDE:  82  2 W

[TEMPERATURE DATA]      [PRECIPITATION DATA]       SYMBOLS USED IN COLUMN 16

AVERAGE MONTHLY: 85.3   TOTAL FOR MONTH:   1.94    1 = FOG OR MIST
DPTR FM NORMAL:   3.3   DPTR FM NORMAL:   -2.82    2 = FOG REDUCING VISIBILITY
HIGHEST:   103 ON 21    GRTST 24HR  1.64 ON  2- 3      TO 1/4 MILE OR LESS
LOWEST:     70 ON  4                               3 = THUNDER
                        SNOW, ICE PELLETS, HAIL    4 = ICE PELLETS
                        TOTAL MONTH: 999.0 INCHES  5 = HAIL
                        GRTST 24HR 999.0 ON 15-15  6 = FREEZING RAIN OR DRIZZLE
                        GRTST DEPTH:   0           7 = DUSTSTORM OR SANDSTORM:
                                                       VSBY 1/2 MILE OR LESS
                                                   8 = SMOKE OR HAZE
[NO. OF DAYS WITH]      [WEATHER - DAYS WITH]      9 = BLOWING SNOW
                                                   X = TORNADO
MAX 32 OR BELOW:   0    0.01 INCH OR MORE:   6
MAX 90 OR ABOVE:  23    0.10 INCH OR MORE:   3
MIN 32 OR BELOW:   0    0.50 INCH OR MORE:   2
MIN  0 OR BELOW:   0    1.00 INCH OR MORE:   0

[HDD (BASE 65) ]
TOTAL THIS MO.     0    CLEAR  (SCALE 0-3)  24
DPTR FM NORMAL     0    PTCLDY (SCALE 4-7)   4
TOTAL FM JUL 1     0    CLOUDY (SCALE 8-10)  0
DPTR FM NORMAL     0

[CDD (BASE 65) ]
TOTAL THIS MO.   577
DPTR FM NORMAL   103    [PRESSURE DATA]
TOTAL FM JAN 1  1680    HIGHEST SLP M ON M
DPTR FM NORMAL   415    LOWEST  SLP 29.70 ON M

[REMARKS]
