000
CXUS55 KCAE 281400
CF6DNL
PRELIMINARY LOCAL CLIMATOLOGICAL DATA (WS FORM: F-6)

                                          STATION:   AUGUSTA DANIEL FIELD GA
                                          MONTH:     FEBRUARY
                                          YEAR:      2017
                                          LATITUDE:   33 28 N
                                          LONGITUDE:  82  2 W

  TEMPERATURE IN F:       :PCPN:    SNOW:  WIND      :SUNSHINE: SKY     :PK WND
================================================================================
1   2   3   4   5  6A  6B    7    8   9   10  11  12  13   14  15   16   17  18
                                     12Z  AVG MX 2MIN
DY MAX MIN AVG DEP HDD CDD  WTR  SNW DPTH SPD SPD DIR MIN PSBL S-S WX    SPD DR
================================================================================

 1  73  52  63  15   2   0 0.00    M    M  4.4 16 220   M    M   0        24 220
 2  76  54  65  17   0   0    T    M    M  2.9 13 220   M    M   3        18 280
 3  66  49  58  10   7   0 0.04    M    M  6.3 18  20   M    M   9 1      27 360
 4  50  35  43  -5  22   0 0.00    M    M  8.1 20  40   M    M   1 8      25  30
 5  59  36  48  -1  17   0    T    M    M  3.7 13 270   M    M   5        18 260
 6  72  42  57   8   8   0 0.00    M    M  4.0  9 190   M    M   1 128    12 300
 7  78  51  65  16   0   0 0.48    M    M  7.0 23 190   M    M   3 138    30 200
 8  67  57  62  13   3   0 0.02    M    M  5.6 13 200   M    M   8 1      17 270
 9  67  41  54   5  11   0 0.04    M    M 12.0 23 300   M    M   2 13     35 270
10  59  34  47  -3  18   0 0.00    M    M  6.0 14 200   M    M   0        17 160
11  76  46  61  11   4   0 0.00    M    M  6.4 15 210   M    M   2        19 260
12  77  63  70  20   0   5 0.00    M    M  7.8 13 240   M    M   6        21 230
13  71  53  62  12   3   0 0.00    M    M  6.7 14 310   M    M   0        21 310
14  74  44  59   9   6   0 0.00    M    M  5.7 17 200   M    M   0        23 200
15  68  50  59   9   6   0 0.89    M    M 10.2 22 320   M    M   4 13     31 320
16  64  41  53   2  12   0 0.00    M    M  7.4 15 300   M    M   0        21 280
17  72  45  59   8   6   0 0.00    M    M  5.3 15 230   M    M   0        23 210
18  64  51  58   7   7   0 0.09    M    M  3.1  9 320   M    M   4 1      12 320
19  75  52  64  13   1   0 0.01    M    M  4.9 16 330   M    M   2 1      21 330
20  75  49  62  10   3   0 0.00    M    M  4.3 12  60   M    M   0        16  80
21  73  54  64  12   1   0    T    M    M  7.4 13  80   M    M   5        20 120
22  73  61  67  15   0   2 0.25    M    M  6.1 12 110   M    M   5 1      16 110
23  78  58  68  16   0   3 0.00    M    M  6.5 14 110   M    M   1 8      23  60
24  82  58  70  17   0   5 0.00    M    M  4.0 10 130   M    M   0        14  90
25  77  54  66  13   0   1    T    M    M  8.8 18 300   M    M   3        30 260
26  66  41  54   1  11   0 0.00    M    M  5.9 16 300   M    M   0        23 300
27  71  44  58   5   7   0 0.04    M    M  5.5 18 140   M    M   1        30 140
================================================================================
SM 1903 1315       155  16  1.86    M    166.0          M       65
================================================================================
AV 70.5 48.7                               6.1 FASTST   M    M   2    MAX(MPH)
                                 MISC ---->  # 23 190               # 35  270
================================================================================
NOTES:
# LAST OF SEVERAL OCCURRENCES

COLUMN 17 PEAK WIND IN M.P.H.

PRELIMINARY LOCAL CLIMATOLOGICAL DATA (WS FORM: F-6) , PAGE 2

                                          STATION:  AUGUSTA DANIEL FIELD GA
                                          MONTH:    FEBRUARY
                                          YEAR:     2017
                                          LATITUDE:   33 28 N
                                          LONGITUDE:  82  2 W

[TEMPERATURE DATA]      [PRECIPITATION DATA]       SYMBOLS USED IN COLUMN 16

AVERAGE MONTHLY: 59.6   TOTAL FOR MONTH:   1.86    1 = FOG OR MIST
DPTR FM NORMAL:   9.2   DPTR FM NORMAL:   -2.01    2 = FOG REDUCING VISIBILITY
HIGHEST:    82 ON 24    GRTST 24HR  0.89 ON 15-15      TO 1/4 MILE OR LESS
LOWEST:     34 ON 10                               3 = THUNDER
                        SNOW, ICE PELLETS, HAIL    4 = ICE PELLETS
                        TOTAL MONTH:    M          5 = HAIL
                        GRTST 24HR    M  ON   M    6 = FREEZING RAIN OR DRIZZLE
                        GRTST DEPTH:  M  ON   M    7 = DUSTSTORM OR SANDSTORM:
                                                       VSBY 1/2 MILE OR LESS
                                                   8 = SMOKE OR HAZE
[NO. OF DAYS WITH]      [WEATHER - DAYS WITH]      9 = BLOWING SNOW
                                                   X = TORNADO
MAX 32 OR BELOW:   0    0.01 INCH OR MORE:   9
MAX 90 OR ABOVE:   0    0.10 INCH OR MORE:   3
MIN 32 OR BELOW:   0    0.50 INCH OR MORE:   1
MIN  0 OR BELOW:   0    1.00 INCH OR MORE:   0

[HDD (BASE 65) ]
TOTAL THIS MO.   155    CLEAR  (SCALE 0-3)  17
DPTR FM NORMAL  -241    PTCLDY (SCALE 4-7)   8
TOTAL FM JUL 1  1007    CLOUDY (SCALE 8-10)  2
DPTR FM NORMAL  -795

[CDD (BASE 65) ]
TOTAL THIS MO.    16
DPTR FM NORMAL    16    [PRESSURE DATA]
TOTAL FM JAN 1    31    HIGHEST SLP M ON M
DPTR FM NORMAL    30    LOWEST  SLP 29.52 ON 15

[REMARKS]
