000
CXUS55 KCAE 261400
CF6DNL
PRELIMINARY LOCAL CLIMATOLOGICAL DATA (WS FORM: F-6)

                                          STATION:   AUGUSTA DANIEL FIELD GA
                                          MONTH:     DECEMBER
                                          YEAR:      2014
                                          LATITUDE:   33 28 N
                                          LONGITUDE:  82  2 W

  TEMPERATURE IN F:       :PCPN:    SNOW:  WIND      :SUNSHINE: SKY     :PK WND
================================================================================
1   2   3   4   5  6A  6B    7    8   9   10  11  12  13   14  15   16   17  18
                                     12Z  AVG MX 2MIN
DY MAX MIN AVG DEP HDD CDD  WTR  SNW DPTH SPD SPD DIR MIN PSBL S-S WX    SPD DR
================================================================================

 1  74  46  60   8   5   0 0.00    M    M  2.0 10 170   M    M   0 8      12 170
 2  74  49  62  10   3   0 0.00    M    M  2.3  8  80   M    M   1 18     10 110
 3  72  57  65  13   0   0 0.00    M    M  2.6  9 310   M    M   6 12     12 320
 4  71  55  63  11   2   0 0.00    M    M  4.4 12  80   M    M   2 1      14  90
 5  62  52  57   6   8   0 0.00    M    M  5.4 10  10   M    M   7 1      12  70
 6  63  50  57   6   8   0 0.04    M    M  5.2 16 330   M    M   8 1      22 320
 7  61  46  54   3  11   0 0.00    M    M 10.4 22  40   M    M   2        28  40
 8  46  41  44  -6  21   0 0.00    M    M  9.5 17  50   M    M   9        25  40
 9  56  41  49  -1  16   0 0.00    M    M  6.7 14 320   M    M   8        18 310
10  56  37  47  -3  18   0 0.00    M    M  7.1 14 330   M    M   0        18 310
11  56  32  44  -6  21   0 0.00    M    M  3.9  9 310   M    M   0        13 330
12  62  33  48  -1  17   0 0.00    M    M  3.2 12 360   M    M   0        14 360
13  67  35  51   2  14   0 0.00    M    M  1.9 10 350   M    M   0        14 350
14  70  38  54   5  11   0 0.00    M    M  2.2  7 300   M    M   0         9 290
15  65  38  52   3  13   0 0.00    M    M  2.8  8 170   M    M   0        11 150
16  70  43  57   9   8   0 0.04    M    M  7.2 18 300   M    M   4 1      25 310
17  62  41  52   4  13   0 0.00    M    M  4.2  9 310   M    M   0        12 280
18  63  38  51   3  14   0 0.00    M    M  2.8 13 320   M    M   0        14 320
19  64  43  54   6  11   0 0.00    M    M  4.3 10 300   M    M   0        14 310
20  54  48  51   3  14   0 0.11    M    M  5.9 10  70   M    M  10 1      14  40
21  58  46  52   4  13   0 0.08    M    M  8.0 13  40   M    M  10 1      16  40
22  48  45  47   0  18   0 0.24    M    M  8.1 14  70   M    M  10 1      18  80
23  57  45  51   4  14   0 0.24    M    M  6.5 12 100   M    M   9 12     15 140
24  68  54  61  14   4   0 2.07    M    M  8.0 17 300   M    M  10 12     31 280
25  58  44  51   4  14   0    T    M    M  6.7 15 310   M    M   0        22 290
================================================================================
SM 1557 1097       291   0  2.82    M    131.3          M       96
================================================================================
AV 62.3 43.9                               5.3 FASTST   M    M   4    MAX(MPH)
                                 MISC ---->  # 22  40               # 31  280
================================================================================
NOTES:
# LAST OF SEVERAL OCCURRENCES

COLUMN 17 PEAK WIND IN M.P.H.

PRELIMINARY LOCAL CLIMATOLOGICAL DATA (WS FORM: F-6) , PAGE 2

                                          STATION:  AUGUSTA DANIEL FIELD GA
                                          MONTH:    DECEMBER
                                          YEAR:     2014
                                          LATITUDE:   33 28 N
                                          LONGITUDE:  82  2 W

[TEMPERATURE DATA]      [PRECIPITATION DATA]       SYMBOLS USED IN COLUMN 16

AVERAGE MONTHLY: 53.1   TOTAL FOR MONTH:   2.82    1 = FOG OR MIST
DPTR FM NORMAL:   3.8   DPTR FM NORMAL:   -0.24    2 = FOG REDUCING VISIBILITY
HIGHEST:    74 ON  2, 1 GRTST 24HR  2.31 ON 23-24      TO 1/4 MILE OR LESS
LOWEST:     32 ON 11                               3 = THUNDER
                        SNOW, ICE PELLETS, HAIL    4 = ICE PELLETS
                        TOTAL MONTH:    M          5 = HAIL
                        GRTST 24HR    M  ON   M    6 = FREEZING RAIN OR DRIZZLE
                        GRTST DEPTH:  M  ON   M    7 = DUSTSTORM OR SANDSTORM:
                                                       VSBY 1/2 MILE OR LESS
                                                   8 = SMOKE OR HAZE
[NO. OF DAYS WITH]      [WEATHER - DAYS WITH]      9 = BLOWING SNOW
                                                   X = TORNADO
MAX 32 OR BELOW:   0    0.01 INCH OR MORE:   7
MAX 90 OR ABOVE:   0    0.10 INCH OR MORE:   4
MIN 32 OR BELOW:   1    0.50 INCH OR MORE:   1
MIN  0 OR BELOW:   0    1.00 INCH OR MORE:   1

[HDD (BASE 65) ]
TOTAL THIS MO.   291    CLEAR  (SCALE 0-3)  14
DPTR FM NORMAL  -105    PTCLDY (SCALE 4-7)   4
TOTAL FM JUL 1   691    CLOUDY (SCALE 8-10)  7
DPTR FM NORMAL   -39

[CDD (BASE 65) ]
TOTAL THIS MO.     0
DPTR FM NORMAL     0    [PRESSURE DATA]
TOTAL FM JAN 1  2634    HIGHEST SLP M ON M
DPTR FM NORMAL   378    LOWEST  SLP 29.67 ON 24

[REMARKS]
