000
CXUS55 KVEF 260940
CF6DRA
PRELIMINARY LOCAL CLIMATOLOGICAL DATA (WS FORM: F-6)

                                          STATION:   DESERT ROCK-MERCURY NV
                                          MONTH:     MAY
                                          YEAR:      2015
                                          LATITUDE:   36 37 N
                                          LONGITUDE: 116  1 W

  TEMPERATURE IN F:       :PCPN:    SNOW:  WIND      :SUNSHINE: SKY     :PK WND
================================================================================
1   2   3   4   5  6A  6B    7    8   9   10  11  12  13   14  15   16   17  18
                                     12Z  AVG MX 2MIN
DY MAX MIN AVG DEP HDD CDD  WTR  SNW DPTH SPD SPD DIR MIN PSBL S-S WX    SPD DR
================================================================================

 1  90  54  72   8   0   7 0.00  0.0    0  7.9 22 160   M    M   0        29 160
 2  89  60  75  10   0  10 0.00  0.0    0 10.7 28 220   M    M   0        36 220
 3  87  55  71   6   0   6 0.00  0.0    0  9.5 28 210   M    M   0        35 210
 4  83  53  68   2   0   3 0.00  0.0    0  9.4 30 110   M    M   3        37 120
 5  83  55  69   3   0   4 0.00  0.0    0  9.3 23 210   M    M   0        30 230
 6  79  57  68   2   0   3 0.00  0.0    0 13.3 29 210   M    M   2        38 210
 7  72  50  61  -6   4   0 0.00  0.0    0 18.6 33 220   M    M   2        45 180
 8  62  44  53 -14  12   0 0.00  0.0    0 10.9 25 230   M    M   4        31 240
 9  71  43  57 -10   8   0 0.02  0.0    0  7.3 21 100   M    M   4        29 300
10  81  45  63  -5   2   0 0.00  0.0    0  5.9 17  30   M    M   0        24  30
11  83  48  66  -2   0   1 0.00  0.0    0  9.3 29 210   M    M   0        38 210
12  82  62  72   4   0   7 0.00  0.0    0 18.3 33 200   M    M   1        42 210
13  77  59  68  -1   0   3 0.00  0.0    0 16.2 29 180   M    M   0        39 210
14  69  49  59 -10   6   0 0.05  0.0    0 15.9 28 190   M    M   3        37 180
15  67  48  58 -11   7   0 0.00  0.0    0 11.3 22 240   M    M   5        27 240
16  74  52  63  -7   2   0 0.00  0.0    0 11.5 22 230   M    M   4        32 190
17  79  53  66  -4   0   1 0.00  0.0    0  9.2 24 220   M    M   3        30 220
18  69  56  63  -7   2   0    T  0.0    0  9.6 25 110   M    M   4 8      30 120
19  77  46  62  -9   3   0 0.00  0.0    0  6.5 20 240   M    M   2        24 240
20  79  51  65  -6   0   0 0.00  0.0    0  7.6 22 210   M    M   1        29 210
21  76  50  63  -8   2   0    T  0.0    0  6.4 26 100   M    M   2        34 100
22  70  52  61 -11   4   0 0.06  0.0    0  9.2 21 300   M    M   4        25 240
23  79  53  66  -6   0   1 0.01  0.0    0  9.0 21  20   M    M   5        27  30
24  81  57  69  -3   0   4    T  0.0    0  8.8 21  20   M    M   9        30  30
25  85  54  70  -2   0   5 0.00  0.0    M  6.8 18 220   M    M   1        24 190
================================================================================
SM 1944 1306        52  55  0.14     0.0 258.4          M       59
================================================================================
AV 77.8 52.2                              10.3 FASTST   M    M   2    MAX(MPH)
                                 MISC ---->  # 33 220               # 45  180
================================================================================
NOTES:
# LAST OF SEVERAL OCCURRENCES

COLUMN 17 PEAK WIND IN M.P.H.

PRELIMINARY LOCAL CLIMATOLOGICAL DATA (WS FORM: F-6) , PAGE 2

                                          STATION:  DESERT ROCK-MERCURY NV
                                          MONTH:    MAY
                                          YEAR:     2015
                                          LATITUDE:   36 37 N
                                          LONGITUDE: 116  1 W

[TEMPERATURE DATA]      [PRECIPITATION DATA]       SYMBOLS USED IN COLUMN 16

AVERAGE MONTHLY: 65.0   TOTAL FOR MONTH:   0.14    1 = FOG OR MIST
DPTR FM NORMAL:  -3.6   DPTR FM NORMAL:   -0.03    2 = FOG REDUCING VISIBILITY
HIGHEST:    90 ON  1    GRTST 24HR  0.15 ON 23-24      TO 1/4 MILE OR LESS
LOWEST:     43 ON  9                               3 = THUNDER
                        SNOW, ICE PELLETS, HAIL    4 = ICE PELLETS
                        TOTAL MONTH:   0.0 INCH    5 = HAIL
                        GRTST 24HR     0.0         6 = FREEZING RAIN OR DRIZZLE
                        GRTST DEPTH:   0           7 = DUSTSTORM OR SANDSTORM:
                                                       VSBY 1/2 MILE OR LESS
                                                   8 = SMOKE OR HAZE
[NO. OF DAYS WITH]      [WEATHER - DAYS WITH]      9 = BLOWING SNOW
                                                   X = TORNADO
MAX 32 OR BELOW:   0    0.01 INCH OR MORE:   4
MAX 90 OR ABOVE:   1    0.10 INCH OR MORE:   0
MIN 32 OR BELOW:   0    0.50 INCH OR MORE:   0
MIN  0 OR BELOW:   0    1.00 INCH OR MORE:   0

[HDD (BASE 65) ]
TOTAL THIS MO.    52    CLEAR  (SCALE 0-3)  16
DPTR FM NORMAL     7    PTCLDY (SCALE 4-7)   8
TOTAL FM JUL 1  2109    CLOUDY (SCALE 8-10)  1
DPTR FM NORMAL  -880

[CDD (BASE 65) ]
TOTAL THIS MO.    55
DPTR FM NORMAL   -78    [PRESSURE DATA]
TOTAL FM JAN 1    90    HIGHEST SLP M ON M
DPTR FM NORMAL   -77    LOWEST  SLP 29.49 ON  7

[REMARKS]
