000
CXUS55 KVEF 220940
CF6DRA
PRELIMINARY LOCAL CLIMATOLOGICAL DATA (WS FORM: F-6)

                                          STATION:   DESERT ROCK-MERCURY NV
                                          MONTH:     DECEMBER
                                          YEAR:      2014
                                          LATITUDE:   36 37 N
                                          LONGITUDE: 116  1 W

  TEMPERATURE IN F:       :PCPN:    SNOW:  WIND      :SUNSHINE: SKY     :PK WND
================================================================================
1   2   3   4   5  6A  6B    7    8   9   10  11  12  13   14  15   16   17  18
                                     12Z  AVG MX 2MIN
DY MAX MIN AVG DEP HDD CDD  WTR  SNW DPTH SPD SPD DIR MIN PSBL S-S WX    SPD DR
================================================================================

 1  61  38  50   5  15   0 0.00  0.0    0  3.3 10 120   M    M   0        13 120
 2  54  43  49   4  16   0 0.31  0.0    0  4.8 13 110   M    M   7 1      17 130
 3  52  47  50   5  15   0 0.14  0.0    0 11.8 21 120   M    M  10 1      27 120
 4  60  43  52   8  13   0 0.04  0.0    0  4.4 13 240   M    M   5 1       M  M
 5  56  42  49   5  16   0 0.00  0.0    0  6.0 14 110   M    M   7        17 110
 6  63  44  54  10  11   0 0.02  0.0    0  2.1  8 240   M    M   3 1      10  20
 7  62  41  52   8  13   0 0.00  0.0    0  6.3 15 120   M    M   0        18 120
 8  66  43  55  11  10   0 0.00  0.0    0  5.4 14 130   M    M   0        18 120
 9  65  39  52   8  13   0 0.00  0.0    0  2.7 14  30   M    M   0        16  30
10  65  40  53  10  12   0 0.00  0.0    0  4.9 13 110   M    M   0        16 110
11  64  43  54  11  11   0 0.00  0.0    0  5.6 17 120   M    M   0        21 130
12  58  41  50   7  15   0 0.40  0.0    0 12.2 37 220   M    M   4 1      46 220
13  54  35  45   2  20   0 0.04  0.0    0  6.6 17 230   M    M   6        22 220
14  52  31  42  -1  23   0 0.00  0.0    0  3.6 14  20   M    M   0        15  20
15  50  33  42  -1  23   0 0.00  0.0    0  7.5 17 120   M    M   2        21 120
16  52  36  44   1  21   0    T  0.0    0  4.0 14 120   M    M   5        17 120
17  45  41  43   0  22   0 0.18  0.0    0  3.7 15 120   M    M  10 1      17 110
18  53  39  46   3  19   0 0.00  0.0    0  2.9  8 200   M    M   7         M  M
19  51  33  42   0  23   0 0.00  0.0    0  2.5  8 220   M    M   3         9 220
20  51  33  42   0  23   0 0.00  0.0    0  2.2  6 230   M    M   1         M  M
21  53  34  44   2  21   0 0.00  0.0    0  2.6 13 220   M    M   0        15 220
================================================================================
SM 1187  819       355   0  1.13     0.0 105.1          M       70
================================================================================
AV 56.5 39.0                               5.0 FASTST   M    M   3    MAX(MPH)
                                 MISC ---->  # 37 220               # 46  220
================================================================================
NOTES:
# LAST OF SEVERAL OCCURRENCES

COLUMN 17 PEAK WIND IN M.P.H.

PRELIMINARY LOCAL CLIMATOLOGICAL DATA (WS FORM: F-6) , PAGE 2

                                          STATION:  DESERT ROCK-MERCURY NV
                                          MONTH:    DECEMBER
                                          YEAR:     2014
                                          LATITUDE:   36 37 N
                                          LONGITUDE: 116  1 W

[TEMPERATURE DATA]      [PRECIPITATION DATA]       SYMBOLS USED IN COLUMN 16

AVERAGE MONTHLY: 47.8   TOTAL FOR MONTH:   1.13    1 = FOG OR MIST
DPTR FM NORMAL:   4.3   DPTR FM NORMAL:    0.75    2 = FOG REDUCING VISIBILITY
HIGHEST:    66 ON  8    GRTST 24HR  0.44 ON 12-13      TO 1/4 MILE OR LESS
LOWEST:     31 ON 14                               3 = THUNDER
                        SNOW, ICE PELLETS, HAIL    4 = ICE PELLETS
                        TOTAL MONTH:   0.0 INCH    5 = HAIL
                        GRTST 24HR     0.0         6 = FREEZING RAIN OR DRIZZLE
                        GRTST DEPTH:   0           7 = DUSTSTORM OR SANDSTORM:
                                                       VSBY 1/2 MILE OR LESS
                                                   8 = SMOKE OR HAZE
[NO. OF DAYS WITH]      [WEATHER - DAYS WITH]      9 = BLOWING SNOW
                                                   X = TORNADO
MAX 32 OR BELOW:   0    0.01 INCH OR MORE:   7
MAX 90 OR ABOVE:   0    0.10 INCH OR MORE:   4
MIN 32 OR BELOW:   1    0.50 INCH OR MORE:   0
MIN  0 OR BELOW:   0    1.00 INCH OR MORE:   0

[HDD (BASE 65) ]
TOTAL THIS MO.   355    CLEAR  (SCALE 0-3)  11
DPTR FM NORMAL   -96    PTCLDY (SCALE 4-7)   8
TOTAL FM JUL 1   717    CLOUDY (SCALE 8-10)  2
DPTR FM NORMAL  -291

[CDD (BASE 65) ]
TOTAL THIS MO.     0
DPTR FM NORMAL     0    [PRESSURE DATA]
TOTAL FM JAN 1  2503    HIGHEST SLP M ON M
DPTR FM NORMAL   308    LOWEST  SLP 29.73 ON 12

[REMARKS]
