019
CXUS55 KVEF 290940
CF6DRA
PRELIMINARY LOCAL CLIMATOLOGICAL DATA (WS FORM: F-6)

                                          STATION:   DESERT ROCK-MERCURY NV
                                          MONTH:     MAY
                                          YEAR:      2016
                                          LATITUDE:   36 37 N
                                          LONGITUDE: 116  1 W

  TEMPERATURE IN F:       :PCPN:    SNOW:  WIND      :SUNSHINE: SKY     :PK WND
================================================================================
1   2   3   4   5  6A  6B    7    8   9   10  11  12  13   14  15   16   17  18
                                     12Z  AVG MX 2MIN
DY MAX MIN AVG DEP HDD CDD  WTR  SNW DPTH SPD SPD DIR MIN PSBL S-S WX    SPD DR
================================================================================

 1  74  50  62  -2   3   0 0.00  0.0    0  7.9 20 150   M    M   2        26 160
 2  76  51  64  -1   1   0 0.00  0.0    0  5.0 17  30   M    M   3        21  20
 3  81  50  66   1   0   1 0.00  0.0    0  8.1 18 110   M    M   0        24 120
 4  88  52  70   4   0   5 0.00  0.0    0  7.7 26 190   M    M   1        35 200
 5  81  56  69   3   0   4    T  0.0    0 10.3 32 200   M    M   1        45 200
 6  70  51  61  -5   4   0 0.00  0.0    0  8.5 22 220   M    M   4        28 220
 7  68  50  59  -8   6   0 0.11  0.0    0  6.7 18 210   M    M   8        24 240
 8  74  46  60  -7   5   0 0.00  0.0    0  7.3 21 230   M    M   2        26 250
 9  82  53  68   1   0   3 0.00  0.0    0 10.0 21 240   M    M   0        29 220
10  83  62  73   5   0   8 0.00  0.0    0  8.6 26  20   M    M   2        31  40
11  71  60  66  -2   0   1 0.00  0.0    0 18.1 23  30   M    M   5        30  30
12   M   M   M   M   M   M    M    M    M   M   M   M   M    M   M         M  M
13   M   M   M   M   M   M    M    M    M   M   M   M   M    M   M         M  M
14   M   M   M   M   M   M    M    M    M   M   M   M   M    M   M         M  M
15   M   M   M   M   M   M    M    M    M   M   M   M   M    M   M         M  M
16   M   M   M   M   M   M    M    M    M   M   M   M   M    M   M         M  M
17   M   M   M   M   M   M    M    M    M   M   M   M   M    M   M         M  M
18  87  55  71   1   0   6 0.00  0.0    M  6.8 16 260   M    M   2        28 300
19  91  60  76   5   0  11 0.00  0.0    0 17.5 39 210   M    M   0        51 220
20  74  58  66  -5   0   1 0.00  0.0    0 30.0 46 210   M    M   0        64 210
21  72  51  62  -9   3   0 0.00  0.0    0 17.9 36 190   M    M   0        50 220
22  75  48  62 -10   3   0 0.00  0.0    0  7.3 17 220   M    M   0        24 210
23  78  52  65  -7   0   0 0.00  0.0    0 13.1 28 220   M    M   0        38 240
24  74  55  65  -7   0   0 0.00  0.0    0 16.1 29 230   M    M   1        36 240
25  75  48  62 -10   3   0    T    M    0  7.1 24 310   M    M   1        29 300
26  79  50  65  -8   0   0 0.00  0.0    0  5.6 15 300   M    M   1        21 280
27  84  52  68  -5   0   3 0.00  0.0    0  5.3 18 240   M    M   0        26 220
28  88  56  72  -1   0   7 0.00  0.0    0  5.7 21 190   M    M   3        27 210
================================================================================
SM 1725 1166        28  50  0.11     0.0 230.6          M       36
================================================================================
AV 78.4 53.0                              10.5 FASTST   M    M   2    MAX(MPH)
                                 MISC ---->  # 46 210               # 64  210
================================================================================
NOTES:
# LAST OF SEVERAL OCCURRENCES

COLUMN 17 PEAK WIND IN M.P.H.

PRELIMINARY LOCAL CLIMATOLOGICAL DATA (WS FORM: F-6) , PAGE 2

                                          STATION:  DESERT ROCK-MERCURY NV
                                          MONTH:    MAY
                                          YEAR:     2016
                                          LATITUDE:   36 37 N
                                          LONGITUDE: 116  1 W

[TEMPERATURE DATA]      [PRECIPITATION DATA]       SYMBOLS USED IN COLUMN 16

AVERAGE MONTHLY: 65.7   TOTAL FOR MONTH:   0.11    1 = FOG OR MIST
DPTR FM NORMAL:  -3.4   DPTR FM NORMAL:   -0.08    2 = FOG REDUCING VISIBILITY
HIGHEST:    91 ON 19    GRTST 24HR  0.36 ON 30- 1      TO 1/4 MILE OR LESS
LOWEST:     46 ON  8                               3 = THUNDER
                        SNOW, ICE PELLETS, HAIL    4 = ICE PELLETS
                        TOTAL MONTH:   0.0 INCH    5 = HAIL
                        GRTST 24HR     0.0         6 = FREEZING RAIN OR DRIZZLE
                        GRTST DEPTH:   0           7 = DUSTSTORM OR SANDSTORM:
                                                       VSBY 1/2 MILE OR LESS
                                                   8 = SMOKE OR HAZE
[NO. OF DAYS WITH]      [WEATHER - DAYS WITH]      9 = BLOWING SNOW
                                                   X = TORNADO
MAX 32 OR BELOW:   0    0.01 INCH OR MORE:   1
MAX 90 OR ABOVE:   1    0.10 INCH OR MORE:   1
MIN 32 OR BELOW:   0    0.50 INCH OR MORE:   0
MIN  0 OR BELOW:   0    1.00 INCH OR MORE:   0

[HDD (BASE 65) ]
TOTAL THIS MO.    28    CLEAR  (SCALE 0-3)  19
DPTR FM NORMAL   -20    PTCLDY (SCALE 4-7)   3
TOTAL FM JUL 1  2766    CLOUDY (SCALE 8-10)  0
DPTR FM NORMAL  -226

[CDD (BASE 65) ]
TOTAL THIS MO.    50
DPTR FM NORMAL  -109    [PRESSURE DATA]
TOTAL FM JAN 1    82    HIGHEST SLP M ON M
DPTR FM NORMAL  -111    LOWEST  SLP 29.37 ON 20

[REMARKS]
