000
CXUS54 KFWD 230730
CF6DTO
PRELIMINARY LOCAL CLIMATOLOGICAL DATA (WS FORM: F-6)

                                          STATION:   DENTON
                                          MONTH:     JANUARY
                                          YEAR:      2017
                                          LATITUDE:   33 12 N
                                          LONGITUDE:  97 12 W

  TEMPERATURE IN F:       :PCPN:    SNOW:  WIND      :SUNSHINE: SKY     :PK WND
================================================================================
1   2   3   4   5  6A  6B    7    8   9   10  11  12  13   14  15   16   17  18
                                     12Z  AVG MX 2MIN
DY MAX MIN AVG DEP HDD CDD  WTR  SNW DPTH SPD SPD DIR MIN PSBL S-S WX    SPD DR
================================================================================

 1  66  36  51   9  14   0 0.01  0.0    0  4.3 10 110   M    M   4 12     13 160
 2  70  52  61  19   4   0 0.85  0.0    0  7.6 33 250   M    M   3 13     45 240
 3  57  33  45   2  20   0 0.00  0.0    0 12.8 24 330   M    M   6        29 340
 4  37  28  33 -10  32   0 0.00  0.0    0  7.0 16  10   M    M   0        19  20
 5  35  23  29 -14  36   0 0.00  0.0    0 13.0 23  10   M    M   3        29 360
 6  24  12  18 -25  47   0    T    T    0 12.9 22  20   M    M   7 1      27  10
 7  39   8  24 -19  41   0 0.00  0.0    0  4.2  8 130   M    M   0        11 350
 8  47  14  31 -12  34   0 0.00  0.0    0 10.2 24 170   M    M   0        30 160
 9  67  32  50   7  15   0 0.00  0.0    0 18.0 33 180   M    M   0        42 170
10  77  45  61  18   4   0 0.00  0.0    0 10.4 30 190   M    M   0        40 190
11  79  43  61  18   4   0 0.00  0.0    0 18.0 29 190   M    M   0        36 190
12  73  44  59  16   6   0 0.00  0.0    0 12.3 22 340   M    M   7 1      28 180
13  46  37  42  -1  23   0 0.18  0.0    0 10.1 15 360   M    M  10 1      19  10
14  41  36  39  -4  26   0    T  0.0    0  8.7 14 350   M    M  10 1      17 360
15  64  41  53  10  12   0 1.66  0.0    0  7.8 44 290   M    M  10 123    56 290
16  61  45  53  10  12   0 0.01    M    0  7.3 16 270   M    M   4 12     20 270
17  50  38  44   0  21   0 0.23    M    0  6.0 17 230   M    M   3 1      21 220
18  53  45  49   5  16   0 0.02    M    0  5.2 15  10   M    M   9 12     19  20
19  65  42  54  10  11   0 0.00  0.0    0 10.7 22 170   M    M   5 12     25 180
20  75  43  59  15   6   0 0.00  0.0    0 10.2 21 240   M    M   0        27 240
21  72  39  56  12   9   0    T  0.0    0  6.9 16 150   M    M   2 3      21 130
22  64  43  54  10  11   0 0.00  0.0    0 14.0 36 340   M    M   2        45 330
================================================================================
SM 1262  779       404   0  2.96    T    217.6          M       85
================================================================================
AV 57.4 35.4                               9.9 FASTST   M    M   4    MAX(MPH)
                                 MISC ---->  # 44 290               # 56  290
================================================================================
NOTES:
# LAST OF SEVERAL OCCURRENCES

COLUMN 17 PEAK WIND IN M.P.H.

PRELIMINARY LOCAL CLIMATOLOGICAL DATA (WS FORM: F-6) , PAGE 2

                                          STATION:  DENTON
                                          MONTH:    JANUARY
                                          YEAR:     2017
                                          LATITUDE:   33 12 N
                                          LONGITUDE:  97 12 W

[TEMPERATURE DATA]      [PRECIPITATION DATA]       SYMBOLS USED IN COLUMN 16

AVERAGE MONTHLY: 46.4   TOTAL FOR MONTH:   2.96    1 = FOG OR MIST
DPTR FM NORMAL:   3.2   DPTR FM NORMAL:    1.68    2 = FOG REDUCING VISIBILITY
HIGHEST:    79 ON 11    GRTST 24HR  1.67 ON 15-16      TO 1/4 MILE OR LESS
LOWEST:      8 ON  7                               3 = THUNDER
                        SNOW, ICE PELLETS, HAIL    4 = ICE PELLETS
                        TOTAL MONTH:    T          5 = HAIL
                        GRTST 24HR    T  ON  6- 6  6 = FREEZING RAIN OR DRIZZLE
                        GRTST DEPTH:   0           7 = DUSTSTORM OR SANDSTORM:
                                                       VSBY 1/2 MILE OR LESS
                                                   8 = SMOKE OR HAZE
[NO. OF DAYS WITH]      [WEATHER - DAYS WITH]      9 = BLOWING SNOW
                                                   X = TORNADO
MAX 32 OR BELOW:   1    0.01 INCH OR MORE:   7
MAX 90 OR ABOVE:   0    0.10 INCH OR MORE:   4
MIN 32 OR BELOW:   6    0.50 INCH OR MORE:   2
MIN  0 OR BELOW:   0    1.00 INCH OR MORE:   1

[HDD (BASE 65) ]
TOTAL THIS MO.   404    CLEAR  (SCALE 0-3)  11
DPTR FM NORMAL   -75    PTCLDY (SCALE 4-7)   7
TOTAL FM JUL 1  1183    CLOUDY (SCALE 8-10)  4
DPTR FM NORMAL  -382

[CDD (BASE 65) ]
TOTAL THIS MO.     0
DPTR FM NORMAL     0    [PRESSURE DATA]
TOTAL FM JAN 1     0    HIGHEST SLP M ON M
DPTR FM NORMAL     0    LOWEST  SLP 29.35 ON M

[REMARKS]
