000
CXUS54 KFWD 230730
CF6DTO
PRELIMINARY LOCAL CLIMATOLOGICAL DATA (WS FORM: F-6)

                                          STATION:   DENTON
                                          MONTH:     JANUARY
                                          YEAR:      2018
                                          LATITUDE:   33 12 N
                                          LONGITUDE:  97 12 W

  TEMPERATURE IN F:       :PCPN:    SNOW:  WIND      :SUNSHINE: SKY     :PK WND
================================================================================
1   2   3   4   5  6A  6B    7    8   9   10  11  12  13   14  15   16   17  18
                                     12Z  AVG MX 2MIN
DY MAX MIN AVG DEP HDD CDD  WTR  SNW DPTH SPD SPD DIR MIN PSBL S-S WX    SPD DR
================================================================================

 1  27  13  20 -22  45   0 0.00  0.0    0 10.8 20  20   M    M   0        23  40
 2  24  18  21 -21  44   0 0.00  0.0    0  6.0 12 360   M    M   8        15  40
 3  48  11  30 -13  35   0 0.00  0.0    0  6.8 16 360   M    M   0        21 330
 4  48  19  34  -9  31   0 0.00  0.0    0  3.3  9  80   M    M   0        13 110
 5  62  22  42  -1  23   0 0.00  0.0    0  3.8 14 190   M    M   0        16 200
 6  63  32  48   5  17   0 0.00  0.0    0  9.7 20 160   M    M   1        24 160
 7  59  49  54  11  11   0 0.11  0.0    0 14.7 25 160   M    M   9 1      31 180
 8  60  37  49   6  16   0 0.00  0.0    0  8.7 20  20   M    M   0        21  20
 9  56  28  42  -1  23   0 0.00  0.0    0  6.9 17 150   M    M   3 128    21 150
10  57  44  51   8  14   0 0.00  0.0    0 14.6 28 170   M    M   7 18     33 170
11  57  26  42  -1  23   0    T    T    0 18.1 35 330   M    M   3        43 340
12  43  20  32 -11  33   0 0.00  0.0    0 11.0 21 340   M    M   0        25 340
13  45  23  34  -9  31   0 0.00  0.0    0  7.7 17 350   M    M   1        22 350
14  54  21  38  -5  27   0 0.00  0.0    0  6.9 17 200   M    M   0        22 180
15  61  25  43   0  22   0    T    M    0 12.4 30  20   M    M   5        38  20
16  29  11  20 -23  45   0    T    M    0 14.2 25 360   M    M   3        31 360
17  34   4  19 -25  46   0 0.00  0.0    0  4.1  8 300   M    M   0         9 360
18  48  10  29 -15  36   0 0.00  0.0    0  6.8 17 170   M    M   1        22 170
19  59  27  43  -1  22   0 0.00  0.0    0 14.3 26 190   M    M   3        33 190
20  74  50  62  18   3   0 0.00  0.0    0 16.2 25 180   M    M   4 1      33 200
21  75  58  67  23   0   2    T  0.0    0 17.0 30 200   M    M   7 3      40 220
22  58  32  45   1  20   0 0.00  0.0    0 14.9 29 300   M    M   0        39 300
================================================================================
SM 1141  580       567   2  0.11    T    228.9          M       55
================================================================================
AV 51.9 26.4                              10.4 FASTST   M    M   3    MAX(MPH)
                                 MISC ---->  # 35 330               # 43  340
================================================================================
NOTES:
# LAST OF SEVERAL OCCURRENCES

COLUMN 17 PEAK WIND IN M.P.H.

PRELIMINARY LOCAL CLIMATOLOGICAL DATA (WS FORM: F-6) , PAGE 2

                                          STATION:  DENTON
                                          MONTH:    JANUARY
                                          YEAR:     2018
                                          LATITUDE:   33 12 N
                                          LONGITUDE:  97 12 W

[TEMPERATURE DATA]      [PRECIPITATION DATA]       SYMBOLS USED IN COLUMN 16

AVERAGE MONTHLY: 39.1   TOTAL FOR MONTH:   0.11    1 = FOG OR MIST
DPTR FM NORMAL:  -4.1   DPTR FM NORMAL:   -1.17    2 = FOG REDUCING VISIBILITY
HIGHEST:    75 ON 21    GRTST 24HR  0.11 ON  7- 7      TO 1/4 MILE OR LESS
LOWEST:      4 ON 17                               3 = THUNDER
                        SNOW, ICE PELLETS, HAIL    4 = ICE PELLETS
                        TOTAL MONTH:    T          5 = HAIL
                        GRTST 24HR    T  ON 11-11  6 = FREEZING RAIN OR DRIZZLE
                        GRTST DEPTH:   0           7 = DUSTSTORM OR SANDSTORM:
                                                       VSBY 1/2 MILE OR LESS
                                                   8 = SMOKE OR HAZE
[NO. OF DAYS WITH]      [WEATHER - DAYS WITH]      9 = BLOWING SNOW
                                                   X = TORNADO
MAX 32 OR BELOW:   3    0.01 INCH OR MORE:   1
MAX 90 OR ABOVE:   0    0.10 INCH OR MORE:   1
MIN 32 OR BELOW:  17    0.50 INCH OR MORE:   0
MIN  0 OR BELOW:   0    1.00 INCH OR MORE:   0

[HDD (BASE 65) ]
TOTAL THIS MO.   567    CLEAR  (SCALE 0-3)  13
DPTR FM NORMAL    88    PTCLDY (SCALE 4-7)   7
TOTAL FM JUL 1  1504    CLOUDY (SCALE 8-10)  2
DPTR FM NORMAL   -61

[CDD (BASE 65) ]
TOTAL THIS MO.     2
DPTR FM NORMAL     2    [PRESSURE DATA]
TOTAL FM JAN 1     2    HIGHEST SLP M ON M
DPTR FM NORMAL     2    LOWEST  SLP 29.64 ON 11

[REMARKS]
