000
CXUS55 KTWC 280855
CF6DUG
PRELIMINARY LOCAL CLIMATOLOGICAL DATA (WS FORM: F-6)

                                          STATION:   DOUGLAS AZ
                                          MONTH:     AUGUST
                                          YEAR:      2016
                                          LATITUDE:   31 28 N
                                          LONGITUDE: 109 36 W

  TEMPERATURE IN F:       :PCPN:    SNOW:  WIND      :SUNSHINE: SKY     :PK WND
================================================================================
1   2   3   4   5  6A  6B    7    8   9   10  11  12  13   14  15   16   17  18
                                     12Z  AVG MX 2MIN
DY MAX MIN AVG DEP HDD CDD  WTR  SNW DPTH SPD SPD DIR MIN PSBL S-S WX    SPD DR
================================================================================

 1  84  66  75  -4   0  10 0.45    M    M  3.9 18 170   M    M   5 13     25 160
 2  82  67  75  -3   0  10 0.29    M    M  5.6 22 290   M    M   6 13     30 310
 3  85  63  74  -4   0   9 0.00    M    M  4.5 15 270   M    M   2 123    19 280
 4  87  68  78   0   0  13 0.15    M    M  2.5  6 180   M    M   2 13      M  M
 5  90  65  78   0   0  13 0.00    M    M  3.6 16 310   M    M   0 13     22 310
 6  93  64  79   1   0  14 0.06    M    M  5.3 40 160   M    M   0 3      57 150
 7  94  64  79   1   0  14 0.00    M    M  4.5 22 190   M    M   1 3      27 190
 8  92  67  80   2   0  15 0.00    M    M  5.8 16 260   M    M   0 3      21 190
 9  84  67  76  -2   0  11 0.00    M    M  7.7 20 180   M    M   4 3      25 180
10  85  67  76  -2   0  11 0.00    M    M  7.6 16 230   M    M   6 3      20 190
11  89  67  78   0   0  13 0.04    M    M  7.0 21 340   M    M   3 3      26 230
12  92  65  79   1   0  14 0.00    M    M  7.2 24 330   M    M   1 13     28 320
13  91  62  77  -1   0  12 1.37    M    M  8.5 41  20   M    M   2 13     50  20
14  87  58  73  -5   0   8 0.00    M    M  9.3 18 110   M    M   0        23 120
15  92  59  76  -2   0  11 0.00    M    M  6.9 16 100   M    M   0        23 130
16  93  58  76  -2   0  11 0.00    M    M  6.5 18 100   M    M   0        23 120
17  92  56  74  -4   0   9 0.00    M    M  7.1 18 120   M    M   0        24 110
18  95  55  75  -3   0  10 0.00    M    M  4.9 10 360   M    M   0        13 180
19  93  66  80   2   0  15 0.07    M    M  6.2 24 270   M    M   4 3      29 270
20  89  63  76  -2   0  11 0.01    M    M  6.1 16 230   M    M   5 3      21 240
21  89  58  74  -4   0   9 0.00    M    M  6.2 24 310   M    M   0        30 310
22  92  61  77  -1   0  12 0.00  0.0    M  4.4 15 270   M    M   M        22 240
23  91  58  75  -3   0  10 0.00  0.0    M  6.8 21 260   M    M   M        27 240
24  91  57  74  -4   0   9 0.10  0.0    M  6.2 30 330   M    M   M 3      38 330
25  90  57  74  -4   0   9 0.00  0.0    M  6.3 26 140   M    M   M 3      33 130
26  87  60  74  -4   0   9 0.00  0.0    M  6.5 18 220   M    M   M 3      25 250
27  90  62  76  -2   0  11 0.00  0.0    M  5.8 17 210   M    M   M        24 210
================================================================================
SM 2419 1680         0 303  2.54     0.0 162.9          M       41
================================================================================
AV 89.6 62.2                               6.0 FASTST   M    M   2    MAX(MPH)
                                 MISC ---->  # 41  20               # 57  150
================================================================================
NOTES:
# LAST OF SEVERAL OCCURRENCES

COLUMN 17 PEAK WIND IN M.P.H.

PRELIMINARY LOCAL CLIMATOLOGICAL DATA (WS FORM: F-6) , PAGE 2

                                          STATION:  DOUGLAS AZ
                                          MONTH:    AUGUST
                                          YEAR:     2016
                                          LATITUDE:   31 28 N
                                          LONGITUDE: 109 36 W

[TEMPERATURE DATA]      [PRECIPITATION DATA]       SYMBOLS USED IN COLUMN 16

AVERAGE MONTHLY: 75.9   TOTAL FOR MONTH:   2.54    1 = FOG OR MIST
DPTR FM NORMAL:  -2.1   DPTR FM NORMAL:   -0.24    2 = FOG REDUCING VISIBILITY
HIGHEST:    95 ON 18    GRTST 24HR  1.37 ON 13-13      TO 1/4 MILE OR LESS
LOWEST:     55 ON 18                               3 = THUNDER
                        SNOW, ICE PELLETS, HAIL    4 = ICE PELLETS
                        TOTAL MONTH:   0.0 INCH    5 = HAIL
                        GRTST 24HR     0.0         6 = FREEZING RAIN OR DRIZZLE
                        GRTST DEPTH:  M  ON   M    7 = DUSTSTORM OR SANDSTORM:
                                                       VSBY 1/2 MILE OR LESS
                                                   8 = SMOKE OR HAZE
[NO. OF DAYS WITH]      [WEATHER - DAYS WITH]      9 = BLOWING SNOW
                                                   X = TORNADO
MAX 32 OR BELOW:   0    0.01 INCH OR MORE:   9
MAX 90 OR ABOVE:  16    0.10 INCH OR MORE:   5
MIN 32 OR BELOW:   0    0.50 INCH OR MORE:   1
MIN  0 OR BELOW:   0    1.00 INCH OR MORE:   1

[HDD (BASE 65) ]
TOTAL THIS MO.     0    CLEAR  (SCALE 0-3)  14
DPTR FM NORMAL     0    PTCLDY (SCALE 4-7)   7
TOTAL FM JUL 1     0    CLOUDY (SCALE 8-10)  0
DPTR FM NORMAL     0

[CDD (BASE 65) ]
TOTAL THIS MO.   303
DPTR FM NORMAL   -50    [PRESSURE DATA]
TOTAL FM JAN 1  1428    HIGHEST SLP  0.00 ON  4
DPTR FM NORMAL    14    LOWEST  SLP  0.00 ON  4

[REMARKS]
