000
CXUS55 KDVN 251100
CF6DVN
PRELIMINARY LOCAL CLIMATOLOGICAL DATA (WS FORM: F-6)

                                          STATION:   DAVENPORT IA
                                          MONTH:     JUNE
                                          YEAR:      2017
                                          LATITUDE:   41 37 N
                                          LONGITUDE:  90 35 W

  TEMPERATURE IN F:       :PCPN:    SNOW:  WIND      :SUNSHINE: SKY     :PK WND
================================================================================
1   2   3   4   5  6A  6B    7    8   9   10  11  12  13   14  15   16   17  18
                                     12Z  AVG MX 2MIN
DY MAX MIN AVG DEP HDD CDD  WTR  SNW DPTH SPD SPD DIR MIN PSBL S-S WX    SPD DR
================================================================================

 1  82  50  66   0   0   1 0.00  0.0    0  5.2 14 240   M    M   0        18 240
 2  87  56  72   5   0   7 0.00  0.0    0  5.6 14 210   M    M   0        22 170
 3  91  65  78  11   0  13 0.00  0.0    0  8.2 20 240   M    M   1        24 230
 4  93  66  80  13   0  15    T  0.0    0  8.7 20 330   M    M   0        24 350
 5  85  58  72   4   0   7 0.00  0.0    0 10.8 24  40   M    M   0        35  20
 6  79  53  66  -2   0   1 0.00  0.0    0  9.4 15  50   M    M   0        24  50
 7  80  55  68   0   0   3 0.00  0.0    0  7.5 16  30   M    M   0        22  40
 8  83  53  68  -1   0   3    T  0.0    0  7.5 17 240   M    M   2        25 210
 9  90  64  77   8   0  12 0.00  0.0    0 11.8 22 230   M    M   1        32 250
10  89  67  78   9   0  13 0.00  0.0    0 17.2 29 190   M    M   0        37 210
11  93  71  82  13   0  17 0.00  0.0    0 16.3 26 180   M    M   0        34 170
12  92  73  83  13   0  18 0.00  0.0    0 12.0 21 190   M    M   1        25 190
13  94  73  84  14   0  19 0.00  0.0    0 10.5 20 190   M    M   1        24 200
14  89  71  80  10   0  15 0.04  0.0    0 10.4 21 180   M    M   2 38     27 170
15  92  64  78   8   0  13 0.70  0.0    0  9.1 52 310   M    M   1 138    62 320
16  87  65  76   5   0  11 0.24  0.0    0  8.7 18 360   M    M   2 13     24 190
17  84  67  76   5   0  11 1.37  0.0    0  8.0 20 270   M    M   5 13     24 270
18  76  63  70  -1   0   5 0.00  0.0    0 12.8 23 290   M    M   4        29 290
19  79  57  68  -3   0   3 0.04  0.0    0 10.3 26 300   M    M   2 38     35 300
20  87  56  72   0   0   7 0.01  0.0    0  9.8 24 260   M    M   0 3      30 250
21  80  58  69  -3   0   4 0.36  0.0    0  9.1 22 200   M    M   3 13     29 190
22  86  73  80   8   0  15    T  0.0    0 11.1 30 180   M    M   2        37 180
23  80  60  70  -2   0   5 0.86  0.0    0 12.9 29 310   M    M   1 13     36 300
24  73  54  64  -8   1   0    T  0.0    0 12.2 25 290   M    M   1        33 290
================================================================================
SM 2051 1492         1 218  3.62     0.0 245.1          M       29
================================================================================
AV 85.5 62.2                              10.2 FASTST   M    M   1    MAX(MPH)
                                 MISC ---->  # 52 310               # 62  320
================================================================================
NOTES:
# LAST OF SEVERAL OCCURRENCES

COLUMN 17 PEAK WIND IN M.P.H.

PRELIMINARY LOCAL CLIMATOLOGICAL DATA (WS FORM: F-6) , PAGE 2

                                          STATION:  DAVENPORT IA
                                          MONTH:    JUNE
                                          YEAR:     2017
                                          LATITUDE:   41 37 N
                                          LONGITUDE:  90 35 W

[TEMPERATURE DATA]      [PRECIPITATION DATA]       SYMBOLS USED IN COLUMN 16

AVERAGE MONTHLY: 73.8   TOTAL FOR MONTH:   3.62    1 = FOG OR MIST
DPTR FM NORMAL:   4.2   DPTR FM NORMAL:    0.18    2 = FOG REDUCING VISIBILITY
HIGHEST:    94 ON 13    GRTST 24HR  1.37 ON 17-17      TO 1/4 MILE OR LESS
LOWEST:     50 ON  1                               3 = THUNDER
                        SNOW, ICE PELLETS, HAIL    4 = ICE PELLETS
                        TOTAL MONTH:   0.0 INCH    5 = HAIL
                        GRTST 24HR     0.0         6 = FREEZING RAIN OR DRIZZLE
                        GRTST DEPTH:   0           7 = DUSTSTORM OR SANDSTORM:
                                                       VSBY 1/2 MILE OR LESS
                                                   8 = SMOKE OR HAZE
[NO. OF DAYS WITH]      [WEATHER - DAYS WITH]      9 = BLOWING SNOW
                                                   X = TORNADO
MAX 32 OR BELOW:   0    0.01 INCH OR MORE:   8
MAX 90 OR ABOVE:   7    0.10 INCH OR MORE:   5
MIN 32 OR BELOW:   0    0.50 INCH OR MORE:   3
MIN  0 OR BELOW:   0    1.00 INCH OR MORE:   1

[HDD (BASE 65) ]
TOTAL THIS MO.     1    CLEAR  (SCALE 0-3)  22
DPTR FM NORMAL   -21    PTCLDY (SCALE 4-7)   2
TOTAL FM JUL 1  5411    CLOUDY (SCALE 8-10)  0
DPTR FM NORMAL -1098

[CDD (BASE 65) ]
TOTAL THIS MO.   218
DPTR FM NORMAL    84    [PRESSURE DATA]
TOTAL FM JAN 1   270    HIGHEST SLP M ON M
DPTR FM NORMAL    75    LOWEST  SLP 29.55 ON 17

[REMARKS]
