000
CXUS55 KDVN 261100
CF6DVN
PRELIMINARY LOCAL CLIMATOLOGICAL DATA (WS FORM: F-6)

                                          STATION:   DAVENPORT IA
                                          MONTH:     FEBRUARY
                                          YEAR:      2015
                                          LATITUDE:   41 37 N
                                          LONGITUDE:  90 35 W

  TEMPERATURE IN F:       :PCPN:    SNOW:  WIND      :SUNSHINE: SKY     :PK WND
================================================================================
1   2   3   4   5  6A  6B    7    8   9   10  11  12  13   14  15   16   17  18
                                     12Z  AVG MX 2MIN
DY MAX MIN AVG DEP HDD CDD  WTR  SNW DPTH SPD SPD DIR MIN PSBL S-S WX    SPD DR
================================================================================

 1  32  10  21  -1  44   0 1.36 12.0    7 21.6 33  30   M    M  10 1289   41  20
 2  13 -11   1 -22  64   0 0.00  0.0    9  7.8 20 340   M    M   2 8      24 340
 3  25   5  15  -8  50   0    T    T    9  5.8 15 170   M    M   6 18     17 170
 4  22  -4   9 -14  56   0 0.03  0.5    8 12.2 21 340   M    M   5 18     24 340
 5  14 -15   0 -23  65   0 0.00  0.0    7  8.3 15 200   M    M   2        18 200
 6  33   9  21  -2  44   0 0.00  0.0    7  8.9 15 190   M    M   0        18 190
 7  42  19  31   7  34   0 0.00  0.0    7  8.4 16 190   M    M   0 18     19 180
 8  39  24  32   8  33   0 0.00  0.0    3 11.3 20  40   M    M   4 18     23  40
 9  28  13  21  -3  44   0 0.00  0.0    2  8.1 18  20   M    M   7 18     21  20
10  31  13  22  -2  43   0 0.00  0.0    2  9.5 22 150   M    M   4 1      26 140
11  33  12  23  -2  42   0    T    T    2 19.6 33 330   M    M   7 1      40 320
12  12   4   8 -17  57   0    T    T    2 13.5 32 320   M    M   0 8      40 320
13  30   3  17  -8  48   0 0.00  0.0    2 11.2 24 300   M    M   6        31 300
14  26  -3  12 -14  53   0 0.00  0.0    2 18.9 37 330   M    M   3        45 310
15  11  -3   4 -22  61   0 0.00  0.0    2  8.6 15  50   M    M   7        17  40
16  19   6  13 -13  52   0    T    T    2  5.4 12 270   M    M   4        13 270
17  20   7  14 -13  51   0    T    T    2 14.0 28 290   M    M   4        33 290
18   9  -7   1 -26  64   0    T    T    2 17.5 29 300   M    M   2 8      35 320
19   7 -11  -2 -29  67   0 0.00  0.0    2  6.6 12 270   M    M   0        15 280
20  27   2  15 -13  50   0    T  0.1    2 15.7 25 180   M    M   8        32 180
21  31  18  25  -3  40   0    T    T    2  7.7 20 320   M    M  10 18     48 290
22  18  -4   7 -21  58   0 0.00  0.0    2 13.9 23 330   M    M   1        28 300
23  10 -13  -1 -30  66   0 0.00  0.0    2  7.1 16 220   M    M   0        20 220
24  35   8  22  -7  43   0 0.00  0.0    2 17.2 28 290   M    M   3        34 260
25  21   5  13 -17  52   0 0.18  3.1    2 12.8 21  40   M    M   8 1      24  40
================================================================================
SM  588   87      1281   0  1.57    15.7 291.6          M      103
================================================================================
AV 23.5  3.5                              11.7 FASTST   M    M   4    MAX(MPH)
                                 MISC ---->  # 37 330               # 48  290
================================================================================
NOTES:
# LAST OF SEVERAL OCCURRENCES

COLUMN 17 PEAK WIND IN M.P.H.

PRELIMINARY LOCAL CLIMATOLOGICAL DATA (WS FORM: F-6) , PAGE 2

                                          STATION:  DAVENPORT IA
                                          MONTH:    FEBRUARY
                                          YEAR:     2015
                                          LATITUDE:   41 37 N
                                          LONGITUDE:  90 35 W

[TEMPERATURE DATA]      [PRECIPITATION DATA]       SYMBOLS USED IN COLUMN 16

AVERAGE MONTHLY: 13.5   TOTAL FOR MONTH:   1.57    1 = FOG OR MIST
DPTR FM NORMAL: -12.1   DPTR FM NORMAL:    0.41    2 = FOG REDUCING VISIBILITY
HIGHEST:    42 ON  7    GRTST 24HR  1.36 ON  1- 1      TO 1/4 MILE OR LESS
LOWEST:    -15 ON  5                               3 = THUNDER
                        SNOW, ICE PELLETS, HAIL    4 = ICE PELLETS
                        TOTAL MONTH:  15.7 INCHES  5 = HAIL
                        GRTST 24HR  12.0 ON  1- 1  6 = FREEZING RAIN OR DRIZZLE
                        GRTST DEPTH:   9 ON  3, 2  7 = DUSTSTORM OR SANDSTORM:
                                                       VSBY 1/2 MILE OR LESS
                                                   8 = SMOKE OR HAZE
[NO. OF DAYS WITH]      [WEATHER - DAYS WITH]      9 = BLOWING SNOW
                                                   X = TORNADO
MAX 32 OR BELOW:  20    0.01 INCH OR MORE:   3
MAX 90 OR ABOVE:   0    0.10 INCH OR MORE:   2
MIN 32 OR BELOW:  25    0.50 INCH OR MORE:   1
MIN  0 OR BELOW:   9    1.00 INCH OR MORE:   1

[HDD (BASE 65) ]
TOTAL THIS MO.  1281    CLEAR  (SCALE 0-3)  11
DPTR FM NORMAL   295    PTCLDY (SCALE 4-7)  12
TOTAL FM JUL 1  5301    CLOUDY (SCALE 8-10)  2
DPTR FM NORMAL   379

[CDD (BASE 65) ]
TOTAL THIS MO.     0
DPTR FM NORMAL     0    [PRESSURE DATA]
TOTAL FM JAN 1     0    HIGHEST SLP M ON M
DPTR FM NORMAL     0    LOWEST  SLP 29.59 ON  8

[REMARKS]
