000
CXUS55 KPSR 011005
CF6DVT
PRELIMINARY LOCAL CLIMATOLOGICAL DATA (WS FORM: F-6)

                                          STATION:   DEER VLY/PHOENIX AZ
                                          MONTH:     AUGUST
                                          YEAR:      2015
                                          LATITUDE:   33 41 N
                                          LONGITUDE: 112  4 W

  TEMPERATURE IN F:       :PCPN:    SNOW:  WIND      :SUNSHINE: SKY     :PK WND
================================================================================
1   2   3   4   5  6A  6B    7    8   9   10  11  12  13   14  15   16   17  18
                                     12Z  AVG MX 2MIN
DY MAX MIN AVG DEP HDD CDD  WTR  SNW DPTH SPD SPD DIR MIN PSBL S-S WX    SPD DR
================================================================================

 1 102  81  92   0   0  27 0.00  0.0    0  5.8 14 270   M    M   1        17 280
 2 106  85  96   4   0  31 0.00  0.0    0  6.7 18 250   M    M   1        23 240
 3 107  82  95   3   0  30 0.00  0.0    0  6.2 17 240   M    M   0        22 230
 4 109  79  94   2   0  29 0.00  0.0    0  4.8 17 240   M    M   0        22 230
 5 110  80  95   3   0  30 0.00  0.0    0  5.8 18 270   M    M   0        25 240
 6 102  89  96   4   0  31 0.00  0.0    0  5.0 14 190   M    M   0        18 190
 7 103  82  93   1   0  28 0.03  0.0    0  9.2 29 140   M    M   3 38     37 140
 8  99  79  89  -2   0  24 0.00  0.0    0  3.6 14 160   M    M   0        18 190
 9 104  82  93   2   0  28 0.00  0.0    0  5.1 21 220   M    M   0        25 230
10 101  83  92   1   0  27 0.00  0.0    0  5.4 16 130   M    M   1        22 140
11  97  75  86  -5   0  21 0.30  0.0    0  7.3 43 120   M    M   1 38     58 130
12 106  78  92   1   0  27 0.00  0.0    0  5.7 20  60   M    M   0        29  70
13 111  85  98   7   0  33 0.00  0.0    0  4.8 15 160   M    M   0        25 170
14 112  90 101  10   0  36 0.00  0.0    0  5.5 21 250   M    M   0        25 250
15 112  88 100   9   0  35 0.00  0.0    0  5.0 13 230   M    M   0        18 220
16 111  89 100   9   0  35 0.00  0.0    0  7.8 20 250   M    M   0        24 250
17 105  89  97   6   0  32 0.00  0.0    0 10.3 22 240   M    M   0        28 230
18 103  84  94   3   0  29 0.00  0.0    0  7.9 16 240   M    M   0        22 230
19 103  82  93   2   0  28 0.00  0.0    0  7.1 16 220   M    M   0        22 230
20 103  83  93   2   0  28 0.00  0.0    0  5.0 17 260   M    M   0        22 250
21 103  85  94   3   0  29 0.00  0.0    0  6.8 18 240   M    M   0        23 260
22 103  85  94   3   0  29 0.00  0.0    0  6.9 17 230   M    M   1        25 240
23 104  84  94   3   0  29 0.00  0.0    0  5.4 21  30   M    M   0        26  30
24 104  85  95   5   0  30 0.00  0.0    0  5.9 21  10   M    M   0 3      26 360
25  98  80  89  -1   0  24 0.01  0.0    0  6.9 18 120   M    M   2        24 120
26 102  82  92   2   0  27 0.00  0.0    0  4.5 15 250   M    M   0        18 120
27 106  84  95   5   0  30    T  0.0    0  4.7 30 290   M    M   0 38     37 290
28 106  81  94   4   0  29 0.00  0.0    0  3.8 14 240   M    M   0        20 210
29 107  83  95   5   0  30    T  0.0    0  7.5 22 140   M    M   0 3      30 160
30 105  84  95   5   0  30 0.00  0.0    0  6.5 17 160   M    M   1        22 160
31 104  81  93   3   0  28 0.00  0.0    0  7.6 23 170   M    M   1 3      30  90
================================================================================
SM 3248 2579         0 904  0.34     0.0 190.5          M       12
================================================================================
AV104.8 83.2                               6.1 FASTST   M    M   0    MAX(MPH)
                                 MISC ---->  # 43 120               # 58  130
================================================================================
NOTES:
# LAST OF SEVERAL OCCURRENCES

COLUMN 17 PEAK WIND IN M.P.H.

PRELIMINARY LOCAL CLIMATOLOGICAL DATA (WS FORM: F-6) , PAGE 2

                                          STATION:  DEER VLY/PHOENIX AZ
                                          MONTH:    AUGUST
                                          YEAR:     2015
                                          LATITUDE:   33 41 N
                                          LONGITUDE: 112  4 W

[TEMPERATURE DATA]      [PRECIPITATION DATA]       SYMBOLS USED IN COLUMN 16

AVERAGE MONTHLY: 94.0   TOTAL FOR MONTH:   0.34    1 = FOG OR MIST
DPTR FM NORMAL:   3.0   DPTR FM NORMAL:   -0.94    2 = FOG REDUCING VISIBILITY
HIGHEST:   112 ON 15,14 GRTST 24HR  0.30 ON 11-11      TO 1/4 MILE OR LESS
LOWEST:     75 ON 11                               3 = THUNDER
                        SNOW, ICE PELLETS, HAIL    4 = ICE PELLETS
                        TOTAL MONTH:   0.0 INCH    5 = HAIL
                        GRTST 24HR     0.0         6 = FREEZING RAIN OR DRIZZLE
                        GRTST DEPTH:   0           7 = DUSTSTORM OR SANDSTORM:
                                                       VSBY 1/2 MILE OR LESS
                                                   8 = SMOKE OR HAZE
[NO. OF DAYS WITH]      [WEATHER - DAYS WITH]      9 = BLOWING SNOW
                                                   X = TORNADO
MAX 32 OR BELOW:   0    0.01 INCH OR MORE:   3
MAX 90 OR ABOVE:  31    0.10 INCH OR MORE:   1
MIN 32 OR BELOW:   0    0.50 INCH OR MORE:   0
MIN  0 OR BELOW:   0    1.00 INCH OR MORE:   0

[HDD (BASE 65) ]
TOTAL THIS MO.     0    CLEAR  (SCALE 0-3)  31
DPTR FM NORMAL     0    PTCLDY (SCALE 4-7)   0
TOTAL FM JUL 1     0    CLOUDY (SCALE 8-10)  0
DPTR FM NORMAL     0

[CDD (BASE 65) ]
TOTAL THIS MO.   904
DPTR FM NORMAL   100    [PRESSURE DATA]
TOTAL FM JAN 1  3090    HIGHEST SLP 29.95 ON 26
DPTR FM NORMAL   163    LOWEST  SLP 29.62 ON 18

[REMARKS]
#FINAL-08-15#
