000
CXUS54 KHGX 281415
CF6DWH
PRELIMINARY LOCAL CLIMATOLOGICAL DATA (WS FORM: F-6)

                                          STATION:   HOUSTON/D.W._HOOKS
                                          MONTH:     DECEMBER
                                          YEAR:      2014
                                          LATITUDE:   30  4 N
                                          LONGITUDE:  95 33 W

  TEMPERATURE IN F:       :PCPN:    SNOW:  WIND      :SUNSHINE: SKY     :PK WND
================================================================================
1   2   3   4   5  6A  6B    7    8   9   10  11  12  13   14  15   16   17  18
                                     12Z  AVG MX 2MIN
DY MAX MIN AVG DEP HDD CDD  WTR  SNW DPTH SPD SPD DIR MIN PSBL S-S WX    SPD DR
================================================================================

 1  69  44  57   2   8   0 0.16  0.0    0  5.1 17 310   M    M  10 12     29 150
 2  55  44  50  -5  15   0 0.00  0.0    0  5.0 13 360   M    M  10        16 120
 3  67  52  60   5   5   0 0.00  0.0    0  2.5  9  90   M    M   7 1      12 100
 4  72  54  63   8   2   0    T  0.0    0  5.5 10 130   M    M   9 18     13 120
 5  82  65  74  20   0   9 0.03  0.0    0  5.8 18 210   M    M   7 12     25 220
 6  71  56  64  10   1   0 0.07  0.0    0  6.5 14 360   M    M   9 12     20 360
 7  58  53  56   2   9   0 0.00  0.0    0  4.3 12  60   M    M  10 1      15  60
 8  66  44  55   1  10   0 0.00  0.0    0  3.6 12 360   M    M   3 1      16 350
 9  69  41  55   1  10   0 0.00  0.0    0  1.0  8  60   M    M   0 18     12  50
10  67  41  54   0  11   0 0.01    M    0  1.9  8 110   M    M   2 18     13  60
11  72  56  64  11   1   0 0.02  0.0    0  3.0 13 200   M    M  10 1      16 190
12  75  54  65  12   0   0    T  0.0    0  4.5 14 180   M    M   5 1      18 180
13  73  52  63  10   2   0 0.00  0.0    0  7.1 14 140   M    M   5 12     20 120
14  76  57  67  14   0   2 0.04  0.0    0  8.6 20 140   M    M   8 12     26 140
15  78  58  68  15   0   3    T  0.0    0  8.5 17 250   M    M   5 1      22 270
16  66  44  55   2  10   0 0.00  0.0    0  6.6 15 350   M    M   0 8      22 360
17  64  45  55   3  10   0 0.01  0.0    0  7.5 14 120   M    M   8        20 130
18  72  57  65  13   0   0 0.16  0.0    0  5.1 13  70   M    M  10 13     17  50
19  59  52  56   4   9   0 1.65  0.0    M  8.3 20  10   M    M  10 13     26 350
20  54  50  52   0  13   0 0.00  0.0    0  5.3 13 360   M    M  10        17  10
21  61  49  55   3  10   0 0.00  0.0    0  4.6 12 130   M    M  10        16 120
22  71  54  63  11   2   0 0.00  0.0    0  6.8 23 220   M    M   6 12     30 220
23  60  46  53   1  12   0 0.02    M    0  8.7 25  10   M    M   7 123    33 360
24  54  35  45  -7  20   0 0.00  0.0    0  6.7 18 300   M    M   3        25 310
25  67  32  50  -2  15   0 0.00  0.0    0  5.3 18 190   M    M   0 1      25 190
26  71  50  61   9   4   0 0.01  0.0    0  6.8 15 150   M    M  10 1      23 160
27  74  46  60   8   5   0 0.24    M    0  8.2 21 300   M    M  10 1      26 300
================================================================================
SM 1823 1331       184  14  2.42     0.0 152.8          M      184
================================================================================
AV 67.5 49.3                               5.7 FASTST   M    M   7    MAX(MPH)
                                 MISC ---->  # 25  10               # 33  360
================================================================================
NOTES:
# LAST OF SEVERAL OCCURRENCES

COLUMN 17 PEAK WIND IN M.P.H.

PRELIMINARY LOCAL CLIMATOLOGICAL DATA (WS FORM: F-6) , PAGE 2

                                          STATION:  HOUSTON/D.W._HOOKS
                                          MONTH:    DECEMBER
                                          YEAR:     2014
                                          LATITUDE:   30  4 N
                                          LONGITUDE:  95 33 W

[TEMPERATURE DATA]      [PRECIPITATION DATA]       SYMBOLS USED IN COLUMN 16

AVERAGE MONTHLY: 58.4   TOTAL FOR MONTH:   2.42    1 = FOG OR MIST
DPTR FM NORMAL:   5.3   DPTR FM NORMAL:   -1.00    2 = FOG REDUCING VISIBILITY
HIGHEST:    82 ON  5    GRTST 24HR  1.78 ON 18-19      TO 1/4 MILE OR LESS
LOWEST:     32 ON 25                               3 = THUNDER
                        SNOW, ICE PELLETS, HAIL    4 = ICE PELLETS
                        TOTAL MONTH:   0.0 INCH    5 = HAIL
                        GRTST 24HR     0.0         6 = FREEZING RAIN OR DRIZZLE
                        GRTST DEPTH:   0           7 = DUSTSTORM OR SANDSTORM:
                                                       VSBY 1/2 MILE OR LESS
                                                   8 = SMOKE OR HAZE
[NO. OF DAYS WITH]      [WEATHER - DAYS WITH]      9 = BLOWING SNOW
                                                   X = TORNADO
MAX 32 OR BELOW:   0    0.01 INCH OR MORE:  12
MAX 90 OR ABOVE:   0    0.10 INCH OR MORE:   4
MIN 32 OR BELOW:   1    0.50 INCH OR MORE:   1
MIN  0 OR BELOW:   0    1.00 INCH OR MORE:   1

[HDD (BASE 65) ]
TOTAL THIS MO.   184    CLEAR  (SCALE 0-3)   6
DPTR FM NORMAL  -155    PTCLDY (SCALE 4-7)   8
TOTAL FM JUL 1   461    CLOUDY (SCALE 8-10) 13
DPTR FM NORMAL  -108

[CDD (BASE 65) ]
TOTAL THIS MO.    14
DPTR FM NORMAL     0    [PRESSURE DATA]
TOTAL FM JAN 1  2957    HIGHEST SLP M ON M
DPTR FM NORMAL   215    LOWEST  SLP 29.58 ON 22

[REMARKS]
