000
CXUS54 KMAF 291100
CF6E38
PRELIMINARY LOCAL CLIMATOLOGICAL DATA (WS FORM: F-6)

                                          STATION:   Alpine-Casparis Municipal
                                          MONTH:     MAY
                                          YEAR:      2017
                                          LATITUDE:   30 23 N
                                          LONGITUDE: 103 41 W

  TEMPERATURE IN F:       :PCPN:    SNOW:  WIND      :SUNSHINE: SKY     :PK WND
================================================================================
1   2   3   4   5  6A  6B    7    8   9   10  11  12  13   14  15   16   17  18
                                     12Z  AVG MX 2MIN
DY MAX MIN AVG DEP HDD CDD  WTR  SNW DPTH SPD SPD DIR MIN PSBL S-S WX    SPD DR
================================================================================

 1  85  47  66   M   0   1 0.00  0.0    0  7.6 15 280   M    M   0        21 280
 2  91  48  70   M   0   5 0.00  0.0    0  6.0 14 230   M    M   0        22 190
 3  78  52  65   M   0   0 0.00  0.0    0  9.8 17  20   M    M   0        31  30
 4  73  45  59   M   6   0 0.00  0.0    0  8.0 27  40   M    M   0        16  40
 5  84  46  65   M   0   0 0.00  0.0    0  6.0 12  90   M    M   0         M  M
 6  90  57  74   M   0   9 0.00  0.0    0  9.6 17 150   M    M   0        24 160
 7  90  62  76   M   0  11 0.00  0.0    0 11.7 22 140   M    M   1        31 140
 8  88  58  73   M   0   8 0.00  0.0    0 10.6 20 140   M    M   1        31 110
 9  89  56  73   M   0   8 0.00  0.0    0 13.0 21 140   M    M   1        40 200
10  82  56  69   M   0   4 0.00  0.0    0 12.8 24 230   M    M   0        37 230
11  82  48  65   M   0   0 0.00  0.0    0  6.9 16 260   M    M   0        30 290
12  79  47  63   M   2   0 0.00  0.0    0  5.8 12  60   M    M   0         M  M
13  90  52  71   M   0   6 0.00  0.0    0  9.0 20 150   M    M   0        29 150
14  94  66  80   M   0  15 0.00  0.0    0 13.5 24 230   M    M   1        31 230
15  92  65  79   M   0  14 0.00  0.0    0 10.6 18 180   M    M   0        24 220
16  91  63  77   M   0  12 0.00  0.0    0 14.5 25 230   M    M   0        39 230
17  86  56  71   M   0   6 0.00  0.0    0 11.8 23 260   M    M   0        30 260
18  90  54  72   M   0   7 0.00  0.0    0  8.9 16 230   M    M   0        29 170
19  86  54  70   M   0   5 0.00  0.0    0  8.2 20 270   M    M   0        32 260
20  78  52  65   M   0   0 0.00  0.0    0  8.8 17  10   M    M   2        23  10
21  74  55  65   M   0   0 0.59  0.0    0  9.0 16 130   M    M   4 3      20 170
22  87  56  72   M   0   7 0.00  0.0    0  7.6 18 360   M    M   2        25 360
23  69  49  59   M   6   0 0.00  0.0    0  9.6 20  10   M    M   3        28  10
24  91  42  67   M   0   2 0.00  0.0    0  8.2 21 260   M    M   0        25 260
25  99  62  81   M   0  16 0.00  0.0    0 10.5 21 230   M    M   0        29 240
26  94  64  79   M   0  14 0.00  0.0    0  8.5 15 260   M    M   0        23 260
27  96  64  80   M   0  15 0.00  0.0    0  8.7 17 270   M    M   0        25 240
28  80  60  70   M   0   5 0.00  0.0    0 11.0 18  10   M    M   2        27  10
================================================================================
SM 2408 1536        14 170  0.59     0.0 266.2          M       17
================================================================================
AV 86.0 54.9                               9.5 FASTST   M    M   1    MAX(MPH)
                                 MISC ---->  # 27  40               # 40  200
================================================================================
NOTES:
# LAST OF SEVERAL OCCURRENCES

COLUMN 17 PEAK WIND IN M.P.H.

PRELIMINARY LOCAL CLIMATOLOGICAL DATA (WS FORM: F-6) , PAGE 2

                                          STATION:  Alpine-Casparis Municipal
                                          MONTH:    MAY
                                          YEAR:     2017
                                          LATITUDE:   30 23 N
                                          LONGITUDE: 103 41 W

[TEMPERATURE DATA]      [PRECIPITATION DATA]       SYMBOLS USED IN COLUMN 16

AVERAGE MONTHLY: 70.4   TOTAL FOR MONTH:   0.59    1 = FOG OR MIST
DPTR FM NORMAL:     M   DPTR FM NORMAL:       M    2 = FOG REDUCING VISIBILITY
HIGHEST:    99 ON 25    GRTST 24HR  0.59 ON 21-21      TO 1/4 MILE OR LESS
LOWEST:     42 ON 24                               3 = THUNDER
                        SNOW, ICE PELLETS, HAIL    4 = ICE PELLETS
                        TOTAL MONTH:   0.0 INCH    5 = HAIL
                        GRTST 24HR     0.0         6 = FREEZING RAIN OR DRIZZLE
                        GRTST DEPTH:   0           7 = DUSTSTORM OR SANDSTORM:
                                                       VSBY 1/2 MILE OR LESS
                                                   8 = SMOKE OR HAZE
[NO. OF DAYS WITH]      [WEATHER - DAYS WITH]      9 = BLOWING SNOW
                                                   X = TORNADO
MAX 32 OR BELOW:   0    0.01 INCH OR MORE:   1
MAX 90 OR ABOVE:  12    0.10 INCH OR MORE:   1
MIN 32 OR BELOW:   0    0.50 INCH OR MORE:   1
MIN  0 OR BELOW:   0    1.00 INCH OR MORE:   0

[HDD (BASE 65) ]
TOTAL THIS MO.    14    CLEAR  (SCALE 0-3)  27
DPTR FM NORMAL     M    PTCLDY (SCALE 4-7)   1
TOTAL FM JUL 1  1778    CLOUDY (SCALE 8-10)  0
DPTR FM NORMAL     M

[CDD (BASE 65) ]
TOTAL THIS MO.   170
DPTR FM NORMAL     M    [PRESSURE DATA]
TOTAL FM JAN 1   366    HIGHEST SLP M ON M
DPTR FM NORMAL     M    LOWEST  SLP M ON M

[REMARKS]
