000
CXUS53 KGID 241935
CF6EAR
PRELIMINARY LOCAL CLIMATOLOGICAL DATA (WS FORM: F-6)

                                          STATION:   KEARNEY
                                          MONTH:     APRIL
                                          YEAR:      2014
                                          LATITUDE:   40 43 N
                                          LONGITUDE:  99  0 W

  TEMPERATURE IN F:       :PCPN:    SNOW:  WIND      :SUNSHINE: SKY     :PK WND
================================================================================
1   2   3   4   5  6A  6B    7    8   9   10  11  12  13   14  15   16   17  18
                                     12Z  AVG MX 2MIN
DY MAX MIN AVG DEP HDD CDD  WTR  SNW DPTH SPD SPD DIR MIN PSBL S-S WX    SPD DR
================================================================================

 1  45  21  33 -10  32   0 0.00    M    M 10.2 16 320   M    M   3        21 320
 2  41  28  35  -9  30   0 0.00    M    M 13.9 17  80   M    M   9        22 100
 3  37  34  36  -8  29   0 0.16    M    M 17.7 24 360   M    M  10 3      30 360
 4  50  30  40  -4  25   0 0.00    M    M 11.9 25 340   M    M   4        31 340
 5  64  30  47   2  18   0 0.00    M    M 17.0 29 190   M    M   0        37 190
 6  64  39  52   7  13   0 0.49    M    M 11.9 20 210   M    M   3 3      24 200
 7  57  37  47   1  18   0 0.04    M    M 15.6 24 330   M    M   4        50 330
 8  61  36  49   3  16   0 0.00    M    M  9.7 17 360   M    M   2        22 350
 9  84  37  61  15   4   0 0.00    M    M 10.5 21 280   M    M   0        28 280
10  64  46  55   8  10   0 0.00    M    M 11.8 27 360   M    M   1        31 360
11  75  41  58  11   7   0 0.00    M    M 11.4 21 190   M    M   0        28 200
12  75  55  65  18   0   0 0.00    M    M 12.3 20 190   M    M   0        23 190
13  55   M   M   M   M   M    M    M    M   M   M   M   M    M   7 3       M  M
14   M   M   M   M   M   M    M    M    M   M   M   M   M    M   M         M  M
15  63   M   M   M   M   M 0.00    M    M 19.1 22 170   M    M   0        33 190
16  55  34  45  -4  20   0 0.00    M    M 20.1 27 320   M    M   3        35 320
17  54  30  42  -7  23   0 0.00    M    M  9.6 18 350   M    M   4        18 350
18  70  36  53   3  12   0 0.00    M    M 19.0 29 170   M    M   0        37 180
19  73  52  63  13   2   0 0.00    M    M 10.8 24 170   M    M   2        32 170
20  77  52  65  15   0   0 0.00    M    M  8.6 20 160   M    M   3        25 160
21  72  46  59   8   6   0 0.19    M    M 13.0 22  10   M    M   1 3      28  30
22  72  39  56   5   9   0 0.00    M    M 14.2 28 150   M    M   2        33 160
23  84  54  69  18   0   4 0.09    M    M 22.4 29 150   M    M   3 3      40 160
================================================================================
SM 1392  777       274   4  0.97    M    290.7          M       61
================================================================================
AV 63.3 38.8                              13.8 FASTST   M    M   3    MAX(MPH)
                                 MISC ---->    29   M               # 50  330
================================================================================
NOTES:
# LAST OF SEVERAL OCCURRENCES

COLUMN 17 PEAK WIND IN M.P.H.

PRELIMINARY LOCAL CLIMATOLOGICAL DATA (WS FORM: F-6) , PAGE 2

                                          STATION:  KEARNEY
                                          MONTH:    APRIL
                                          YEAR:     2014
                                          LATITUDE:   40 43 N
                                          LONGITUDE:  99  0 W

[TEMPERATURE DATA]      [PRECIPITATION DATA]       SYMBOLS USED IN COLUMN 16

AVERAGE MONTHLY: 51.1   TOTAL FOR MONTH:   0.97    1 = FOG OR MIST
DPTR FM NORMAL:   3.7   DPTR FM NORMAL:   -0.61    2 = FOG REDUCING VISIBILITY
HIGHEST:    84 ON 23, 9 GRTST 24HR  0.49 ON  6- 6      TO 1/4 MILE OR LESS
LOWEST:     21 ON  1                               3 = THUNDER
                        SNOW, ICE PELLETS, HAIL    4 = ICE PELLETS
                        TOTAL MONTH:    M          5 = HAIL
                        GRTST 24HR    M  ON   M    6 = FREEZING RAIN OR DRIZZLE
                        GRTST DEPTH:  M  ON   M    7 = DUSTSTORM OR SANDSTORM:
                                                       VSBY 1/2 MILE OR LESS
                                                   8 = SMOKE OR HAZE
[NO. OF DAYS WITH]      [WEATHER - DAYS WITH]      9 = BLOWING SNOW
                                                   X = TORNADO
MAX 32 OR BELOW:   0    0.01 INCH OR MORE:   5
MAX 90 OR ABOVE:   0    0.10 INCH OR MORE:   3
MIN 32 OR BELOW:   5    0.50 INCH OR MORE:   0
MIN  0 OR BELOW:   0    1.00 INCH OR MORE:   0

[HDD (BASE 65) ]
TOTAL THIS MO.   274    CLEAR  (SCALE 0-3)  16
DPTR FM NORMAL  -134    PTCLDY (SCALE 4-7)   4
TOTAL FM JUL 1  6043    CLOUDY (SCALE 8-10)  2
DPTR FM NORMAL  -137

[CDD (BASE 65) ]
TOTAL THIS MO.     4
DPTR FM NORMAL     4    [PRESSURE DATA]
TOTAL FM JAN 1     4    HIGHEST SLP M ON M
DPTR FM NORMAL     4    LOWEST  SLP M ON M

[REMARKS]
