000
CXUS53 KGID 280730
CF6EAR
PRELIMINARY LOCAL CLIMATOLOGICAL DATA (WS FORM: F-6)

                                          STATION:   KEARNEY
                                          MONTH:     FEBRUARY
                                          YEAR:      2015
                                          LATITUDE:   40 43 N
                                          LONGITUDE:  99  0 W

  TEMPERATURE IN F:       :PCPN:    SNOW:  WIND      :SUNSHINE: SKY     :PK WND
================================================================================
1   2   3   4   5  6A  6B    7    8   9   10  11  12  13   14  15   16   17  18
                                     12Z  AVG MX 2MIN
DY MAX MIN AVG DEP HDD CDD  WTR  SNW DPTH SPD SPD DIR MIN PSBL S-S WX    SPD DR
================================================================================

 1  25   0  13 -12  52   0    M    M    M 23.3 35 340   M    M   8        41 340
 2  32  -6  13 -13  52   0 0.00    M    M  9.2 18 210   M    M   0         M  M
 3  50  12  31   5  34   0 0.00    M    M  6.2 12 190   M    M   2         M  M
 4  30   0  15 -11  50   0    M    M    M 15.0 25  20   M    M   4        32  20
 5  39   0  20  -6  45   0 0.00    M    M 12.6 22 210   M    M   0        25 220
 6  61  34  48  22  17   0 0.00    M    M  8.2 16 220   M    M   0         M  M
 7  66  34  50  24  15   0 0.00    M    M 10.2 18 290   M    M   0        23 280
 8  64  36  50  24  15   0 0.00    M    M 10.8 18 270   M    M   0        22 340
 9  61  27  44  17  21   0 0.00    M    M  8.1 18 140   M    M   3        23 140
10  63  36  50  23  15   0 0.00    M    M 11.1 18 200   M    M   6        23 200
11  43  25  34   7  31   0 0.00    M    M 14.2 23 350   M    M   3        28 350
12  27  10  19  -8  46   0 0.00    M    M 12.5 21  30   M    M   5        24 200
13  59  21  40  12  25   0 0.00    M    M  8.9 14 310   M    M   0        18 320
14  45  18  32   4  33   0 0.00    M    M 13.6 22  50   M    M   3        30  50
15  21  14  18 -10  47   0 0.00    M    M  6.3 13 110   M    M   8         M  M
16  43  18  31   3  34   0 0.00    M    M  5.8 14 340   M    M   7        23 340
17  30  10  20  -8  45   0    M    M    M 11.9 28 350   M    M   3        35 350
18  25   9  17 -12  48   0 0.00    M    M 11.5 20 340   M    M   3        24 330
19  32  16  24  -5  41   0 0.00    M    M 12.2 20 180   M    M   7        25 150
20  50  17  34   5  31   0 0.00    M    M  4.8 13  30   M    M   5         M  M
21  43  19  31   1  34   0 0.00    M    M 13.3 22 360   M    M   8        25 360
22  19   5  12 -18  53   0    M    M    M 14.0 20 360   M    M   5        23 360
23  28   0  14 -16  51   0 0.00    M    M 10.4 20 230   M    M   0        24 230
24  52  16  34   3  31   0 0.00    M    M 11.6 20 330   M    M   0        29 350
25  46  12  29  -2  36   0 0.00    M    M 19.7 35 360   M    M   6        39 350
26  19   1  10 -21  55   0 0.00    M    M 14.5 25 360   M    M   1        30 360
27  23  -6   9 -23  56   0 0.00    M    M  6.0 14 180   M    M   1        17 150
================================================================================
SM 1096  378      1013   0  0.00    M    305.9          M       88
================================================================================
AV 40.6 14.0                              11.3 FASTST   M    M   3    MAX(MPH)
                                 MISC ---->  # 35 340                 41    M
================================================================================
NOTES:
# LAST OF SEVERAL OCCURRENCES

COLUMN 17 PEAK WIND IN M.P.H.

PRELIMINARY LOCAL CLIMATOLOGICAL DATA (WS FORM: F-6) , PAGE 2

                                          STATION:  KEARNEY
                                          MONTH:    FEBRUARY
                                          YEAR:     2015
                                          LATITUDE:   40 43 N
                                          LONGITUDE:  99  0 W

[TEMPERATURE DATA]      [PRECIPITATION DATA]       SYMBOLS USED IN COLUMN 16

AVERAGE MONTHLY: 27.3   TOTAL FOR MONTH:   0.00    1 = FOG OR MIST
DPTR FM NORMAL:  -0.7   DPTR FM NORMAL:   -0.52    2 = FOG REDUCING VISIBILITY
HIGHEST:    66 ON  7    GRTST 24HR  0.00 ON 27-27      TO 1/4 MILE OR LESS
LOWEST:     -6 ON 27, 2                            3 = THUNDER
                        SNOW, ICE PELLETS, HAIL    4 = ICE PELLETS
                        TOTAL MONTH:    M          5 = HAIL
                        GRTST 24HR    M  ON   M    6 = FREEZING RAIN OR DRIZZLE
                        GRTST DEPTH:  M  ON   M    7 = DUSTSTORM OR SANDSTORM:
                                                       VSBY 1/2 MILE OR LESS
                                                   8 = SMOKE OR HAZE
[NO. OF DAYS WITH]      [WEATHER - DAYS WITH]      9 = BLOWING SNOW
                                                   X = TORNADO
MAX 32 OR BELOW:  12    0.01 INCH OR MORE:   0
MAX 90 OR ABOVE:   0    0.10 INCH OR MORE:   0
MIN 32 OR BELOW:  23    0.50 INCH OR MORE:   0
MIN  0 OR BELOW:   6    1.00 INCH OR MORE:   0

[HDD (BASE 65) ]
TOTAL THIS MO.  1013    CLEAR  (SCALE 0-3)  15
DPTR FM NORMAL    14    PTCLDY (SCALE 4-7)  12
TOTAL FM JUL 1  4646    CLOUDY (SCALE 8-10)  0
DPTR FM NORMAL  -247

[CDD (BASE 65) ]
TOTAL THIS MO.     0
DPTR FM NORMAL     0    [PRESSURE DATA]
TOTAL FM JAN 1     0    HIGHEST SLP M ON M
DPTR FM NORMAL     0    LOWEST  SLP M ON M

[REMARKS]
