000
CXUS53 KMPX 251000
CF6EAU
PRELIMINARY LOCAL CLIMATOLOGICAL DATA (WS FORM: F-6)

                                          STATION:   EAU CLAIRE WI
                                          MONTH:     MARCH
                                          YEAR:      2017
                                          LATITUDE:   44 52 N
                                          LONGITUDE:  91 29 W

  TEMPERATURE IN F:       :PCPN:    SNOW:  WIND      :SUNSHINE: SKY     :PK WND
================================================================================
1   2   3   4   5  6A  6B    7    8   9   10  11  12  13   14  15   16   17  18
                                     12Z  AVG MX 2MIN
DY MAX MIN AVG DEP HDD CDD  WTR  SNW DPTH SPD SPD DIR MIN PSBL S-S WX    SPD DR
================================================================================

 1  34  23  29   4  36   0 0.16  2.4    4 10.0 18  10   M    M   9 128    27  10
 2  28  14  21  -4  44   0 0.00  0.0    4 10.4 20 300   M    M   4        25 290
 3  24  -1  12 -14  53   0    T    T    4  3.9 12 140   M    M   2        13 150
 4  39  17  28   2  37   0 0.00  0.0    4 13.2 25 120   M    M   4        31 120
 5  46  30  38  12  27   0 0.00  0.0    3  9.9 18 140   M    M   7 8      27 140
 6  58  42  50  23  15   0 0.44  0.0    T 11.4 22 140   M    M   9 13     29 140
 7  51  30  41  14  24   0 0.01    T    T 22.8 36 260   M    M   5 18     47 240
 8  37  25  31   3  34   0    T    T    T 21.5 44 270   M    M   4 18     55 270
 9  30  18  24  -4  41   0 0.00  0.0    0  8.2 17 340   M    M   3        25 340
10  19   5  12 -17  53   0 0.00  0.0    0 10.6 17 320   M    M   0        24 320
11  23   4  14 -15  51   0 0.00  0.0    0  6.2 15 320   M    M   1        19 330
12  25   6  16 -14  49   0 0.10  1.8    0  5.6 13  80   M    M   6 18     18  80
13  26  12  19 -11  46   0 0.03  0.6    2  8.4 15  70   M    M   6 18     19  50
14  28   3  16 -14  49   0 0.00  0.0    1  5.4 13 310   M    M   2        18  30
15  34   8  21 -10  44   0 0.00  0.0    T  5.8 15 250   M    M   0        19 250
16  44   8  26  -5  39   0 0.08    T    T  6.8 16 160   M    M   4 1      21 200
17  44  33  39   7  26   0 0.06    T    0 10.2 22 280   M    M   9 18     29 280
18  36  21  29  -3  36   0    T    T    T  8.2 21 310   M    M   7        27 300
19  52  18  35   2  30   0 0.00  0.0    0  6.9 23 140   M    M   2 1      28 140
20  56  28  42   9  23   0 0.00  0.0    0  5.2 14  90   M    M   2        19  30
21  38  20  29  -5  36   0 0.00  0.0    0  9.4 18 320   M    M   0        26  10
22  39  13  26  -8  39   0 0.00  0.0    0  7.3 15 150   M    M   2        18 120
23  43  32  38   4  27   0 0.03    T    0 11.3 20 140   M    M  10 1      24 150
24  42  37  40   5  25   0 0.14  0.0    0  6.5 16  70   M    M  10 1      20  40
================================================================================
SM  896  446       884   0  1.05     4.8 225.1          M      108
================================================================================
AV 37.3 18.6                               9.4 FASTST   M    M   5    MAX(MPH)
                                 MISC ---->  # 44 270               # 55  270
================================================================================
NOTES:
# LAST OF SEVERAL OCCURRENCES

COLUMN 17 PEAK WIND IN M.P.H.

PRELIMINARY LOCAL CLIMATOLOGICAL DATA (WS FORM: F-6) , PAGE 2

                                          STATION:  EAU CLAIRE WI
                                          MONTH:    MARCH
                                          YEAR:     2017
                                          LATITUDE:   44 52 N
                                          LONGITUDE:  91 29 W

[TEMPERATURE DATA]      [PRECIPITATION DATA]       SYMBOLS USED IN COLUMN 16

AVERAGE MONTHLY: 28.0   TOTAL FOR MONTH:   1.05    1 = FOG OR MIST
DPTR FM NORMAL:  -1.8   DPTR FM NORMAL:   -0.18    2 = FOG REDUCING VISIBILITY
HIGHEST:    58 ON  6    GRTST 24HR  0.44 ON  6- 6      TO 1/4 MILE OR LESS
LOWEST:     -1 ON  3                               3 = THUNDER
                        SNOW, ICE PELLETS, HAIL    4 = ICE PELLETS
                        TOTAL MONTH:   4.8 INCHES  5 = HAIL
                        GRTST 24HR   2.4 ON   M    6 = FREEZING RAIN OR DRIZZLE
                        GRTST DEPTH:   4 ON  4, 3  7 = DUSTSTORM OR SANDSTORM:
                                                       VSBY 1/2 MILE OR LESS
                                                   8 = SMOKE OR HAZE
[NO. OF DAYS WITH]      [WEATHER - DAYS WITH]      9 = BLOWING SNOW
                                                   X = TORNADO
MAX 32 OR BELOW:   8    0.01 INCH OR MORE:   9
MAX 90 OR ABOVE:   0    0.10 INCH OR MORE:   4
MIN 32 OR BELOW:  21    0.50 INCH OR MORE:   0
MIN  0 OR BELOW:   1    1.00 INCH OR MORE:   0

[HDD (BASE 65) ]
TOTAL THIS MO.   884    CLEAR  (SCALE 0-3)   9
DPTR FM NORMAL    38    PTCLDY (SCALE 4-7)  10
TOTAL FM JUL 1  5994    CLOUDY (SCALE 8-10)  5
DPTR FM NORMAL  -872

[CDD (BASE 65) ]
TOTAL THIS MO.     0
DPTR FM NORMAL     0    [PRESSURE DATA]
TOTAL FM JAN 1     0    HIGHEST SLP M ON M
DPTR FM NORMAL     0    LOWEST  SLP 29.09 ON  6

[REMARKS]
