973
CXUS55 KEAX 300736
CF6EAX
PRELIMINARY LOCAL CLIMATOLOGICAL DATA (WS FORM: F-6)

                                          STATION:   Pleasant Hill NWS MO
                                          MONTH:     APRIL
                                          YEAR:      2016
                                          LATITUDE:   38 48 N
                                          LONGITUDE:  94 16 W

  TEMPERATURE IN F:       :PCPN:    SNOW:  WIND      :SUNSHINE: SKY     :PK WND
================================================================================
1   2   3   4   5  6A  6B    7    8   9   10  11  12  13   14  15   16   17  18
                                     12Z  AVG MX 2MIN
DY MAX MIN AVG DEP HDD CDD  WTR  SNW DPTH SPD SPD DIR MIN PSBL S-S WX    SPD DR
================================================================================

 1  54  34  44  -5  21   0 0.00  0.0    0   M   M   M   0    0   0         0   0
 2  63  30  47  -2  18   0 0.00  0.0    0   M   M   M   0    0   0         0   0
 3  78  43  61  11   4   0 0.00  0.0    0   M   M   M   0    0   0         0   0
 4  67  46  57   7   8   0 0.00  0.0    0   M   M   M   0    0   0         0   0
 5  75  40  58   8   7   0    T  0.0    0   M   M   M   0    0   0         0   0
 6  67  48  58   7   7   0 0.10  0.0    0   M   M   M   0    0   0         0   0
 7  65  41  53   2  12   0 0.00  0.0    0   M   M   M   0    0   0         0   0
 8  62  37  50  -1  15   0 0.00  0.0    0   M   M   M   0    0   0         0   0
 9  61  29  45  -7  20   0 0.00  0.0    0   M   M   M   0    0   0         0   0
10  73  54  64  12   1   0 0.10  0.0    0   M   M   M   0    0   0         0   0
11  58  41  50  -2  15   0 0.01  0.0    0   M   M   M   0    0   0         0   0
12  63  34  49  -4  16   0 0.00  0.0    0   M   M   M   0    0   0         0   0
13  71  40  56   3   9   0 0.00  0.0    0   M   M   M   0    0   0         0   0
14  74  44  59   6   6   0 0.00  0.0    0   M   M   M   0    0   0         0   0
15  75  49  62   8   3   0 0.00  0.0    0   M   M   M   0    0   0         0   0
16  77  55  66  12   0   1 0.00  0.0    0   M   M   M   0    0   0         0   0
17  78  56  67  13   0   2 0.02  0.0    0   M   M   M   0    0   0         0   0
18  64  58  61   6   4   0 0.40  0.0    0   M   M   M   0    0   0         0   0
19  67  55  61   6   4   0 0.08  0.0    0   M   M   M   0    0   0         0   0
20  68  54  61   6   4   0 0.35  0.0    0   M   M   M   0    0   0         0   0
21  66  51  59   3   6   0 0.01  0.0    0   M   M   M   0    0   0         0   0
22  69  50  60   4   5   0 0.00  0.0    0   M   M   M   0    0   0         0   0
23  78  49  64   8   1   0 0.00  0.0    0   M   M   M   0    0   0         0   0
24  78  57  68  11   0   3 0.00  0.0    0   M   M   M   0    0   0         0   0
25  73  60  67  10   0   2 0.16  0.0    0   M   M   M   0    0   0 3       0   0
26  70  57  64   6   1   0 1.74  0.0    0   M   M   M   0    0   0 3       0   0
27  72  52  62   4   3   0 0.76  0.0    0   M   M   M   0    0   0 3       0   0
28  65  43  54  -4  11   0 0.00  0.0    0   M   M   M   0    0   0         0   0
29  59  47  53  -5  12   0 0.33  0.0    0   M   M   M   0    0   0 3       0   0
================================================================================
SM 1990 1354       213   8  4.06     0.0     M            0      0
================================================================================
AV 68.6 46.7                                 M FASTST    0   0   0    MAX(MPH)
                                 MISC ---->     M   M               #  0    0
================================================================================
NOTES:
# LAST OF SEVERAL OCCURRENCES

COLUMN 17 PEAK WIND IN M.P.H.

PRELIMINARY LOCAL CLIMATOLOGICAL DATA (WS FORM: F-6) , PAGE 2

                                          STATION:  Pleasant Hill NWS MO
                                          MONTH:    APRIL
                                          YEAR:     2016
                                          LATITUDE:   38 48 N
                                          LONGITUDE:  94 16 W

[TEMPERATURE DATA]      [PRECIPITATION DATA]       SYMBOLS USED IN COLUMN 16

AVERAGE MONTHLY: 57.7   TOTAL FOR MONTH:   4.06    1 = FOG OR MIST
DPTR FM NORMAL:   4.0   DPTR FM NORMAL:    0.16    2 = FOG REDUCING VISIBILITY
HIGHEST:    78 ON 24,23 GRTST 24HR  1.74 ON 26-26      TO 1/4 MILE OR LESS
LOWEST:     29 ON  9                               3 = THUNDER
                        SNOW, ICE PELLETS, HAIL    4 = ICE PELLETS
                        TOTAL MONTH:   0.0 INCH    5 = HAIL
                        GRTST 24HR     0.0         6 = FREEZING RAIN OR DRIZZLE
                        GRTST DEPTH:   0           7 = DUSTSTORM OR SANDSTORM:
                                                       VSBY 1/2 MILE OR LESS
                                                   8 = SMOKE OR HAZE
[NO. OF DAYS WITH]      [WEATHER - DAYS WITH]      9 = BLOWING SNOW
                                                   X = TORNADO
MAX 32 OR BELOW:   0    0.01 INCH OR MORE:  12
MAX 90 OR ABOVE:   0    0.10 INCH OR MORE:   8
MIN 32 OR BELOW:   2    0.50 INCH OR MORE:   2
MIN  0 OR BELOW:   0    1.00 INCH OR MORE:   1

[HDD (BASE 65) ]
TOTAL THIS MO.   213    CLEAR  (SCALE 0-3)  29
DPTR FM NORMAL  -124    PTCLDY (SCALE 4-7)   0
TOTAL FM JUL 1  3913    CLOUDY (SCALE 8-10)  0
DPTR FM NORMAL -1116

[CDD (BASE 65) ]
TOTAL THIS MO.     8
DPTR FM NORMAL     0    [PRESSURE DATA]
TOTAL FM JAN 1    11    HIGHEST SLP  0.00 ON M
DPTR FM NORMAL     2    LOWEST  SLP  0.00 ON M

[REMARKS]
