000
CXUS55 KEAX 010736
CF6EAX
PRELIMINARY LOCAL CLIMATOLOGICAL DATA (WS FORM: F-6)

                                          STATION:   Pleasant Hill NWS MO
                                          MONTH:     JULY
                                          YEAR:      2015
                                          LATITUDE:   38 48 N
                                          LONGITUDE:  94 16 W

  TEMPERATURE IN F:       :PCPN:    SNOW:  WIND      :SUNSHINE: SKY     :PK WND
================================================================================
1   2   3   4   5  6A  6B    7    8   9   10  11  12  13   14  15   16   17  18
                                     12Z  AVG MX 2MIN
DY MAX MIN AVG DEP HDD CDD  WTR  SNW DPTH SPD SPD DIR MIN PSBL S-S WX    SPD DR
================================================================================

 1  84  66  75  -2   0  10 4.17  0.0    0   M   M   M   0    0   0 3       0   0
 2  74  68  71  -6   0   6    T  0.0    0   M   M   M   0    0   0         0   0
 3  79  64  72  -5   0   7 0.00  0.0    0   M   M   M   0    0   0         0   0
 4  82  61  72  -5   0   7 0.00  0.0    0   M   M   M   0    0   0 8       0   0
 5  89  65  77   0   0  12 0.00  0.0    0   M   M   M   0    0   0         0   0
 6  88  69  79   2   0  14 0.43  0.0    0   M   M   M   0    0   0         0   0
 7  72  61  67 -11   0   2 0.32  0.0    0   M   M   M   0    0   0         0   0
 8  64  60  62 -16   3   0 1.13  0.0    0   M   M   M   0    0   0         0   0
 9  77  58  68 -10   0   3 0.00  0.0    0   M   M   M   0    0   0         0   0
10  81  65  73  -5   0   8 0.10  0.0    0   M   M   M   0    0   0 13      0   0
11  89  70  80   2   0  15 0.00  0.0    0   M   M   M   0    0   0         0   0
12  92  71  82   4   0  17 0.00  0.0    0   M   M   M   0    0   0         0   0
13  95  75  85   7   0  20 0.03  0.0    0   M   M   M   0    0   0         0   0
14  97  76  87   9   0  22 0.00  0.0    0   M   M   M   0    0   0         0   0
15  88  71  80   2   0  15 0.05  0.0    0   M   M   M   0    0   0         0   0
16  92  72  82   4   0  17 0.00  0.0    0   M   M   M   0    0   0         0   0
17  92  76  84   6   0  19 0.00  0.0    0   M   M   M   0    0   0         0   0
18  92  75  84   6   0  19 0.10  0.0    0   M   M   M   0    0   0         0   0
19  89  75  82   4   0  17 0.00  0.0    0   M   M   M   0    0   0         0   0
20  88  68  78   0   0  13 1.14  0.0    0   M   M   M   0    0   0         0   0
21  82  66  74  -4   0   9 0.00  0.0    0   M   M   M   0    0   0         0   0
22  85  63  74  -4   0   9    T  0.0    0   M   M   M   0    0   0         0   0
23  89  69  79   1   0  14 0.00  0.0    0   M   M   M   0    0   0         0   0
24  96  71  84   6   0  19    T  0.0    0   M   M   M   0    0   0         0   0
25  94  76  85   7   0  20 0.00  0.0    0   M   M   M   0    0   0         0   0
26  93  77  85   7   0  20 0.00  0.0    M   M   M   M   0    0   0         0   0
27  93  74  84   6   0  19 0.00  0.0    M   M   M   M   0    0   0         0   0
28  94  76  85   7   0  20 0.00  0.0    M   M   M   M   0    0   0         0   0
29  86  69  78   0   0  13 0.02  0.0    M   M   M   M   0    0   0         0   0
30  86  62  74  -4   0   9 0.00  0.0    M   M   M   M   0    0   0         0   0
31  91  63  77  -1   0  12 0.00  0.0    0   M   M   M   0    0   0         0   0
================================================================================
SM 2693 2132         3 407  7.49     0.0     M            0      0
================================================================================
AV 86.9 68.8                                 M FASTST    0   0   0    MAX(MPH)
                                 MISC ---->     M   M               #  0    0
================================================================================
NOTES:
# LAST OF SEVERAL OCCURRENCES

COLUMN 17 PEAK WIND IN M.P.H.

PRELIMINARY LOCAL CLIMATOLOGICAL DATA (WS FORM: F-6) , PAGE 2

                                          STATION:  Pleasant Hill NWS MO
                                          MONTH:    JULY
                                          YEAR:     2015
                                          LATITUDE:   38 48 N
                                          LONGITUDE:  94 16 W

[TEMPERATURE DATA]      [PRECIPITATION DATA]       SYMBOLS USED IN COLUMN 16

AVERAGE MONTHLY: 77.8   TOTAL FOR MONTH:   7.49    1 = FOG OR MIST
DPTR FM NORMAL:  -0.2   DPTR FM NORMAL:    3.33    2 = FOG REDUCING VISIBILITY
HIGHEST:    97 ON 14    GRTST 24HR  4.17 ON  1- 1      TO 1/4 MILE OR LESS
LOWEST:     58 ON  9                               3 = THUNDER
                        SNOW, ICE PELLETS, HAIL    4 = ICE PELLETS
                        TOTAL MONTH:   0.0 INCH    5 = HAIL
                        GRTST 24HR     0.0         6 = FREEZING RAIN OR DRIZZLE
                        GRTST DEPTH:   0           7 = DUSTSTORM OR SANDSTORM:
                                                       VSBY 1/2 MILE OR LESS
                                                   8 = SMOKE OR HAZE
[NO. OF DAYS WITH]      [WEATHER - DAYS WITH]      9 = BLOWING SNOW
                                                   X = TORNADO
MAX 32 OR BELOW:   0    0.01 INCH OR MORE:  10
MAX 90 OR ABOVE:  12    0.10 INCH OR MORE:   7
MIN 32 OR BELOW:   0    0.50 INCH OR MORE:   3
MIN  0 OR BELOW:   0    1.00 INCH OR MORE:   3

[HDD (BASE 65) ]
TOTAL THIS MO.     3    CLEAR  (SCALE 0-3)  31
DPTR FM NORMAL     3    PTCLDY (SCALE 4-7)   0
TOTAL FM JUL 1     3    CLOUDY (SCALE 8-10)  0
DPTR FM NORMAL     3

[CDD (BASE 65) ]
TOTAL THIS MO.   407
DPTR FM NORMAL     4    [PRESSURE DATA]
TOTAL FM JAN 1   769    HIGHEST SLP  0.00 ON M
DPTR FM NORMAL    17    LOWEST  SLP  0.00 ON M

[REMARKS]
#FINAL-07-15#
