000
CXUS55 KEAX 160736
CF6EAX
PRELIMINARY LOCAL CLIMATOLOGICAL DATA (WS FORM: F-6)

                                          STATION:   Pleasant Hill NWS MO
                                          MONTH:     SEPTEMBER
                                          YEAR:      2014
                                          LATITUDE:   38 48 N
                                          LONGITUDE:  94 16 W

  TEMPERATURE IN F:       :PCPN:    SNOW:  WIND      :SUNSHINE: SKY     :PK WND
================================================================================
1   2   3   4   5  6A  6B    7    8   9   10  11  12  13   14  15   16   17  18
                                     12Z  AVG MX 2MIN
DY MAX MIN AVG DEP HDD CDD  WTR  SNW DPTH SPD SPD DIR MIN PSBL S-S WX    SPD DR
================================================================================

 1  80  63  72  -2   0   7 0.96  0.0    0   M   M   M   0    0   0         0   0
 2  81  68  75   1   0  10 0.00  0.0    0   M   M   M   0    0   0         0   0
 3  84  67  76   3   0  11 0.01  0.0    0   M   M   M   0    0   0 3       0   0
 4  90  74  82   9   0  17 0.00  0.0    0   M   M   M   0    0   0         0   0
 5  85  59  72   0   0   7 0.00  0.0    0   M   M   M   0    0   0         0   0
 6  72  56  64  -8   1   0 0.00  0.0    0   M   M   M   0    0   0         0   0
 7  76  53  65  -7   0   0 0.00    M    0   M   M   M   0    0   0         0   0
 8  82  56  69  -2   0   4 0.00  0.0    0   M   M   M   0    0   0         0   0
 9  89  71  80   9   0  15 0.00  0.0    0   M   M   M   0    0   0         0   0
10  80  59  70  -1   0   5 0.69  0.0    0   M   M   M   0    0   0         0   0
11  59  52  56 -14   9   0    T  0.0    0   M   M   M   0    0   0         0   0
12  54  43  49 -21  16   0    T  0.0    0   M   M   M   0    0   0         0   0
13  63  38  51 -18  14   0 0.00  0.0    0   M   M   M   0    0   0         0   0
14  59  57  58 -11   7   0 0.00  0.0    0   M   M   M   0    0   0         0   0
15  71  52  62  -6   3   0    T  0.0    0   M   M   M   0    0   0         0   0
================================================================================
SM 1125  868        50  76  1.66     0.0     M            0      0
================================================================================
AV 75.0 57.9                                 M FASTST    0   0   0    MAX(MPH)
                                 MISC ---->     M   M               #  0    0
================================================================================
NOTES:
# LAST OF SEVERAL OCCURRENCES

COLUMN 17 PEAK WIND IN M.P.H.

PRELIMINARY LOCAL CLIMATOLOGICAL DATA (WS FORM: F-6) , PAGE 2

                                          STATION:  Pleasant Hill NWS MO
                                          MONTH:    SEPTEMBER
                                          YEAR:     2014
                                          LATITUDE:   38 48 N
                                          LONGITUDE:  94 16 W

[TEMPERATURE DATA]      [PRECIPITATION DATA]       SYMBOLS USED IN COLUMN 16

AVERAGE MONTHLY: 66.4   TOTAL FOR MONTH:   1.66    1 = FOG OR MIST
DPTR FM NORMAL:  -4.8   DPTR FM NORMAL:   -0.91    2 = FOG REDUCING VISIBILITY
HIGHEST:    90 ON  4    GRTST 24HR  0.96 ON  1- 1      TO 1/4 MILE OR LESS
LOWEST:     38 ON 13                               3 = THUNDER
                        SNOW, ICE PELLETS, HAIL    4 = ICE PELLETS
                        TOTAL MONTH:   0.0 INCH    5 = HAIL
                        GRTST 24HR     0.0         6 = FREEZING RAIN OR DRIZZLE
                        GRTST DEPTH:   0           7 = DUSTSTORM OR SANDSTORM:
                                                       VSBY 1/2 MILE OR LESS
                                                   8 = SMOKE OR HAZE
[NO. OF DAYS WITH]      [WEATHER - DAYS WITH]      9 = BLOWING SNOW
                                                   X = TORNADO
MAX 32 OR BELOW:   0    0.01 INCH OR MORE:   3
MAX 90 OR ABOVE:   1    0.10 INCH OR MORE:   2
MIN 32 OR BELOW:   0    0.50 INCH OR MORE:   2
MIN  0 OR BELOW:   0    1.00 INCH OR MORE:   0

[HDD (BASE 65) ]
TOTAL THIS MO.    50    CLEAR  (SCALE 0-3)  15
DPTR FM NORMAL    42    PTCLDY (SCALE 4-7)   0
TOTAL FM JUL 1    52    CLOUDY (SCALE 8-10)  0
DPTR FM NORMAL    42

[CDD (BASE 65) ]
TOTAL THIS MO.    76
DPTR FM NORMAL   -28    [PRESSURE DATA]
TOTAL FM JAN 1  1070    HIGHEST SLP  0.00 ON M
DPTR FM NORMAL  -155    LOWEST  SLP  0.00 ON M

[REMARKS]
