000
CXUS52 KTAE 230800
CF6ECP
PRELIMINARY LOCAL CLIMATOLOGICAL DATA (WS FORM: F-6)

                                          STATION:   PANAMA CITY NW
                                          MONTH:     JANUARY
                                          YEAR:      2017
                                          LATITUDE:   30 21 N
                                          LONGITUDE:  85 48 W

  TEMPERATURE IN F:       :PCPN:    SNOW:  WIND      :SUNSHINE: SKY     :PK WND
================================================================================
1   2   3   4   5  6A  6B    7    8   9   10  11  12  13   14  15   16   17  18
                                     12Z  AVG MX 2MIN
DY MAX MIN AVG DEP HDD CDD  WTR  SNW DPTH SPD SPD DIR MIN PSBL S-S WX    SPD DR
================================================================================

 1  74  57  66   M   0   1 0.51  0.0    0 11.9 18 150   M    M   9 1      25 140
 2  77  63  70   M   0   5 2.39  0.0    0  8.7 21 290   M    M  10 123    25 290
 3  76  58  67   M   0   2 0.54  0.0    0  7.7 21 190   M    M   4 1      29 190
 4  65  51  58   M   7   0    T  0.0    0  8.2 17 310   M    M   4 18     21 350
 5  66  42  54   M  11   0 0.00  0.0    0  3.8 14 220   M    M   2        23 110
 6  65  41  53   M  12   0 0.57  0.0    0  8.7 21 340   M    M   5 13     27 360
 7  44  29  37   M  28   0 0.04  0.0    0 16.7 30 320   M    M   2        40 330
 8  47  26  37   M  28   0 0.00  0.0    0  9.2 20  20   M    M   0        25  20
 9  57  28  43   M  22   0 0.00  0.0    0  4.2 12  60   M    M   0        14  50
10  67  35  51   M  14   0 0.00  0.0    0  9.1 22 140   M    M   2        28 150
11  71  52  62   M   3   0 0.00  0.0    0  8.4 21 150   M    M   3        26 140
12  75  53  64   M   1   0 0.00  0.0    0  5.9 17 150   M    M   1 1      23 140
13  80  48  64   M   1   0 0.00  0.0    0  1.7  9 190   M    M   1 18     20  30
14  79  52  66   M   0   1 0.00  0.0    0  2.5  9 200   M    M   2        12 220
15  75  52  64   M   1   0 0.00  0.0    0  3.3  9 140   M    M   4 1      12  90
16  76  53  65   M   0   0 0.00  0.0    0  6.5 21 150   M    M   3        24 160
17  76  54  65   M   0   0 0.00  0.0    0  3.8 14 140   M    M   1 12     16 130
18  80  62  71   M   0   6 0.00  0.0    0  3.4 13 190   M    M   7 128    16 180
19  77  61  69   M   0   4 1.01  0.0    0  6.6 17 160   M    M   9 123    21 160
20  75  63  69   M   0   4 0.13  0.0    0  8.5 21 300   M    M   7 138    32 170
21  76  62  69   M   0   4 1.10  0.0    0 10.3 32 320   M    M   9 13     38 330
22  77  58  68   M   0   3 1.36  0.0    0 17.3 40 190   M    M   8 13     52 200
================================================================================
SM 1555 1100       128  30  7.65     0.0 166.4          M       93
================================================================================
AV 70.7 50.0                               7.6 FASTST   M    M   4    MAX(MPH)
                                 MISC ---->  # 40 190               # 52  200
================================================================================
NOTES:
# LAST OF SEVERAL OCCURRENCES

COLUMN 17 PEAK WIND IN M.P.H.

PRELIMINARY LOCAL CLIMATOLOGICAL DATA (WS FORM: F-6) , PAGE 2

                                          STATION:  PANAMA CITY NW
                                          MONTH:    JANUARY
                                          YEAR:     2017
                                          LATITUDE:   30 21 N
                                          LONGITUDE:  85 48 W

[TEMPERATURE DATA]      [PRECIPITATION DATA]       SYMBOLS USED IN COLUMN 16

AVERAGE MONTHLY: 60.3   TOTAL FOR MONTH:   7.65    1 = FOG OR MIST
DPTR FM NORMAL:     M   DPTR FM NORMAL:       M    2 = FOG REDUCING VISIBILITY
HIGHEST:    80 ON 18,13 GRTST 24HR  2.93 ON  2- 3      TO 1/4 MILE OR LESS
LOWEST:     26 ON  8                               3 = THUNDER
                        SNOW, ICE PELLETS, HAIL    4 = ICE PELLETS
                        TOTAL MONTH:   0.0 INCH    5 = HAIL
                        GRTST 24HR     0.0         6 = FREEZING RAIN OR DRIZZLE
                        GRTST DEPTH:   0           7 = DUSTSTORM OR SANDSTORM:
                                                       VSBY 1/2 MILE OR LESS
                                                   8 = SMOKE OR HAZE
[NO. OF DAYS WITH]      [WEATHER - DAYS WITH]      9 = BLOWING SNOW
                                                   X = TORNADO
MAX 32 OR BELOW:   0    0.01 INCH OR MORE:   9
MAX 90 OR ABOVE:   0    0.10 INCH OR MORE:   8
MIN 32 OR BELOW:   3    0.50 INCH OR MORE:   7
MIN  0 OR BELOW:   0    1.00 INCH OR MORE:   4

[HDD (BASE 65) ]
TOTAL THIS MO.   128    CLEAR  (SCALE 0-3)  10
DPTR FM NORMAL     M    PTCLDY (SCALE 4-7)   8
TOTAL FM JUL 1   460    CLOUDY (SCALE 8-10)  4
DPTR FM NORMAL     M

[CDD (BASE 65) ]
TOTAL THIS MO.    30
DPTR FM NORMAL     M    [PRESSURE DATA]
TOTAL FM JAN 1    30    HIGHEST SLP M ON M
DPTR FM NORMAL     M    LOWEST  SLP 29.23 ON 22

[REMARKS]
