000
CXUS54 KBMX 301216
CF6EET
PRELIMINARY LOCAL CLIMATOLOGICAL DATA (WS FORM: F-6)

                                          STATION:   SHELBY COUNTY AIRPORT
                                          MONTH:     JULY
                                          YEAR:      2015
                                          LATITUDE:   33 10 N
                                          LONGITUDE:  86 47 W

  TEMPERATURE IN F:       :PCPN:    SNOW:  WIND      :SUNSHINE: SKY     :PK WND
================================================================================
1   2   3   4   5  6A  6B    7    8   9   10  11  12  13   14  15   16   17  18
                                     12Z  AVG MX 2MIN
DY MAX MIN AVG DEP HDD CDD  WTR  SNW DPTH SPD SPD DIR MIN PSBL S-S WX    SPD DR
================================================================================

 1  86  69  78  -2   0  13 3.99  0.0    0  5.3 16  80   M    M   4 123    28  80
 2  87  70  79  -1   0  14    T  0.0    0  5.0 14 230   M    M   2 18     23 230
 3  82  69  76  -4   0  11 0.52  0.0    0  5.8 17 300   M    M   2 138    35 300
 4  85  70  78  -2   0  13 0.40  0.0    0  3.9 13 350   M    M   5 13     17 350
 5  84  70  77  -3   0  12    T  0.0    0  4.3 12 200   M    M   7 1      16 210
 6  84   M   M   M   M   M 0.00  0.0    0  2.5 10 300   M    M   5 18     13 300
 7  89  72  81   1   0  16 0.05  0.0    0  3.1 12 240   M    M   1 1      19 240
 8  90  74  82   2   0  17 0.00  0.0    0  2.6  9 180   M    M   1 1      13 200
 9  92  73  83   2   0  18 0.00  0.0    0  1.8  8 160   M    M   0        11 180
10  92  73  83   2   0  18 0.46  0.0    0  1.5 12 360   M    M   2 138    14 350
11  93  72  83   2   0  18 0.00  0.0    0  1.5  7 290   M    M   1 18     10 310
12  93  74  84   3   0  19 0.08  0.0    0  2.9 10 180   M    M   2 13     15 280
13  92  73  83   2   0  18 0.04  0.0    0  2.4 10 200   M    M   2 13     16 300
14  92  71  82   1   0  17 0.50  0.0    0  5.4 33 310   M    M   1 13     48 300
15  92  70  81   0   0  16 0.04  0.0    0  3.2 14 320   M    M   2 3      19 310
16  93  73  83   2   0  18 0.00  0.0    0  2.0  9 300   M    M   2 1      12 330
17  93  74  84   3   0  19 0.85  0.0    0  1.1 20 350   M    M   3 13     27 360
18  94  75  85   4   0  20 0.08  0.0    0  1.7 17 290   M    M   0 138    25 310
19  93  73  83   2   0  18 0.41  0.0    0  2.1 29 320   M    M   1 13     38 310
20  93  74  84   3   0  19 0.07  0.0    0  2.2 18 300   M    M   1 13     26 300
21  94  76  85   4   0  20 0.00  0.0    0  4.0 17 310   M    M   1 13     27 320
22  92  74  83   2   0  18 0.25  0.0    0  2.4 21 300   M    M   2 138    28 280
23  89  72  81   0   0  16 1.01  0.0    0  2.5 21 320   M    M   2 123    31 310
24  90  73  82   1   0  17 0.27  0.0    0  3.3 22 360   M    M   5 123    35 360
25  93  72  83   2   0  18 0.00  0.0    0  1.8  8 350   M    M   1 1      13 350
26  92  75  84   3   0  19 0.13  0.0    0  2.9 13 360   M    M   1 1      21 360
27  92  74  83   2   0  18 0.00  0.0    0  2.0 14 300   M    M   0 18     19 300
28  96  73  85   4   0  20 1.07  0.0    0  2.2 24 310   M    M   1 138    33 290
29  95  74  85   4   0  20 0.75  0.0    0  2.7 28 340   M    M   1 138    45 360
================================================================================
SM 2632 2032         0 480 10.97     0.0  84.1          M       58
================================================================================
AV 90.8 72.6                               2.9 FASTST   M    M   2    MAX(MPH)
                                 MISC ---->  # 33 310               # 48  300
================================================================================
NOTES:
# LAST OF SEVERAL OCCURRENCES

COLUMN 17 PEAK WIND IN M.P.H.

PRELIMINARY LOCAL CLIMATOLOGICAL DATA (WS FORM: F-6) , PAGE 2

                                          STATION:  SHELBY COUNTY AIRPORT
                                          MONTH:    JULY
                                          YEAR:     2015
                                          LATITUDE:   33 10 N
                                          LONGITUDE:  86 47 W

[TEMPERATURE DATA]      [PRECIPITATION DATA]       SYMBOLS USED IN COLUMN 16

AVERAGE MONTHLY: 81.7   TOTAL FOR MONTH:  10.97    1 = FOG OR MIST
DPTR FM NORMAL:   0.9   DPTR FM NORMAL:    6.53    2 = FOG REDUCING VISIBILITY
HIGHEST:    96 ON 28    GRTST 24HR  3.99 ON  1- 1      TO 1/4 MILE OR LESS
LOWEST:     69 ON  3, 1                            3 = THUNDER
                        SNOW, ICE PELLETS, HAIL    4 = ICE PELLETS
                        TOTAL MONTH:   0.0 INCH    5 = HAIL
                        GRTST 24HR     0.0         6 = FREEZING RAIN OR DRIZZLE
                        GRTST DEPTH:   0           7 = DUSTSTORM OR SANDSTORM:
                                                       VSBY 1/2 MILE OR LESS
                                                   8 = SMOKE OR HAZE
[NO. OF DAYS WITH]      [WEATHER - DAYS WITH]      9 = BLOWING SNOW
                                                   X = TORNADO
MAX 32 OR BELOW:   0    0.01 INCH OR MORE:  19
MAX 90 OR ABOVE:  21    0.10 INCH OR MORE:  13
MIN 32 OR BELOW:   0    0.50 INCH OR MORE:   7
MIN  0 OR BELOW:   0    1.00 INCH OR MORE:   3

[HDD (BASE 65) ]
TOTAL THIS MO.     0    CLEAR  (SCALE 0-3)  24
DPTR FM NORMAL     0    PTCLDY (SCALE 4-7)   5
TOTAL FM JUL 1     0    CLOUDY (SCALE 8-10)  0
DPTR FM NORMAL     0

[CDD (BASE 65) ]
TOTAL THIS MO.   480
DPTR FM NORMAL    24    [PRESSURE DATA]
TOTAL FM JAN 1  1260    HIGHEST SLP M ON M
DPTR FM NORMAL   161    LOWEST  SLP 29.75 ON 14

[REMARKS]
