000
CXUS54 KBMX 271216
CF6EET
PRELIMINARY LOCAL CLIMATOLOGICAL DATA (WS FORM: F-6)

                                          STATION:   SHELBY COUNTY AIRPORT
                                          MONTH:     MARCH
                                          YEAR:      2017
                                          LATITUDE:   33 10 N
                                          LONGITUDE:  86 47 W

  TEMPERATURE IN F:       :PCPN:    SNOW:  WIND      :SUNSHINE: SKY     :PK WND
================================================================================
1   2   3   4   5  6A  6B    7    8   9   10  11  12  13   14  15   16   17  18
                                     12Z  AVG MX 2MIN
DY MAX MIN AVG DEP HDD CDD  WTR  SNW DPTH SPD SPD DIR MIN PSBL S-S WX    SPD DR
================================================================================

 1  80  55  68  16   0   3 0.09  0.0    0  9.3 21 320   M    M   8 13     30 180
 2  60  38  49  -3  16   0 0.00  0.0    0  7.1 15 340   M    M   0        24  10
 3  61  33  47  -5  18   0 0.00  0.0    0  4.6 16 350   M    M   0        24  20
 4  66  34  50  -3  15   0 0.00  0.0    0  2.2  9 140   M    M   0        15 110
 5  64  42  53   0  12   0 0.00  0.0    0  3.4 10 160   M    M   5        17 160
 6  75  55  65  12   0   0 0.00  0.0    0  9.5 22 170   M    M   5        28 170
 7  68  56  62   9   3   0 1.65  0.0    0  8.4 20 320   M    M   8 138    25 330
 8  72  45  59   5   6   0 0.00  0.0    0  3.2 14 360   M    M   0        20  10
 9  77  42  60   6   5   0 0.00  0.0    0  3.4 12 200   M    M   1 8      16 190
10  73  50  62   8   3   0 0.41  0.0    0  6.4 20 340   M    M   3 123    29 300
11  53  41  47  -7  18   0 0.83    M    0  4.8 10  60   M    M   7 1      15  80
12  59  38  49  -6  16   0 0.06    M    0  5.8 13 360   M    M   4 1      18 350
13  48  43  46  -9  19   0 0.36  0.0    0  5.1 13 120   M    M  10 1      19 320
14  45  32  39 -16  26   0    T    M    0  9.8 18 320   M    M   9        26 310
15  46  29  38 -17  27   0 0.00  0.0    0  5.4 15 320   M    M   0        23  20
16  52  28  40 -16  25   0 0.00  0.0    0  1.1  7 300   M    M   8        10 270
17  70  45  58   2   7   0 0.00  0.0    0  4.2 15 200   M    M  10        22 210
18  75  51  63   7   2   0 0.04  0.0    0  7.1 15 210   M    M   7 1      22 200
19  71  44  58   2   7   0 0.00  0.0    0  3.3 13 310   M    M   0        17 320
20  82  47  65   9   0   0 0.00  0.0    0  3.2 14 180   M    M   1        20 210
21  87  58  73  16   0   8 0.00  0.0    0  5.7 15 260   M    M   0        22 260
22  76  56  66   9   0   1 0.00  0.0    0  4.6 10  10   M    M   0        16 340
23  79  50  65   8   0   0 0.00  0.0    0  7.5 15 160   M    M   1        21 130
24  77  62  70  13   0   5 0.00  0.0    0  8.7 18 160   M    M   7        25 150
25  79  59  69  11   0   4 1.46  0.0    0  7.0 20 170   M    M   6 13     28 170
26  78  59  69  11   0   4 0.00  0.0    0  5.7 12 170   M    M   7        16 230
================================================================================
SM 1773 1192       225  25  4.90     0.0 146.5          M      107
================================================================================
AV 68.2 45.9                               5.6 FASTST   M    M   4    MAX(MPH)
                                 MISC ---->  # 22 170               # 30  180
================================================================================
NOTES:
# LAST OF SEVERAL OCCURRENCES

COLUMN 17 PEAK WIND IN M.P.H.

PRELIMINARY LOCAL CLIMATOLOGICAL DATA (WS FORM: F-6) , PAGE 2

                                          STATION:  SHELBY COUNTY AIRPORT
                                          MONTH:    MARCH
                                          YEAR:     2017
                                          LATITUDE:   33 10 N
                                          LONGITUDE:  86 47 W

[TEMPERATURE DATA]      [PRECIPITATION DATA]       SYMBOLS USED IN COLUMN 16

AVERAGE MONTHLY: 57.0   TOTAL FOR MONTH:   4.90    1 = FOG OR MIST
DPTR FM NORMAL:   2.1   DPTR FM NORMAL:    1.09    2 = FOG REDUCING VISIBILITY
HIGHEST:    87 ON 21    GRTST 24HR  1.65 ON  7- 7      TO 1/4 MILE OR LESS
LOWEST:     28 ON 16                               3 = THUNDER
                        SNOW, ICE PELLETS, HAIL    4 = ICE PELLETS
                        TOTAL MONTH:   0.0 INCH    5 = HAIL
                        GRTST 24HR     0.0         6 = FREEZING RAIN OR DRIZZLE
                        GRTST DEPTH:   0           7 = DUSTSTORM OR SANDSTORM:
                                                       VSBY 1/2 MILE OR LESS
                                                   8 = SMOKE OR HAZE
[NO. OF DAYS WITH]      [WEATHER - DAYS WITH]      9 = BLOWING SNOW
                                                   X = TORNADO
MAX 32 OR BELOW:   0    0.01 INCH OR MORE:   8
MAX 90 OR ABOVE:   0    0.10 INCH OR MORE:   5
MIN 32 OR BELOW:   3    0.50 INCH OR MORE:   3
MIN  0 OR BELOW:   0    1.00 INCH OR MORE:   2

[HDD (BASE 65) ]
TOTAL THIS MO.   225    CLEAR  (SCALE 0-3)  12
DPTR FM NORMAL   -48    PTCLDY (SCALE 4-7)   9
TOTAL FM JUL 1  1546    CLOUDY (SCALE 8-10)  5
DPTR FM NORMAL  -856

[CDD (BASE 65) ]
TOTAL THIS MO.    25
DPTR FM NORMAL    25    [PRESSURE DATA]
TOTAL FM JAN 1    35    HIGHEST SLP M ON M
DPTR FM NORMAL    31    LOWEST  SLP 29.87 ON  1

[REMARKS]
