000
CXUS56 KEKA 011230
CF6EKA
PRELIMINARY LOCAL CLIMATOLOGICAL DATA (WS FORM: F-6)

                                          STATION:   EUREKA CA
                                          MONTH:     SEPTEMBER
                                          YEAR:      2016
                                          LATITUDE:   40 47 N
                                          LONGITUDE: 124 10 W

  TEMPERATURE IN F:       :PCPN:    SNOW:  WIND      :SUNSHINE: SKY     :PK WND
================================================================================
1   2   3   4   5  6A  6B    7    8   9   10  11  12  13   14  15   16   17  18
                                     12Z  AVG MX 2MIN
DY MAX MIN AVG DEP HDD CDD  WTR  SNW DPTH SPD SPD DIR MIN PSBL S-S WX    SPD DR
================================================================================

 1  64  54  59   1   6   0 0.00  0.0    0  6.5 12 340   M    M   9 2      16 340
 2  63  52  58   0   7   0 0.00  0.0    0  4.9 12 320   M    M   8 1      15 320
 3  64  54  59   1   6   0 0.00  0.0    0  5.9 12 340   M    M   4        17 320
 4  64  50  57  -1   8   0 0.00  0.0    0  4.5 12 360   M    M   1        18 360
 5  64  48  56  -2   9   0 0.00  0.0    0  5.3 16 350   M    M   3        20 350
 6  65  50  58   0   7   0 0.00  0.0    0  6.9 17 360   M    M   6 1      23 360
 7  64  54  59   1   6   0 0.00  0.0    0  4.0 12 330   M    M   6 2      13 330
 8  63  51  57  -1   8   0 0.00  0.0    0  5.6 15 270   M    M   3 1      18 230
 9  62  50  56  -2   9   0 0.00  0.0    0  4.3 12 230   M    M   4 28     14 230
10  61  50  56  -2   9   0 0.00  0.0    0  3.5  8 300   M    M   8 1      10 300
11  61  50  56  -2   9   0 0.00  0.0    0  4.3 10 290   M    M   5 2      12 290
12  64  47  56  -1   9   0 0.00  0.0    0  4.1  9 260   M    M   3         9 260
13  66  47  57   0   8   0 0.00  0.0    0  3.9  9 350   M    M   4 2       9 350
14  61  48  55  -2  10   0 0.00  0.0    0  3.8  9 310   M    M   6         9 310
15  55  52  54  -3  11   0 0.00  0.0    0  3.4  7 330   M    M  10 1       9  M
16  57  50  54  -3  11   0    T  0.0    0  4.0  9  20   M    M  10 1      12  M
17  60  50  55  -2  10   0 0.00  0.0    0  3.8  9 310   M    M   9 1      10  M
18  67  53  60   3   5   0    T  0.0    0  3.2  8 360   M    M   8 2       8  M
19  64  53  59   2   6   0    T  0.0    0  3.6  6 340   M    M   8 2      10  M
20  63  48  56  -1   9   0 0.00  0.0    0  5.2 12 360   M    M   4 1      13  M
21  62  50  56  -1   9   0 0.00  0.0    0  4.3 13 320   M    M   6        14  M
22  63  51  57   0   8   0 0.00  0.0    0  4.7 12 320   M    M   6        13  M
23  67  48  58   2   7   0 0.01    M    0  1.7  7 190   M    M  10 12      7  M
24  64  52  58   2   7   0 0.00  0.0    0  3.4  8 340   M    M   6 1      10  M
25  75  47  61   5   4   0 0.00  0.0    0  3.3 10 290   M    M   3 1      10  M
26  74  51  63   7   2   0 0.00  0.0    0  3.0  8  50   M    M   3 12     10  M
27  62  52  57   1   8   0 0.00  0.0    0  2.8  6 350   M    M   4 1       8  M
28  56  53  55  -1  10   0 0.00  0.0    0  2.9  9 320   M    M  10 1      10  M
29  56  52  54  -2  11   0 0.00  0.0    0  3.5  7 320   M    M  10 1       9  M
30  64  50  57   1   8   0 0.00  0.0    0  3.8 10 270   M    M   8        12  M
================================================================================
SM 1895 1517       237   0  0.01     0.0 124.1          M      185
================================================================================
AV 63.2 50.6                               4.1 FASTST   M    M   6    MAX(MPH)
                                 MISC ---->    17   M               # 23  360
================================================================================
NOTES:
# LAST OF SEVERAL OCCURRENCES

COLUMN 17 PEAK WIND IN M.P.H.

PRELIMINARY LOCAL CLIMATOLOGICAL DATA (WS FORM: F-6) , PAGE 2

                                          STATION:  EUREKA CA
                                          MONTH:    SEPTEMBER
                                          YEAR:     2016
                                          LATITUDE:   40 47 N
                                          LONGITUDE: 124 10 W

[TEMPERATURE DATA]      [PRECIPITATION DATA]       SYMBOLS USED IN COLUMN 16

AVERAGE MONTHLY: 56.9   TOTAL FOR MONTH:   0.01    1 = FOG OR MIST
DPTR FM NORMAL:  -0.1   DPTR FM NORMAL:   -0.58    2 = FOG REDUCING VISIBILITY
HIGHEST:    75 ON 25    GRTST 24HR  0.01 ON 23-23      TO 1/4 MILE OR LESS
LOWEST:     47 ON 25,13                            3 = THUNDER
                        SNOW, ICE PELLETS, HAIL    4 = ICE PELLETS
                        TOTAL MONTH:   0.0 INCH    5 = HAIL
                        GRTST 24HR     0.0         6 = FREEZING RAIN OR DRIZZLE
                        GRTST DEPTH:   0           7 = DUSTSTORM OR SANDSTORM:
                                                       VSBY 1/2 MILE OR LESS
                                                   8 = SMOKE OR HAZE
[NO. OF DAYS WITH]      [WEATHER - DAYS WITH]      9 = BLOWING SNOW
                                                   X = TORNADO
MAX 32 OR BELOW:   0    0.01 INCH OR MORE:   1
MAX 90 OR ABOVE:   0    0.10 INCH OR MORE:   0
MIN 32 OR BELOW:   0    0.50 INCH OR MORE:   0
MIN  0 OR BELOW:   0    1.00 INCH OR MORE:   0

[HDD (BASE 65) ]
TOTAL THIS MO.   237    CLEAR  (SCALE 0-3)   5
DPTR FM NORMAL    -2    PTCLDY (SCALE 4-7)  18
TOTAL FM JUL 1   684    CLOUDY (SCALE 8-10)  7
DPTR FM NORMAL    19

[CDD (BASE 65) ]
TOTAL THIS MO.     0
DPTR FM NORMAL     0    [PRESSURE DATA]
TOTAL FM JAN 1     0    HIGHEST SLP M ON M
DPTR FM NORMAL     0    LOWEST  SLP M ON M

[REMARKS]
#FINAL-09-16#
