000
CXUS56 KLKN 231009
CF6EKO
PRELIMINARY LOCAL CLIMATOLOGICAL DATA (WS FORM: F-6)

                                          STATION:   ELKO AIRPORT NV
                                          MONTH:     OCTOBER
                                          YEAR:      2017
                                          LATITUDE:   40 49 N
                                          LONGITUDE: 115 47 W

  TEMPERATURE IN F:       :PCPN:    SNOW:  WIND      :SUNSHINE: SKY     :PK WND
================================================================================
1   2   3   4   5  6A  6B    7    8   9   10  11  12  13   14  15   16   17  18
                                     12Z  AVG MX 2MIN
DY MAX MIN AVG DEP HDD CDD  WTR  SNW DPTH SPD SPD DIR MIN PSBL S-S WX    SPD DR
================================================================================

 1  58  33  46  -6  19   0 0.00  0.0    0  6.1 17 320   M    M   M        23 360
 2  50  28  39 -13  26   0 0.00  0.0    0  4.2 16  40   M    M   4        22  40
 3  62  35  49  -3  16   0 0.03  0.0    0 12.9 25  60   M    M   4        33  40
 4  58  33  46  -5  19   0 0.08  0.0    0  7.1 18 240   M    M   6        24 240
 5  59  29  44  -7  21   0 0.00  0.0    0  3.3 17 300   M    M   M        21 290
 6  66  28  47  -3  18   0 0.00  0.0    0  4.0 15 220   M    M   0        18 220
 7  75  29  52   2  13   0 0.00  0.0    0  6.5 24 270   M    M   0        32 240
 8  53  27  40 -10  25   0    T  0.0    0  7.7 29 360   M    M   3        35 340
 9  56  21  39 -10  26   0 0.00  0.0    0  3.3 10  60   M    M   0 8      14 350
10  66  27  47  -2  18   0 0.00  0.0    0  4.1 13 210   M    M   M        21 160
11  67  27  47  -1  18   0 0.00  0.0    0  6.4 21 240   M    M   1 8      27 250
12  54  24  39  -9  26   0 0.00  0.0    0  3.3 16 250   M    M   0        21 260
13  61  20  41  -7  24   0 0.00  0.0    0  9.0 28 260   M    M   1        36 250
14  52  20  36 -11  29   0 0.00  0.0    0  3.3 14 310   M    M   1        20 320
15  65  20  43  -4  22   0 0.00  0.0    0  2.5  9  70   M    M   0        13  60
16  73  20  47   1  18   0 0.00  0.0    0  3.0  8 260   M    M   0        11 220
17  72  25  49   3  16   0 0.00  0.0    0  3.2 14 230   M    M   0        18 250
18  73  22  48   2  17   0 0.00  0.0    0  2.3  9 340   M    M   0 8      10 260
19  75  21  48   3  17   0 0.00  0.0    0  4.0 16 270   M    M   0        20 260
20  49  26  38  -7  27   0 0.02    T    0 11.0 41 270   M    M   3 1      52 270
21  54  19  37  -8  28   0 0.00  0.0    0  5.4 21 230   M    M   4        27 230
22  69  28  49   5  16   0 0.00  0.0    0  6.3 18 250   M    M   1        26 240
================================================================================
SM 1367  562       459   0  0.13    T    118.9          M       28
================================================================================
AV 62.1 25.6                               5.4 FASTST   M    M   1    MAX(MPH)
                                 MISC ---->  # 41 270               # 52  270
================================================================================
NOTES:
# LAST OF SEVERAL OCCURRENCES

COLUMN 17 PEAK WIND IN M.P.H.

PRELIMINARY LOCAL CLIMATOLOGICAL DATA (WS FORM: F-6) , PAGE 2

                                          STATION:  ELKO AIRPORT NV
                                          MONTH:    OCTOBER
                                          YEAR:     2017
                                          LATITUDE:   40 49 N
                                          LONGITUDE: 115 47 W

[TEMPERATURE DATA]      [PRECIPITATION DATA]       SYMBOLS USED IN COLUMN 16

AVERAGE MONTHLY: 43.8   TOTAL FOR MONTH:   0.13    1 = FOG OR MIST
DPTR FM NORMAL:  -4.4   DPTR FM NORMAL:   -0.36    2 = FOG REDUCING VISIBILITY
HIGHEST:    75 ON 19, 7 GRTST 24HR  0.08 ON  4- 4      TO 1/4 MILE OR LESS
LOWEST:     19 ON 21                               3 = THUNDER
                        SNOW, ICE PELLETS, HAIL    4 = ICE PELLETS
                        TOTAL MONTH:    T          5 = HAIL
                        GRTST 24HR    T  ON 20-20  6 = FREEZING RAIN OR DRIZZLE
                        GRTST DEPTH:   0           7 = DUSTSTORM OR SANDSTORM:
                                                       VSBY 1/2 MILE OR LESS
                                                   8 = SMOKE OR HAZE
[NO. OF DAYS WITH]      [WEATHER - DAYS WITH]      9 = BLOWING SNOW
                                                   X = TORNADO
MAX 32 OR BELOW:   0    0.01 INCH OR MORE:   3
MAX 90 OR ABOVE:   0    0.10 INCH OR MORE:   0
MIN 32 OR BELOW:  19    0.50 INCH OR MORE:   0
MIN  0 OR BELOW:   0    1.00 INCH OR MORE:   0

[HDD (BASE 65) ]
TOTAL THIS MO.   459    CLEAR  (SCALE 0-3)  15
DPTR FM NORMAL    91    PTCLDY (SCALE 4-7)   4
TOTAL FM JUL 1   714    CLOUDY (SCALE 8-10)  0
DPTR FM NORMAL    88

[CDD (BASE 65) ]
TOTAL THIS MO.     0
DPTR FM NORMAL     0    [PRESSURE DATA]
TOTAL FM JAN 1   785    HIGHEST SLP 24.86 ON 10
DPTR FM NORMAL   402    LOWEST  SLP 29.50 ON 20

[REMARKS]
