000
CXUS56 KLKN 241001
CF6EKO
PRELIMINARY LOCAL CLIMATOLOGICAL DATA (WS FORM: F-6)

                                          STATION:   ELKO AIRPORT NV
                                          MONTH:     APRIL
                                          YEAR:      2014
                                          LATITUDE:   40 49 N
                                          LONGITUDE: 115 47 W

  TEMPERATURE IN F:       :PCPN:    SNOW:  WIND      :SUNSHINE: SKY     :PK WND
================================================================================
1   2   3   4   5  6A  6B    7    8   9   10  11  12  13   14  15   16   17  18
                                     12Z  AVG MX 2MIN
DY MAX MIN AVG DEP HDD CDD  WTR  SNW DPTH SPD SPD DIR MIN PSBL S-S WX    SPD DR
================================================================================

 1  40  26  33  -9  32   0 0.23  2.6    2  9.4 29 240   M    M   7 1      35 250
 2  43  24  34  -8  31   0    T    T    T  7.0 22 340   M    M   8        27 280
 3  47  25  36  -6  29   0 0.00  0.0    0  4.4 12 230   M    M   2        16 240
 4  52  27  40  -3  25   0 0.02  0.0    0  4.0 17 210   M    M   6        23 220
 5  50  25  38  -5  27   0 0.05    T    0  2.8 24 330   M    M   5 125    31 330
 6  58  32  45   2  20   0    T  0.0    0  6.8 22 280   M    M   7        25 280
 7  66  28  47   4  18   0 0.00  0.0    0  2.4 13 180   M    M   0        17 200
 8  74  29  52   9  13   0 0.00  0.0    0  3.8 17 260   M    M   0        22 260
 9  71  35  53   9  12   0 0.00  0.0    0  6.8 26 260   M    M   0        32 260
10  71  33  52   8  13   0 0.00  0.0    0  5.5 21 270   M    M   0        25 260
11  74  31  53   9  12   0 0.00  0.0    0  5.4 22 260   M    M   0        27 260
12  71  34  53   9  12   0    T  0.0    0  8.7 30 260   M    M   3        38 260
13  57  28  43  -1  22   0 0.00  0.0    0 10.8 24 330   M    M   1        33 330
14  63  20  42  -3  23   0 0.00  0.0    0  3.2 12 290   M    M   0        16 280
15  67  28  48   3  17   0 0.00  0.0    0 10.5 35 260   M    M   0        42 260
16  60  37  49   4  16   0 0.00  0.0    0  4.5 16 220   M    M   6        19 230
17  76  30  53   8  12   0 0.00  0.0    0  5.2 21 330   M    M   1        25 330
18  66  38  52   6  13   0 0.00  0.0    0  5.0 17 280   M    M   5        24 250
19  73  34  54   8  11   0 0.00  0.0    0  5.6 23 260   M    M   0        30 260
20  67  34  51   5  14   0 0.00  0.0    0  5.0 16 270   M    M   0        22 270
21  73  28  51   5  14   0 0.00  0.0    0  5.0 20 290   M    M   0        29 280
22  59  30  45  -2  20   0 0.06    T    0  8.5 35 280   M    M   5 1      44 300
23  53  24  39  -8  26   0 0.00  0.0    0  4.7 18 240   M    M   3        24 240
================================================================================
SM 1431  680       432   0  0.36     2.6 135.0          M       59
================================================================================
AV 62.2 29.6                               5.9 FASTST   M    M   3    MAX(MPH)
                                 MISC ---->  # 35 260               # 44  300
================================================================================
NOTES:
# LAST OF SEVERAL OCCURRENCES

COLUMN 17 PEAK WIND IN M.P.H.

PRELIMINARY LOCAL CLIMATOLOGICAL DATA (WS FORM: F-6) , PAGE 2

                                          STATION:  ELKO AIRPORT NV
                                          MONTH:    APRIL
                                          YEAR:     2014
                                          LATITUDE:   40 49 N
                                          LONGITUDE: 115 47 W

[TEMPERATURE DATA]      [PRECIPITATION DATA]       SYMBOLS USED IN COLUMN 16

AVERAGE MONTHLY: 45.9   TOTAL FOR MONTH:   0.36    1 = FOG OR MIST
DPTR FM NORMAL:   1.6   DPTR FM NORMAL:   -0.38    2 = FOG REDUCING VISIBILITY
HIGHEST:    76 ON 17    GRTST 24HR  0.23 ON  1- 1      TO 1/4 MILE OR LESS
LOWEST:     20 ON 14                               3 = THUNDER
                        SNOW, ICE PELLETS, HAIL    4 = ICE PELLETS
                        TOTAL MONTH:   2.6 INCHES  5 = HAIL
                        GRTST 24HR   2.6 ON   M    6 = FREEZING RAIN OR DRIZZLE
                        GRTST DEPTH:   2 ON  1     7 = DUSTSTORM OR SANDSTORM:
                                                       VSBY 1/2 MILE OR LESS
                                                   8 = SMOKE OR HAZE
[NO. OF DAYS WITH]      [WEATHER - DAYS WITH]      9 = BLOWING SNOW
                                                   X = TORNADO
MAX 32 OR BELOW:   0    0.01 INCH OR MORE:   4
MAX 90 OR ABOVE:   0    0.10 INCH OR MORE:   1
MIN 32 OR BELOW:  16    0.50 INCH OR MORE:   0
MIN  0 OR BELOW:   0    1.00 INCH OR MORE:   0

[HDD (BASE 65) ]
TOTAL THIS MO.   432    CLEAR  (SCALE 0-3)  15
DPTR FM NORMAL   -43    PTCLDY (SCALE 4-7)   8
TOTAL FM JUL 1  5921    CLOUDY (SCALE 8-10)  0
DPTR FM NORMAL  -531

[CDD (BASE 65) ]
TOTAL THIS MO.     0
DPTR FM NORMAL     0    [PRESSURE DATA]
TOTAL FM JAN 1     0    HIGHEST SLP M ON M
DPTR FM NORMAL     0    LOWEST  SLP 29.58 ON  1

[REMARKS]
