000
CXUS53 KTOP 260800
CF6EMP
PRELIMINARY LOCAL CLIMATOLOGICAL DATA (WS FORM: F-6)

                                          STATION:   Emporia KS
                                          MONTH:     JULY
                                          YEAR:      2016
                                          LATITUDE:   38 19 N
                                          LONGITUDE:  96 12 W

  TEMPERATURE IN F:       :PCPN:    SNOW:  WIND      :SUNSHINE: SKY     :PK WND
================================================================================
1   2   3   4   5  6A  6B    7    8   9   10  11  12  13   14  15   16   17  18
                                     12Z  AVG MX 2MIN
DY MAX MIN AVG DEP HDD CDD  WTR  SNW DPTH SPD SPD DIR MIN PSBL S-S WX    SPD DR
================================================================================

 1  82  69  76  -1   0  11    T    M    M  8.8 21  90   M    M   5        25  90
 2  80  66  73  -4   0   8 1.79    M    M  9.2 17  80   M    M   9 13     22 100
 3  74  68  71  -7   0   6 0.37    M    M  6.4 17 170   M    M   9 13     20 170
 4  86  67  77  -1   0  12 0.01    M    M  5.3 10 150   M    M   6 1      14 220
 5  96  74  85   7   0  20 0.00    M    M 12.0 21 170   M    M   0        26 190
 6  91  69  80   2   0  15 0.08    M    M 10.2 24 170   M    M   1 3      30 170
 7  89  69  79   1   0  14 0.40    M    M 10.9 24 180   M    M   5 13     33  80
 8  88  71  80   2   0  15 0.00    M    M  7.0 14 100   M    M   1        20  80
 9  92  72  82   3   0  17 0.00    M    M  7.7 15 180   M    M   2        21 190
10  91  71  81   2   0  16 0.00    M    M 12.0 22 160   M    M   1        27 150
11  91  73  82   3   0  17 0.00    M    M 17.5 30 170   M    M   2        39 160
12  80  67  74  -5   0   9 0.32    M    M 10.8 32 300   M    M   6 13     51 300
13  91  73  82   3   0  17 0.28    M    M  9.8 22 180   M    M   5 13     27 170
14  83  67  75  -4   0  10 0.08    M    M  6.7 26 140   M    M   2 13     36 120
15  87  62  75  -4   0  10 0.00    M    M  5.6 18  50   M    M   0 1      24  30
16  89  68  79   0   0  14 0.00    M    M  8.4 18 150   M    M   2        23 140
17  94  73  84   5   0  19 0.00    M    M 12.7 21 160   M    M   0        27 170
18  93  70  82   2   0  17 0.00    M    M 11.3 18 160   M    M   0        24 180
19  93  73  83   3   0  18 0.00    M    M 10.4 20 180   M    M   0        25 170
20  95  74  85   5   0  20 0.00    M    M 14.0 23 170   M    M   0        30 170
21  97  75  86   6   0  21 0.00    M    M 13.9 24 180   M    M   0        28 190
22  99  76  88   8   0  23 0.00    M    M 12.9 21 160   M    M   0        27 200
23  98  74  86   6   0  21 0.00    M    M 10.7 21 160   M    M   0        26 180
24 100  76  88   8   0  23 0.00    M    M  8.3 16  40   M    M   0        19 180
25  82  69  76  -4   0  11 0.85    M    M  7.4 26  70   M    M   6 13     35  80
================================================================================
SM 2241 1766         0 384  4.18    M    249.9          M       62
================================================================================
AV 89.6 70.6                              10.0 FASTST   M    M   2    MAX(MPH)
                                 MISC ---->  # 32 300               # 51  300
================================================================================
NOTES:
# LAST OF SEVERAL OCCURRENCES

COLUMN 17 PEAK WIND IN M.P.H.

PRELIMINARY LOCAL CLIMATOLOGICAL DATA (WS FORM: F-6) , PAGE 2

                                          STATION:  Emporia KS
                                          MONTH:    JULY
                                          YEAR:     2016
                                          LATITUDE:   38 19 N
                                          LONGITUDE:  96 12 W

[TEMPERATURE DATA]      [PRECIPITATION DATA]       SYMBOLS USED IN COLUMN 16

AVERAGE MONTHLY: 80.1   TOTAL FOR MONTH:   4.18    1 = FOG OR MIST
DPTR FM NORMAL:   1.2   DPTR FM NORMAL:    0.48    2 = FOG REDUCING VISIBILITY
HIGHEST:   100 ON 24    GRTST 24HR  2.14 ON  2- 3      TO 1/4 MILE OR LESS
LOWEST:     62 ON 15                               3 = THUNDER
                        SNOW, ICE PELLETS, HAIL    4 = ICE PELLETS
                        TOTAL MONTH:    M          5 = HAIL
                        GRTST 24HR    M  ON   M    6 = FREEZING RAIN OR DRIZZLE
                        GRTST DEPTH:  M  ON   M    7 = DUSTSTORM OR SANDSTORM:
                                                       VSBY 1/2 MILE OR LESS
                                                   8 = SMOKE OR HAZE
[NO. OF DAYS WITH]      [WEATHER - DAYS WITH]      9 = BLOWING SNOW
                                                   X = TORNADO
MAX 32 OR BELOW:   0    0.01 INCH OR MORE:   9
MAX 90 OR ABOVE:  14    0.10 INCH OR MORE:   6
MIN 32 OR BELOW:   0    0.50 INCH OR MORE:   2
MIN  0 OR BELOW:   0    1.00 INCH OR MORE:   1

[HDD (BASE 65) ]
TOTAL THIS MO.     0    CLEAR  (SCALE 0-3)  17
DPTR FM NORMAL     0    PTCLDY (SCALE 4-7)   6
TOTAL FM JUL 1     0    CLOUDY (SCALE 8-10)  2
DPTR FM NORMAL     0

[CDD (BASE 65) ]
TOTAL THIS MO.   384
DPTR FM NORMAL    37    [PRESSURE DATA]
TOTAL FM JAN 1   862    HIGHEST SLP M ON M
DPTR FM NORMAL   133    LOWEST  SLP 29.65 ON 11

[REMARKS]
