000
CXUS53 KMKX 300713
CF6ENW
PRELIMINARY LOCAL CLIMATOLOGICAL DATA (WS FORM: F-6)

                                          STATION:   KENOSHA WI
                                          MONTH:     APRIL
                                          YEAR:      2017
                                          LATITUDE:   42 35 N
                                          LONGITUDE:  87 56 W

  TEMPERATURE IN F:       :PCPN:    SNOW:  WIND      :SUNSHINE: SKY     :PK WND
================================================================================
1   2   3   4   5  6A  6B    7    8   9   10  11  12  13   14  15   16   17  18
                                     12Z  AVG MX 2MIN
DY MAX MIN AVG DEP HDD CDD  WTR  SNW DPTH SPD SPD DIR MIN PSBL S-S WX    SPD DR
================================================================================

 1  58  30  44   3  21   0 0.00  0.0    0  5.3 13 100   M    M   0        14 110
 2  56  38  47   6  18   0 0.05    M    M  5.9 12 110   M    M   7        14 110
 3  51  43  47   6  18   0 0.55    M    M  9.2 16  70   M    M   9 1      20  90
 4  55  41  48   6  17   0 0.14    M    M  8.1 16 330   M    M   7 1      22 320
 5  43  38  41  -1  24   0 0.53    M    M 15.1 25  20   M    M   9 1      35  30
 6  51  36  44   2  21   0 0.04    M    M 15.1 25 360   M    M   6 1      35 360
 7  54  34  44   1  21   0 0.00  0.0    0  9.4 18 340   M    M   0        25 340
 8  67  33  50   7  15   0 0.00  0.0    0 12.7 21 180   M    M   0        27 200
 9  75  56  66  23   0   1 0.00  0.0    0 17.6 28 210   M    M   2        33 210
10  75  38  57  13   8   0 0.84    M    0 15.0 32 250   M    M   6 13     38 250
11  49  37  43  -1  22   0    T  0.0    0  6.3 17 280   M    M   9 18     21 290
12  54  32  43  -1  22   0 0.02  0.0    0  6.1 14 100   M    M   2 1      17 120
13  51  41  46   1  19   0 0.20  0.0    0 11.4 20  60   M    M   8 1      23  60
14  60  43  52   7  13   0 0.03  0.0    0  9.7 16 110   M    M   7 1      19 110
15  81  58  70  24   0   5 0.53  0.0    0 16.5 36 240   M    M   3 13     47 240
16  71  48  60  14   5   0 0.45  0.0    0 12.0 22 290   M    M   3 13     28 280
17  63  40  52   6  13   0 0.00  0.0    0  8.4 20  70   M    M   2        23  70
18  74  37  56   9   9   0 0.00  0.0    0 10.2 25 210   M    M   2        32 220
19  68  42  55   8  10   0    T    M    0  9.9 22  70   M    M   8        26  70
20  66  43  55   8  10   0 0.10    M    0 15.1 29 270   M    M   9 13     37 270
21  56  40  48   0  17   0 0.00  0.0    M 11.1 22 290   M    M   5        28 300
22  59  37  48   0  17   0 0.00  0.0    0  6.2 14  30   M    M   0        18  40
23  70  33  52   4  13   0 0.00  0.0    M  6.1 18  10   M    M   0        23  10
24  68  33  51   2  14   0 0.00  0.0    M  7.0 17 140   M    M   0 1      23 160
25  72  50  61  12   4   0 0.00  0.0    0 11.1 20 130   M    M   0        26 130
26  74  57  66  17   0   1 0.17  0.0    0  9.6 22 240   M    M   6 1      28 230
27  58  43  51   1  14   0 0.35  0.0    0 16.2 29 250   M    M  10 1      39 270
28  53  35  44  -6  21   0    T  0.0    0  6.9 20 260   M    M   7 1      24 250
29  44  38  41  -9  24   0 0.60  0.0    0 16.3 29  60   M    M   7 18     39  60
================================================================================
SM 1776 1174       410   7  4.60     0.0 309.5          M      134
================================================================================
AV 61.2 40.5                              10.7 FASTST   M    M   5    MAX(MPH)
                                 MISC ---->  # 36 240               # 47  240
================================================================================
NOTES:
# LAST OF SEVERAL OCCURRENCES

COLUMN 17 PEAK WIND IN M.P.H.

PRELIMINARY LOCAL CLIMATOLOGICAL DATA (WS FORM: F-6) , PAGE 2

                                          STATION:  KENOSHA WI
                                          MONTH:    APRIL
                                          YEAR:     2017
                                          LATITUDE:   42 35 N
                                          LONGITUDE:  87 56 W

[TEMPERATURE DATA]      [PRECIPITATION DATA]       SYMBOLS USED IN COLUMN 16

AVERAGE MONTHLY: 50.9   TOTAL FOR MONTH:   4.60    1 = FOG OR MIST
DPTR FM NORMAL:   5.3   DPTR FM NORMAL:    1.16    2 = FOG REDUCING VISIBILITY
HIGHEST:    81 ON 15    GRTST 24HR  0.84 ON 10-10      TO 1/4 MILE OR LESS
LOWEST:     30 ON  1                               3 = THUNDER
                        SNOW, ICE PELLETS, HAIL    4 = ICE PELLETS
                        TOTAL MONTH:   0.0 INCH    5 = HAIL
                        GRTST 24HR     0.0         6 = FREEZING RAIN OR DRIZZLE
                        GRTST DEPTH:   0           7 = DUSTSTORM OR SANDSTORM:
                                                       VSBY 1/2 MILE OR LESS
                                                   8 = SMOKE OR HAZE
[NO. OF DAYS WITH]      [WEATHER - DAYS WITH]      9 = BLOWING SNOW
                                                   X = TORNADO
MAX 32 OR BELOW:   0    0.01 INCH OR MORE:  15
MAX 90 OR ABOVE:   0    0.10 INCH OR MORE:  11
MIN 32 OR BELOW:   2    0.50 INCH OR MORE:   5
MIN  0 OR BELOW:   0    1.00 INCH OR MORE:   0

[HDD (BASE 65) ]
TOTAL THIS MO.   410    CLEAR  (SCALE 0-3)  11
DPTR FM NORMAL  -157    PTCLDY (SCALE 4-7)  12
TOTAL FM JUL 1  5539    CLOUDY (SCALE 8-10)  6
DPTR FM NORMAL -1052

[CDD (BASE 65) ]
TOTAL THIS MO.     7
DPTR FM NORMAL     7    [PRESSURE DATA]
TOTAL FM JAN 1     7    HIGHEST SLP M ON M
DPTR FM NORMAL     7    LOWEST  SLP 29.33 ON 26

[REMARKS]
