000
CXUS54 KEWX 220910
CF6ERV
PRELIMINARY LOCAL CLIMATOLOGICAL DATA (WS FORM: F-6)

                                          STATION:   KERRVILLE
                                          MONTH:     DECEMBER
                                          YEAR:      2014
                                          LATITUDE:   29 58 N
                                          LONGITUDE:  99  5 W

  TEMPERATURE IN F:       :PCPN:    SNOW:  WIND      :SUNSHINE: SKY     :PK WND
================================================================================
1   2   3   4   5  6A  6B    7    8   9   10  11  12  13   14  15   16   17  18
                                     12Z  AVG MX 2MIN
DY MAX MIN AVG DEP HDD CDD  WTR  SNW DPTH SPD SPD DIR MIN PSBL S-S WX    SPD DR
================================================================================

 1  64  37  51   M  14   0 0.00    M    M 10.1 17 360   M    M  10 1      21 350
 2  49  37  43   M  22   0 0.03    M    M  4.7 13 350   M    M  10 1       M  M
 3  57  45  51   M  14   0 0.00    M    M  4.7 10 160   M    M  10 12      M  M
 4  69  56  63   M   2   0 0.01    M    M  7.1 12 150   M    M  10 12      M  M
 5  72  51  62   M   3   0 0.00    M    M  7.9 13 170   M    M   6 12     16 170
 6  66  44  55   M  10   0 0.01    M    M  4.9 10 350   M    M   5 12      M  M
 7  56  41  49   M  16   0 0.00    M    M  2.9  8  40   M    M   9         M  M
 8  69  45  57   M   8   0 0.00    M    M  3.1 12 360   M    M   4 1       M  M
 9  72  38  55   M  10   0 0.00    M    M  2.6  8 180   M    M   2 1       M  M
10  63  51  57   M   8   0 0.00    M    M  5.5 13 170   M    M   9         M  M
11  59  56  58   M   7   0 0.02    M    M  5.8 12 160   M    M  10 1       M  M
12  67  56  62   M   3   0 0.00    M    M  7.4 12 190   M    M  10         M  M
13  69  54  62   M   3   0 0.00    M    M  8.5 14 170   M    M   7        16 150
14  64  51  58   M   7   0 0.00    M    M  9.0 16 170   M    M   9 12     23 140
15  72  38  55   M  10   0 0.00    M    M  3.8 10 280   M    M   5 12     16 310
16  63  33  48   M  17   0 0.00    M    M  3.2  9 110   M    M   4         M  M
17  54  44  49   M  16   0 0.08    M    M  3.5  9 100   M    M  10 13      M  M
18  69  51  60   M   5   0 0.00    M    M  2.3  7 310   M    M   8 12      M  M
19  60  45  53   M  12   0 0.00    M    M  6.2 12  10   M    M   8 18      M  M
20  59  44  52   M  13   0 0.00    M    M  5.3  9 110   M    M   7         M  M
21  52  46  49   M  16   0 0.00  0.0    0  8.7 13 210   M    M  10 1      20 200
================================================================================
SM 1325  963       216   0  0.15     0.0 117.2          M      163
================================================================================
AV 63.1 45.9                               5.6 FASTST   M    M   8    MAX(MPH)
                                 MISC ---->    17   M               # 23  140
================================================================================
NOTES:
# LAST OF SEVERAL OCCURRENCES

COLUMN 17 PEAK WIND IN M.P.H.

PRELIMINARY LOCAL CLIMATOLOGICAL DATA (WS FORM: F-6) , PAGE 2

                                          STATION:  KERRVILLE
                                          MONTH:    DECEMBER
                                          YEAR:     2014
                                          LATITUDE:   29 58 N
                                          LONGITUDE:  99  5 W

[TEMPERATURE DATA]      [PRECIPITATION DATA]       SYMBOLS USED IN COLUMN 16

AVERAGE MONTHLY: 54.5   TOTAL FOR MONTH:   0.15    1 = FOG OR MIST
DPTR FM NORMAL:     M   DPTR FM NORMAL:       M    2 = FOG REDUCING VISIBILITY
HIGHEST:    72 ON 15, 9 GRTST 24HR  0.08 ON 17-17      TO 1/4 MILE OR LESS
LOWEST:     33 ON 16                               3 = THUNDER
                        SNOW, ICE PELLETS, HAIL    4 = ICE PELLETS
                        TOTAL MONTH:   0.0 INCH    5 = HAIL
                        GRTST 24HR     0.0         6 = FREEZING RAIN OR DRIZZLE
                        GRTST DEPTH:   0           7 = DUSTSTORM OR SANDSTORM:
                                                       VSBY 1/2 MILE OR LESS
                                                   8 = SMOKE OR HAZE
[NO. OF DAYS WITH]      [WEATHER - DAYS WITH]      9 = BLOWING SNOW
                                                   X = TORNADO
MAX 32 OR BELOW:   0    0.01 INCH OR MORE:   5
MAX 90 OR ABOVE:   0    0.10 INCH OR MORE:   0
MIN 32 OR BELOW:   0    0.50 INCH OR MORE:   0
MIN  0 OR BELOW:   0    1.00 INCH OR MORE:   0

[HDD (BASE 65) ]
TOTAL THIS MO.   216    CLEAR  (SCALE 0-3)   1
DPTR FM NORMAL     M    PTCLDY (SCALE 4-7)   8
TOTAL FM JUL 1   605    CLOUDY (SCALE 8-10) 12
DPTR FM NORMAL     M

[CDD (BASE 65) ]
TOTAL THIS MO.     0
DPTR FM NORMAL     M    [PRESSURE DATA]
TOTAL FM JAN 1  2562    HIGHEST SLP M ON M
DPTR FM NORMAL     M    LOWEST  SLP M ON M

[REMARKS]
