000
CXUS53 KPAH 220637
CF6EVV
PRELIMINARY LOCAL CLIMATOLOGICAL DATA (WS FORM: F-6)

                                          STATION:   EVANSVILLE IN
                                          MONTH:     JULY
                                          YEAR:      2014
                                          LATITUDE:   38  2 N
                                          LONGITUDE:  87 32 W

  TEMPERATURE IN F:       :PCPN:    SNOW:  WIND      :SUNSHINE: SKY     :PK WND
================================================================================
1   2   3   4   5  6A  6B    7    8   9   10  11  12  13   14  15   16   17  18
                                     12Z  AVG MX 2MIN
DY MAX MIN AVG DEP HDD CDD  WTR  SNW DPTH SPD SPD DIR MIN PSBL S-S WX    SPD DR
================================================================================

 1  92  70  81   3   0  16 2.22  0.0    0  9.4 30 320   M    M   4 138    38 310
 2  82  65  74  -4   0   9 0.00  0.0    0  7.4 15 270   M    M   2 1      22 250
 3  75  60  68 -10   0   3 0.00  0.0    0  5.0 14 340   M    M   4 18     17 350
 4  81  58  70  -8   0   5 0.00  0.0    0  4.6 16  30   M    M   1 18     21  30
 5  84  57  71  -7   0   6 0.00  0.0    0  3.1 10 130   M    M   0 18     14 150
 6  87  63  75  -3   0  10 0.00  0.0    0  9.2 20 220   M    M   1        25 230
 7  90  70  80   2   0  15 0.02  0.0    0 13.1 41 250   M    M   3 3      57 250
 8  87  72  80   2   0  15 0.04  0.0    0 11.0 21 240   M    M   3 13     28 230
 9  86  67  77  -1   0  12 0.00  0.0    0  5.6 13 260   M    M   2        17 260
10  86  66  76  -2   0  11 0.00  0.0    0  4.0 10  10   M    M   2        14 350
11  89  64  77  -1   0  12 0.00  0.0    0  3.0 10 210   M    M   0        16 240
12  85  72  79   1   0  14 0.26  0.0    0  6.0 15 210   M    M   2 1      19 210
13  93  73  83   5   0  18 0.57  0.0    0 11.2 38 230   M    M   3 13     51 240
14  86  71  79   1   0  14 0.55  0.0    0  6.9 25 310   M    M   7 13     36 330
15  74  60  67 -11   0   2 0.00  0.0    0  7.1 15 320   M    M   3 8      23 290
16  78  57  68 -10   0   3 0.00  0.0    0  4.0 14  20   M    M   2        17  30
17  82  57  70  -8   0   5 0.00  0.0    0  4.0 10  50   M    M   2        15  70
18  82  62  72  -6   0   7 0.00  0.0    0  5.7 15  90   M    M   2        20  90
19  80  61  71  -7   0   6 0.00  0.0    0  6.3 13  40   M    M   6 128    16  40
20  85  63  74  -4   0   9 0.00  0.0    0  3.5  9 360   M    M   4        11 270
21  89  65  77  -1   0  12 0.00  0.0    0  1.1  9 330   M    M   1 8      11 250
================================================================================
SM 1773 1353         0 204  3.66     0.0 131.2          M       54
================================================================================
AV 84.4 64.4                               6.2 FASTST   M    M   3    MAX(MPH)
                                 MISC ---->  # 41 250               # 57  250
================================================================================
NOTES:
# LAST OF SEVERAL OCCURRENCES

COLUMN 17 PEAK WIND IN M.P.H.

PRELIMINARY LOCAL CLIMATOLOGICAL DATA (WS FORM: F-6) , PAGE 2

                                          STATION:  EVANSVILLE IN
                                          MONTH:    JULY
                                          YEAR:     2014
                                          LATITUDE:   38  2 N
                                          LONGITUDE:  87 32 W

[TEMPERATURE DATA]      [PRECIPITATION DATA]       SYMBOLS USED IN COLUMN 16

AVERAGE MONTHLY: 74.4   TOTAL FOR MONTH:   3.66    1 = FOG OR MIST
DPTR FM NORMAL:  -3.6   DPTR FM NORMAL:    0.92    2 = FOG REDUCING VISIBILITY
HIGHEST:    93 ON 13    GRTST 24HR  2.22 ON  1- 1      TO 1/4 MILE OR LESS
LOWEST:     57 ON 17,16                            3 = THUNDER
                        SNOW, ICE PELLETS, HAIL    4 = ICE PELLETS
                        TOTAL MONTH:   0.0 INCH    5 = HAIL
                        GRTST 24HR     0.0         6 = FREEZING RAIN OR DRIZZLE
                        GRTST DEPTH:   0           7 = DUSTSTORM OR SANDSTORM:
                                                       VSBY 1/2 MILE OR LESS
                                                   8 = SMOKE OR HAZE
[NO. OF DAYS WITH]      [WEATHER - DAYS WITH]      9 = BLOWING SNOW
                                                   X = TORNADO
MAX 32 OR BELOW:   0    0.01 INCH OR MORE:   6
MAX 90 OR ABOVE:   3    0.10 INCH OR MORE:   4
MIN 32 OR BELOW:   0    0.50 INCH OR MORE:   3
MIN  0 OR BELOW:   0    1.00 INCH OR MORE:   1

[HDD (BASE 65) ]
TOTAL THIS MO.     0    CLEAR  (SCALE 0-3)  15
DPTR FM NORMAL     0    PTCLDY (SCALE 4-7)   6
TOTAL FM JUL 1     0    CLOUDY (SCALE 8-10)  0
DPTR FM NORMAL     0

[CDD (BASE 65) ]
TOTAL THIS MO.   204
DPTR FM NORMAL   -69    [PRESSURE DATA]
TOTAL FM JAN 1   777    HIGHEST SLP M ON M
DPTR FM NORMAL    71    LOWEST  SLP 29.74 ON  1

[REMARKS]
