000
CXUS56 KSLC 251227
CF6EVW
PRELIMINARY LOCAL CLIMATOLOGICAL DATA (WS FORM: F-6)

                                          STATION:   EVANSTON WY
                                          MONTH:     JULY
                                          YEAR:      2016
                                          LATITUDE:   41 16 N
                                          LONGITUDE: 111  2 W

  TEMPERATURE IN F:       :PCPN:    SNOW:  WIND      :SUNSHINE: SKY     :PK WND
================================================================================
1   2   3   4   5  6A  6B    7    8   9   10  11  12  13   14  15   16   17  18
                                     12Z  AVG MX 2MIN
DY MAX MIN AVG DEP HDD CDD  WTR  SNW DPTH SPD SPD DIR MIN PSBL S-S WX    SPD DR
================================================================================

 1  80  49  65   2   0   0 0.00  0.0    0  7.2 23  80   M    M   2        27  90
 2  78  50  64   1   1   0 0.00  0.0    0  9.0 20 230   M    M   2 3      26 220
 3  82  53  68   4   0   3 0.00  0.0    0 12.5 28 270   M    M   1        34 250
 4  83  53  68   4   0   3    T  0.0    0 14.7 29 240   M    M   2        38 270
 5  82  53  68   4   0   3    T  0.0    0 11.3 31 240   M    M   1        37 270
 6  80  50  65   0   0   0 0.00  0.0    0 13.2 31 270   M    M   0        40 270
 7  79  49  64  -1   1   0 0.00  0.0    0 11.0 29 250   M    M   0        34 260
 8  86  54  70   5   0   5 0.00  0.0    0 11.0 25 240   M    M   0        32 220
 9  86  56  71   5   0   6 0.00  0.0    0 14.8 29 220   M    M   0        40 240
10  79  46  63  -3   2   0    T    M    0 16.2 35 250   M    M   1        46 250
11  66  37  52 -14  13   0 0.00  0.0    0 10.6 22 250   M    M   0        27 250
12  78  39  59  -7   6   0 0.00  0.0    0 11.2 31 250   M    M   0        39 240
13  78  48  63  -3   2   0 0.00  0.0    0  9.6 23 270   M    M   0        32 270
14  84  47  66  -1   0   1 0.00  0.0    0 10.4 26 270   M    M   0        43 230
15  87  51  69   2   0   4 0.00  0.0    0  8.0 31 250   M    M   0        43 260
16  83  58  71   4   0   6 0.00  0.0    0 11.3 31 230   M    M   0        39 230
17  88  48  68   1   0   3 0.00  0.0    0  9.9 29 230   M    M   0        36 220
18  86  59  73   6   0   8    T  0.0    0 12.2 26 200   M    M   3        44 220
19  87  59  73   5   0   8 0.00  0.0    0 12.2 25 220   M    M   1        33 220
20  87  60  74   6   0   9 0.00  0.0    0 12.2 28 230   M    M   0        38 260
21  90  61  76   8   0  11 0.00  0.0    0  8.6 20 300   M    M   0        26 280
22  90  61  76   8   0  11 0.00  0.0    0 12.1 40 250   M    M   1        51 250
23  85  54  70   2   0   5 0.00  0.0    0  8.2 23 260   M    M   0        33 250
24  87  49  68   0   0   3 0.00  0.0    0  7.3 22 240   M    M   0        30 260
================================================================================
SM 1991 1244        25  89    T      0.0 264.7          M       14
================================================================================
AV 83.0 51.8                              11.0 FASTST   M    M   1    MAX(MPH)
                                 MISC ---->  # 40 250               # 51  250
================================================================================
NOTES:
# LAST OF SEVERAL OCCURRENCES

COLUMN 17 PEAK WIND IN M.P.H.

PRELIMINARY LOCAL CLIMATOLOGICAL DATA (WS FORM: F-6) , PAGE 2

                                          STATION:  EVANSTON WY
                                          MONTH:    JULY
                                          YEAR:     2016
                                          LATITUDE:   41 16 N
                                          LONGITUDE: 111  2 W

[TEMPERATURE DATA]      [PRECIPITATION DATA]       SYMBOLS USED IN COLUMN 16

AVERAGE MONTHLY: 67.4   TOTAL FOR MONTH:      T    1 = FOG OR MIST
DPTR FM NORMAL:   1.3   DPTR FM NORMAL:   -0.69    2 = FOG REDUCING VISIBILITY
HIGHEST:    90 ON 22,21 GRTST 24HR  0.16 ON 30- 1      TO 1/4 MILE OR LESS
LOWEST:     37 ON 11                               3 = THUNDER
                        SNOW, ICE PELLETS, HAIL    4 = ICE PELLETS
                        TOTAL MONTH:   0.0 INCH    5 = HAIL
                        GRTST 24HR     0.0         6 = FREEZING RAIN OR DRIZZLE
                        GRTST DEPTH:   0           7 = DUSTSTORM OR SANDSTORM:
                                                       VSBY 1/2 MILE OR LESS
                                                   8 = SMOKE OR HAZE
[NO. OF DAYS WITH]      [WEATHER - DAYS WITH]      9 = BLOWING SNOW
                                                   X = TORNADO
MAX 32 OR BELOW:   0    0.01 INCH OR MORE:   0
MAX 90 OR ABOVE:   2    0.10 INCH OR MORE:   0
MIN 32 OR BELOW:   0    0.50 INCH OR MORE:   0
MIN  0 OR BELOW:   0    1.00 INCH OR MORE:   0

[HDD (BASE 65) ]
TOTAL THIS MO.    25    CLEAR  (SCALE 0-3)  24
DPTR FM NORMAL   -11    PTCLDY (SCALE 4-7)   0
TOTAL FM JUL 1    25    CLOUDY (SCALE 8-10)  0
DPTR FM NORMAL   -11

[CDD (BASE 65) ]
TOTAL THIS MO.    89
DPTR FM NORMAL    34    [PRESSURE DATA]
TOTAL FM JAN 1   147    HIGHEST SLP M ON M
DPTR FM NORMAL    78    LOWEST  SLP 29.59 ON 10

[REMARKS]
