000
CXUS52 KMHX 260700
CF6EWN
PRELIMINARY LOCAL CLIMATOLOGICAL DATA (WS FORM: F-6)

                                          STATION:   NEW BERN NC
                                          MONTH:     JUNE
                                          YEAR:      2017
                                          LATITUDE:   35  4 N
                                          LONGITUDE:  77  3 W

  TEMPERATURE IN F:       :PCPN:    SNOW:  WIND      :SUNSHINE: SKY     :PK WND
================================================================================
1   2   3   4   5  6A  6B    7    8   9   10  11  12  13   14  15   16   17  18
                                     12Z  AVG MX 2MIN
DY MAX MIN AVG DEP HDD CDD  WTR  SNW DPTH SPD SPD DIR MIN PSBL S-S WX    SPD DR
================================================================================

 1  87  68  78   4   0  13 0.95  0.0    0  4.5 23 240   M    M   3 13     33 240
 2  87  66  77   3   0  12 0.00  0.0    0  2.5 12 330   M    M   0 18     14 340
 3  89  62  76   2   0  11 0.00  0.0    0  2.3 10 280   M    M   3 12     14 270
 4  90  66  78   3   0  13 0.00  0.0    0  5.4 20 210   M    M   2 1      25 170
 5  85  71  78   3   0  13 0.99  0.0    0  9.4 23 250   M    M   4 13     33 270
 6  85  69  77   2   0  12 0.01  0.0    0  3.4 10 160   M    M   5 1      13 160
 7  73  61  67  -8   0   2 0.57  0.0    0 11.6 21  50   M    M   9 1      27  90
 8  67  58  63 -13   2   0 0.45  0.0    0 10.8 18 360   M    M  10 1      25  20
 9  82  55  69  -7   0   4 0.00  0.0    0  5.2 14 180   M    M   2 1      18 210
10  87  61  74  -2   0   9 0.00  0.0    0  5.7 16 180   M    M   2        20 160
11  89  65  77   1   0  12 0.00  0.0    0  5.4 15 180   M    M   1 1      19 180
12  89  66  78   1   0  13 0.00  0.0    0  5.4 16 180   M    M   1        19 180
13  88  65  77   0   0  12 0.00  0.0    0  5.8 14 180   M    M   1        20 210
14  92  70  81   4   0  16 0.02  0.0    0  7.6 16 170   M    M   1 13     21 170
15  89  70  80   3   0  15 0.00  0.0    0  4.6 18 200   M    M   2 13     25 200
16  88  70  79   1   0  14 0.10  0.0    0  4.9 14 310   M    M   2 1238   17 170
17  88  71  80   2   0  15 0.08  0.0    0  8.1 18 170   M    M   M 23     24 160
18  89  75  82   4   0  17 0.00  0.0    0 10.6 21 190   M    M   1        32 170
19  90  76  83   5   0  18    T  0.0    0 11.0 22 210   M    M   2 3      34 210
20  81  73  77  -1   0  12 0.87  0.0    0  4.9 14 320   M    M   8 13     19 310
21  85  72  79   1   0  14 0.08  0.0    0  7.5 14 200   M    M   4 1      19 220
22  87  73  80   1   0  15 0.01  0.0    0  4.8 12 280   M    M   3 18     14 280
23  91  75  83   4   0  18 0.00  0.0    0  9.3 17 210   M    M   4 1      25 200
24  92  73  83   4   0  18 1.44  0.0    0  9.1 24 280   M    M   3 13     33 270
25  87  73  80   1   0  15 0.00  0.0    0  4.1  9 320   M    M   5 1      13 260
================================================================================
SM 2157 1704         2 313  5.57     0.0 163.9          M       78
================================================================================
AV 86.3 68.2                               6.6 FASTST   M    M   3    MAX(MPH)
                                 MISC ---->  # 24 280               # 34  210
================================================================================
NOTES:
# LAST OF SEVERAL OCCURRENCES

COLUMN 17 PEAK WIND IN M.P.H.

PRELIMINARY LOCAL CLIMATOLOGICAL DATA (WS FORM: F-6) , PAGE 2

                                          STATION:  NEW BERN NC
                                          MONTH:    JUNE
                                          YEAR:     2017
                                          LATITUDE:   35  4 N
                                          LONGITUDE:  77  3 W

[TEMPERATURE DATA]      [PRECIPITATION DATA]       SYMBOLS USED IN COLUMN 16

AVERAGE MONTHLY: 77.2   TOTAL FOR MONTH:   5.57    1 = FOG OR MIST
DPTR FM NORMAL:   0.5   DPTR FM NORMAL:    1.81    2 = FOG REDUCING VISIBILITY
HIGHEST:    92 ON 24,14 GRTST 24HR  1.44 ON 24-24      TO 1/4 MILE OR LESS
LOWEST:     55 ON  9                               3 = THUNDER
                        SNOW, ICE PELLETS, HAIL    4 = ICE PELLETS
                        TOTAL MONTH:   0.0 INCH    5 = HAIL
                        GRTST 24HR     0.0         6 = FREEZING RAIN OR DRIZZLE
                        GRTST DEPTH:   0           7 = DUSTSTORM OR SANDSTORM:
                                                       VSBY 1/2 MILE OR LESS
                                                   8 = SMOKE OR HAZE
[NO. OF DAYS WITH]      [WEATHER - DAYS WITH]      9 = BLOWING SNOW
                                                   X = TORNADO
MAX 32 OR BELOW:   0    0.01 INCH OR MORE:  12
MAX 90 OR ABOVE:   5    0.10 INCH OR MORE:   7
MIN 32 OR BELOW:   0    0.50 INCH OR MORE:   5
MIN  0 OR BELOW:   0    1.00 INCH OR MORE:   1

[HDD (BASE 65) ]
TOTAL THIS MO.     2    CLEAR  (SCALE 0-3)  14
DPTR FM NORMAL     2    PTCLDY (SCALE 4-7)   8
TOTAL FM JUL 1  2236    CLOUDY (SCALE 8-10)  2
DPTR FM NORMAL  -465

[CDD (BASE 65) ]
TOTAL THIS MO.   313
DPTR FM NORMAL    21    [PRESSURE DATA]
TOTAL FM JAN 1   685    HIGHEST SLP 30.02 ON 18
DPTR FM NORMAL   150    LOWEST  SLP 29.66 ON  6

[REMARKS]
