000
CXUS51 KOKX 200703
CF6EWR
PRELIMINARY LOCAL CLIMATOLOGICAL DATA (WS FORM: F-6)

                                          STATION:   NEWARK NJ
                                          MONTH:     FEBRUARY
                                          YEAR:      2017
                                          LATITUDE:   40 42 N
                                          LONGITUDE:  74 10 W

  TEMPERATURE IN F:       :PCPN:    SNOW:  WIND      :SUNSHINE: SKY     :PK WND
================================================================================
1   2   3   4   5  6A  6B    7    8   9   10  11  12  13   14  15   16   17  18
                                     12Z  AVG MX 2MIN
DY MAX MIN AVG DEP HDD CDD  WTR  SNW DPTH SPD SPD DIR MIN PSBL S-S WX    SPD DR
================================================================================

 1  49  29  39   7  26   0 0.00  0.0    T 11.6 26 270   M    M   8 1      33 270
 2  47  31  39   7  26   0    T    T    0 11.3 28 270   M    M   7        36 270
 3  35  25  30  -2  35   0 0.00  0.0    0 10.9 22 300   M    M   7        33 300
 4  36  21  29  -4  36   0 0.00  0.0    0 13.1 25 320   M    M   3        32 320
 5  42  28  35   2  30   0 0.00  0.0    0  9.4 18 230   M    M   9        24 220
 6  51  37  44  11  21   0 0.00  0.0    0  7.5 20 240   M    M   5        26 240
 7  41  33  37   4  28   0 0.27  0.0    0  8.3 16  30   M    M  10 1      19  30
 8  65  39  52  19  13   0 0.04  0.0    0  9.0 21 340   M    M   8 128    24 300
 9  43  19  31  -3  34   0 0.81  7.8    2 20.8 32 310   M    M   8 149    48 300
10  32  18  25  -9  40   0    T    T    6 12.9 24 260   M    M   5        37 280
11  48  30  39   5  26   0 0.00  0.0    5  4.5 10 270   M    M   9        14 230
12  40  32  36   2  29   0 0.43  0.1    3  8.1 15 330   M    M   9 146    21 310
13  38  30  34   0  31   0    T    T    2 21.1 37 310   M    M   5        49 340
14  42  27  35   1  30   0 0.00  0.0    2  8.0 17 310   M    M   5        26 310
15  52  32  42   7  23   0    T  0.0    1  8.1 31 290   M    M   7        41 290
16  38  29  34  -1  31   0 0.00  0.0    0 18.5 30 290   M    M   5        38 290
17  44  27  36   1  29   0 0.00  0.0    0 11.1 23 300   M    M   5        28 290
18  66  30  48  13  17   0 0.00  0.0    0  7.7 21 230   M    M   5        25 240
19  69  47  58  23   7   0 0.00  0.0    0  9.0 23 290   M    M   5        33 290
================================================================================
SM  878  564       512   0  1.55     7.9 210.9          M      125
================================================================================
AV 46.2 29.7                              11.1 FASTST   M    M   7    MAX(MPH)
                                 MISC ---->  # 37 310               # 49  340
================================================================================
NOTES:
# LAST OF SEVERAL OCCURRENCES

COLUMN 17 PEAK WIND IN M.P.H.

PRELIMINARY LOCAL CLIMATOLOGICAL DATA (WS FORM: F-6) , PAGE 2

                                          STATION:  NEWARK NJ
                                          MONTH:    FEBRUARY
                                          YEAR:     2017
                                          LATITUDE:   40 42 N
                                          LONGITUDE:  74 10 W

[TEMPERATURE DATA]      [PRECIPITATION DATA]       SYMBOLS USED IN COLUMN 16

AVERAGE MONTHLY: 38.0   TOTAL FOR MONTH:   1.55    1 = FOG OR MIST
DPTR FM NORMAL:   4.3   DPTR FM NORMAL:   -0.36    2 = FOG REDUCING VISIBILITY
HIGHEST:    69 ON 19    GRTST 24HR  0.81 ON  9- 9      TO 1/4 MILE OR LESS
LOWEST:     18 ON 10                               3 = THUNDER
                        SNOW, ICE PELLETS, HAIL    4 = ICE PELLETS
                        TOTAL MONTH:   7.9 INCHES  5 = HAIL
                        GRTST 24HR   7.8 ON   M    6 = FREEZING RAIN OR DRIZZLE
                        GRTST DEPTH:   6 ON 10     7 = DUSTSTORM OR SANDSTORM:
                                                       VSBY 1/2 MILE OR LESS
                                                   8 = SMOKE OR HAZE
[NO. OF DAYS WITH]      [WEATHER - DAYS WITH]      9 = BLOWING SNOW
                                                   X = TORNADO
MAX 32 OR BELOW:   1    0.01 INCH OR MORE:   4
MAX 90 OR ABOVE:   0    0.10 INCH OR MORE:   3
MIN 32 OR BELOW:  15    0.50 INCH OR MORE:   1
MIN  0 OR BELOW:   0    1.00 INCH OR MORE:   0

[HDD (BASE 65) ]
TOTAL THIS MO.   512    CLEAR  (SCALE 0-3)   0
DPTR FM NORMAL   -83    PTCLDY (SCALE 4-7)  13
TOTAL FM JUL 1  2868    CLOUDY (SCALE 8-10)  6
DPTR FM NORMAL  -511

[CDD (BASE 65) ]
TOTAL THIS MO.     0
DPTR FM NORMAL     0    [PRESSURE DATA]
TOTAL FM JAN 1     0    HIGHEST SLP M ON M
DPTR FM NORMAL     0    LOWEST  SLP 29.30 ON 15

[REMARKS]
