000
CXUS51 KOKX 250702
CF6EWR
PRELIMINARY LOCAL CLIMATOLOGICAL DATA (WS FORM: F-6)

                                          STATION:   NEWARK NJ
                                          MONTH:     JUNE
                                          YEAR:      2017
                                          LATITUDE:   40 42 N
                                          LONGITUDE:  74 10 W

  TEMPERATURE IN F:       :PCPN:    SNOW:  WIND      :SUNSHINE: SKY     :PK WND
================================================================================
1   2   3   4   5  6A  6B    7    8   9   10  11  12  13   14  15   16   17  18
                                     12Z  AVG MX 2MIN
DY MAX MIN AVG DEP HDD CDD  WTR  SNW DPTH SPD SPD DIR MIN PSBL S-S WX    SPD DR
================================================================================

 1  82  61  72   4   0   7 0.00  0.0    0  9.0 20 270   M    M   4        31 280
 2  80  58  69   1   0   4 0.00  0.0    0 10.6 25 300   M    M   4        32 260
 3  76  55  66  -2   0   1 0.03  0.0    0 10.7 25 280   M    M   5        33 310
 4  70  54  62  -7   3   0 0.10  0.0    0  6.2 14  10   M    M   7 1      18 130
 5  71  56  64  -5   1   0 0.05  0.0    0  7.0 15  40   M    M  10 138    19  40
 6  60  53  57 -13   8   0 0.05  0.0    0  9.8 17  20   M    M   9 1      21  30
 7  70  52  61  -9   4   0 0.00  0.0    0  7.9 13  10   M    M   7        19  20
 8  72  54  63  -7   2   0 0.00  0.0    0  5.6 16 150   M    M   6        19 150
 9  84  52  68  -2   0   3 0.00  0.0    0  9.6 21 300   M    M   5        29 280
10  88  61  75   4   0  10 0.00  0.0    0 11.3 24 230   M    M   5        31 230
11  94  67  81  10   0  16 0.00  0.0    0 11.2 24 250   M    M   5        33 230
12  97  69  83  11   0  18 0.00  0.0    0  9.1 20 260   M    M   1        25 260
13  99  72  86  14   0  21 0.00  0.0    0  9.8 21 250   M    M   6        27 260
14  83  69  76   4   0  11 0.17  0.0    0  7.6 18  20   M    M   7 13     22  30
15  74  65  70  -2   0   5 0.00  0.0    0  7.7 16 140   M    M   4        20 140
16  71  64  68  -5   0   3    T  0.0    0  7.7 13  90   M    M  10 1      16  90
17  73  64  69  -4   0   4 1.24  0.0    0  5.1 10 150   M    M  10 1      13 140
18  89  68  79   6   0  14    T  0.0    0  8.9 18 170   M    M   8 1      24 170
19  91  69  80   6   0  15 1.51  0.0    0 13.9 44 240   M    M   8 138    63 240
20  87  69  78   4   0  13 0.02  0.0    0 12.5 28 260   M    M   6        32 250
21  87  68  78   4   0  13 0.00  0.0    0 11.2 22 240   M    M   5 8      29 270
22  84  65  75   1   0  10 0.00  0.0    0  6.8 15 160   M    M   6        19 150
23  87  77  82   7   0  17 0.41  0.0    0 12.7 23 240   M    M   9 13     30 240
24  88  69  79   4   0  14 1.56  0.0    0 12.0 26 280   M    M   6 1      36 280
================================================================================
SM 1957 1511        18 199  5.14     0.0 223.9          M      153
================================================================================
AV 81.5 63.0                               9.3 FASTST   M    M   6    MAX(MPH)
                                 MISC ---->  # 44 240               # 63  240
================================================================================
NOTES:
# LAST OF SEVERAL OCCURRENCES

COLUMN 17 PEAK WIND IN M.P.H.

PRELIMINARY LOCAL CLIMATOLOGICAL DATA (WS FORM: F-6) , PAGE 2

                                          STATION:  NEWARK NJ
                                          MONTH:    JUNE
                                          YEAR:     2017
                                          LATITUDE:   40 42 N
                                          LONGITUDE:  74 10 W

[TEMPERATURE DATA]      [PRECIPITATION DATA]       SYMBOLS USED IN COLUMN 16

AVERAGE MONTHLY: 72.3   TOTAL FOR MONTH:   5.14    1 = FOG OR MIST
DPTR FM NORMAL:   0.7   DPTR FM NORMAL:    1.87    2 = FOG REDUCING VISIBILITY
HIGHEST:    99 ON 13    GRTST 24HR  1.56 ON 24-24      TO 1/4 MILE OR LESS
LOWEST:     52 ON  9, 7                            3 = THUNDER
                        SNOW, ICE PELLETS, HAIL    4 = ICE PELLETS
                        TOTAL MONTH:   0.0 INCH    5 = HAIL
                        GRTST 24HR     0.0         6 = FREEZING RAIN OR DRIZZLE
                        GRTST DEPTH:   0           7 = DUSTSTORM OR SANDSTORM:
                                                       VSBY 1/2 MILE OR LESS
                                                   8 = SMOKE OR HAZE
[NO. OF DAYS WITH]      [WEATHER - DAYS WITH]      9 = BLOWING SNOW
                                                   X = TORNADO
MAX 32 OR BELOW:   0    0.01 INCH OR MORE:  10
MAX 90 OR ABOVE:   4    0.10 INCH OR MORE:   6
MIN 32 OR BELOW:   0    0.50 INCH OR MORE:   3
MIN  0 OR BELOW:   0    1.00 INCH OR MORE:   3

[HDD (BASE 65) ]
TOTAL THIS MO.    18    CLEAR  (SCALE 0-3)   1
DPTR FM NORMAL     3    PTCLDY (SCALE 4-7)  17
TOTAL FM JUL 1  4233    CLOUDY (SCALE 8-10)  6
DPTR FM NORMAL  -637

[CDD (BASE 65) ]
TOTAL THIS MO.   199
DPTR FM NORMAL    25    [PRESSURE DATA]
TOTAL FM JAN 1   294    HIGHEST SLP M ON M
DPTR FM NORMAL    44    LOWEST  SLP 29.55 ON 24

[REMARKS]
