000
CXUS52 KRAH 271207
CF6FAY
PRELIMINARY LOCAL CLIMATOLOGICAL DATA (WS FORM: F-6)

                                          STATION:   FAYETTEVILLE REGL AIRPORT NC
                                          MONTH:     MAY
                                          YEAR:      2017
                                          LATITUDE:   35  0 N
                                          LONGITUDE:  78 53 W

  TEMPERATURE IN F:       :PCPN:    SNOW:  WIND      :SUNSHINE: SKY     :PK WND
================================================================================
1   2   3   4   5  6A  6B    7    8   9   10  11  12  13   14  15   16   17  18
                                     12Z  AVG MX 2MIN
DY MAX MIN AVG DEP HDD CDD  WTR  SNW DPTH SPD SPD DIR MIN PSBL S-S WX    SPD DR
================================================================================

 1  88  70  79  12   0  14 0.45    M    M 13.1 28 170   M    M   7 13     35 170
 2  81  60  71   4   0   6 0.00    M    M 10.3 20 240   M    M   0        27 230
 3  85  57  71   4   0   6 0.00    M    M  6.2 17 270   M    M   0        21 320
 4  83  58  71   4   0   6 0.07    M    M 11.5 24 130   M    M   3 1      32 130
 5  80  57  69   1   0   4 0.36    M    M 15.9 30 170   M    M   6 13     39 210
 6  71  54  63  -5   2   0 0.02    M    M 13.3 25 250   M    M   8        31 250
 7  74  49  62  -6   3   0 0.00    M    M  9.8 23 250   M    M   1        29 250
 8  78  47  63  -5   2   0 0.00    M    M  6.7 21 260   M    M   0        29 330
 9  74  48  61  -8   4   0    T    M    M  3.4 17 350   M    M   4        21 360
10  90  57  74   5   0   9    T    M    M  4.9 18 360   M    M   2 1      25 340
11  92  66  79  10   0  14 0.00    M    M  7.2 20 240   M    M   0        23 230
12  69  59  64  -6   1   0 0.00    M    M  8.1 15  20   M    M  10 1      21  30
13  73  58  66  -4   0   1    T    M    M  6.0 18 280   M    M   8 1      23 280
14  85  53  69  -1   0   4 0.00    M    M  7.3 17 260   M    M   1        23 240
15  91  63  77   7   0  12 0.00    M    M  8.3 17 270   M    M   1        24 330
16  92  61  77   6   0  12 0.00    M    M  5.0 12 140   M    M   1 18     15 150
17  94  67  81  10   0  16 0.00    M    M 10.2 18 200   M    M   0        22 200
18  90  65  78   7   0  13 0.00    M    M  9.8 20 220   M    M   1 1      26 210
19  92  68  80   8   0  15 0.00    M    M  8.2 16 260   M    M   0        21 280
20  96  70  83  11   0  18 0.00    M    M  7.3 16  60   M    M   1        21  70
21  85  66  76   4   0  11    T    M    M  8.1 14 150   M    M   8 1      17 110
22  89  70  80   8   0  15 1.10    M    M  9.0 21 220   M    M   7 13     25 200
23  75  68  72  -1   0   7 1.61    M    M  5.1 12 230   M    M  10 1      16 210
24  81  67  74   1   0   9 1.45    M    M  7.1 18 220   M    M   7 13     25 210
25  80  65  73   0   0   8 0.03    M    M 14.6 26 250   M    M   3 1      37 220
26  86  61  74   1   0   9 0.00    M    M  9.7 18 270   M    M   0        24 270
================================================================================
SM 2174 1584        12 209  5.09    M    226.1          M       89
================================================================================
AV 83.6 60.9                               8.7 FASTST   M    M   3    MAX(MPH)
                                 MISC ---->  # 30 170               # 39  210
================================================================================
NOTES:
# LAST OF SEVERAL OCCURRENCES

COLUMN 17 PEAK WIND IN M.P.H.

PRELIMINARY LOCAL CLIMATOLOGICAL DATA (WS FORM: F-6) , PAGE 2

                                          STATION:  FAYETTEVILLE REGL AIRPORT NC
                                          MONTH:    MAY
                                          YEAR:     2017
                                          LATITUDE:   35  0 N
                                          LONGITUDE:  78 53 W

[TEMPERATURE DATA]      [PRECIPITATION DATA]       SYMBOLS USED IN COLUMN 16

AVERAGE MONTHLY: 72.3   TOTAL FOR MONTH:   5.09    1 = FOG OR MIST
DPTR FM NORMAL:   2.3   DPTR FM NORMAL:    2.57    2 = FOG REDUCING VISIBILITY
HIGHEST:    96 ON 20    GRTST 24HR  1.61 ON 23-23      TO 1/4 MILE OR LESS
LOWEST:     47 ON  8                               3 = THUNDER
                        SNOW, ICE PELLETS, HAIL    4 = ICE PELLETS
                        TOTAL MONTH:    M          5 = HAIL
                        GRTST 24HR    M  ON   M    6 = FREEZING RAIN OR DRIZZLE
                        GRTST DEPTH:  M  ON   M    7 = DUSTSTORM OR SANDSTORM:
                                                       VSBY 1/2 MILE OR LESS
                                                   8 = SMOKE OR HAZE
[NO. OF DAYS WITH]      [WEATHER - DAYS WITH]      9 = BLOWING SNOW
                                                   X = TORNADO
MAX 32 OR BELOW:   0    0.01 INCH OR MORE:   8
MAX 90 OR ABOVE:   8    0.10 INCH OR MORE:   5
MIN 32 OR BELOW:   0    0.50 INCH OR MORE:   3
MIN  0 OR BELOW:   0    1.00 INCH OR MORE:   3

[HDD (BASE 65) ]
TOTAL THIS MO.    12    CLEAR  (SCALE 0-3)  16
DPTR FM NORMAL   -11    PTCLDY (SCALE 4-7)   8
TOTAL FM JUL 1  2027    CLOUDY (SCALE 8-10)  2
DPTR FM NORMAL  -703

[CDD (BASE 65) ]
TOTAL THIS MO.   209
DPTR FM NORMAL    56    [PRESSURE DATA]
TOTAL FM JAN 1   427    HIGHEST SLP M ON M
DPTR FM NORMAL   191    LOWEST  SLP 29.44 ON  5

[REMARKS]
