000
CXUS53 KMPX 291000
CF6FCM
PRELIMINARY LOCAL CLIMATOLOGICAL DATA (WS FORM: F-6)

                                          STATION:   MINNEAPOLIS FLYING CLOUD MN
                                          MONTH:     SEPTEMBER
                                          YEAR:      2016
                                          LATITUDE:   44 49 N
                                          LONGITUDE:  93 27 W

  TEMPERATURE IN F:       :PCPN:    SNOW:  WIND      :SUNSHINE: SKY     :PK WND
================================================================================
1   2   3   4   5  6A  6B    7    8   9   10  11  12  13   14  15   16   17  18
                                     12Z  AVG MX 2MIN
DY MAX MIN AVG DEP HDD CDD  WTR  SNW DPTH SPD SPD DIR MIN PSBL S-S WX    SPD DR
================================================================================

 1  77  58  68   0   0   3 0.00    M    M  5.8 13  80   M    M   1 8      20 340
 2  76  56  66  -1   0   1 0.00    M    M  8.0 18 190   M    M   1        24 190
 3  77  60  69   2   0   4 0.00    M    M 11.1 22 180   M    M   1        28 170
 4  80  60  70   3   0   5    T    M    M 13.0 23 160   M    M   4 3      29 160
 5  80  67  74   8   0   9 0.56    M    M  9.3 25 200   M    M   7 13     32 200
 6  80  71  76  10   0  11 1.13    M    M  4.2 28 320   M    M  10 138    37 320
 7  78  69  74   8   0   9 0.03    M    M  4.6 14 120   M    M   6 1      17 120
 8  78  62  70   5   0   5 0.01    M    M  6.7 16 300   M    M   3 13     19 290
 9  74  62  68   3   0   3 0.40    M    M  6.2 20 130   M    M   5 13     26 130
10  74  57  66   2   0   1    T    M    M  9.7 21 320   M    M   2 8      29 320
11  80  54  67   3   0   2 0.00    M    M 11.9 28 190   M    M   0        38 190
12  81  62  72   8   0   7    T    M    M 10.0 18 180   M    M   4 8      24 180
13  67  56  62  -1   3   0    T    M    M  8.7 18 350   M    M   3 8      24 360
14  71  47  59  -4   6   0 0.00    M    M  4.7 12  10   M    M   1 8      16  20
15  76  59  68   6   0   3 0.78    M    M  8.9 22 100   M    M   8 1      28 110
16  78  63  71   9   0   6    T    M    M  7.7 15 190   M    M   7        25 170
17  74  56  65   4   0   0 0.00    M    M  6.5 15 300   M    M   4 1      20 300
18  84  55  70   9   0   5 0.00    M    M  8.9 20 210   M    M   0        29 220
19  80  57  69   9   0   4 0.01    M    M  4.7 12 210   M    M   2 8      15 300
20  80  55  68   8   0   3    T    M    M  5.0 14 110   M    M   3 13     19 120
21  74  65  70  10   0   5 1.74    M    M 11.4 36 110   M    M   9 138    45  70
22  73  62  68   9   0   3 0.06    M    M  9.3 22 130   M    M   9 1      28 140
23  70  61  66   7   0   1 0.67    M    M 10.4 18 110   M    M  10 13     23  70
24  76  65  71  13   0   6    T    M    M 12.6 20 120   M    M   9 1      27 110
25  70  52  61   3   4   0 0.18    M    M 11.0 21 270   M    M   6 1      30 280
26  68  50  59   2   6   0 0.00    M    M 13.5 31 290   M    M   1        49 300
27  63  48  56  -1   9   0 0.03    M    M 12.0 23 320   M    M   3        32 290
28  62  50  56   0   9   0 0.00    M    M  9.0 15  10   M    M   8        21 360
================================================================================
SM 2101 1639        37  96  5.60    M    244.8          M      127
================================================================================
AV 75.0 58.5                               8.7 FASTST   M    M   5    MAX(MPH)
                                 MISC ---->  # 36 110               # 49  300
================================================================================
NOTES:
# LAST OF SEVERAL OCCURRENCES

COLUMN 17 PEAK WIND IN M.P.H.

PRELIMINARY LOCAL CLIMATOLOGICAL DATA (WS FORM: F-6) , PAGE 2

                                          STATION:  MINNEAPOLIS FLYING CLOUD MN
                                          MONTH:    SEPTEMBER
                                          YEAR:     2016
                                          LATITUDE:   44 49 N
                                          LONGITUDE:  93 27 W

[TEMPERATURE DATA]      [PRECIPITATION DATA]       SYMBOLS USED IN COLUMN 16

AVERAGE MONTHLY: 66.8   TOTAL FOR MONTH:   5.60    1 = FOG OR MIST
DPTR FM NORMAL:   4.5   DPTR FM NORMAL:    2.27    2 = FOG REDUCING VISIBILITY
HIGHEST:    84 ON 18    GRTST 24HR  1.80 ON 21-22      TO 1/4 MILE OR LESS
LOWEST:     47 ON 14                               3 = THUNDER
                        SNOW, ICE PELLETS, HAIL    4 = ICE PELLETS
                        TOTAL MONTH:    M          5 = HAIL
                        GRTST 24HR    M  ON   M    6 = FREEZING RAIN OR DRIZZLE
                        GRTST DEPTH:  M  ON   M    7 = DUSTSTORM OR SANDSTORM:
                                                       VSBY 1/2 MILE OR LESS
                                                   8 = SMOKE OR HAZE
[NO. OF DAYS WITH]      [WEATHER - DAYS WITH]      9 = BLOWING SNOW
                                                   X = TORNADO
MAX 32 OR BELOW:   0    0.01 INCH OR MORE:  12
MAX 90 OR ABOVE:   0    0.10 INCH OR MORE:   7
MIN 32 OR BELOW:   0    0.50 INCH OR MORE:   5
MIN  0 OR BELOW:   0    1.00 INCH OR MORE:   2

[HDD (BASE 65) ]
TOTAL THIS MO.    37    CLEAR  (SCALE 0-3)  11
DPTR FM NORMAL   -99    PTCLDY (SCALE 4-7)  12
TOTAL FM JUL 1    39    CLOUDY (SCALE 8-10)  5
DPTR FM NORMAL  -112

[CDD (BASE 65) ]
TOTAL THIS MO.    96
DPTR FM NORMAL    35    [PRESSURE DATA]
TOTAL FM JAN 1   961    HIGHEST SLP M ON M
DPTR FM NORMAL   239    LOWEST  SLP 29.70 ON  5

[REMARKS]
