000
CXUS53 KMPX 281000
CF6FCM
PRELIMINARY LOCAL CLIMATOLOGICAL DATA (WS FORM: F-6)

                                          STATION:   MINNEAPOLIS FLYING CLOUD MN
                                          MONTH:     MAY
                                          YEAR:      2016
                                          LATITUDE:   44 49 N
                                          LONGITUDE:  93 27 W

  TEMPERATURE IN F:       :PCPN:    SNOW:  WIND      :SUNSHINE: SKY     :PK WND
================================================================================
1   2   3   4   5  6A  6B    7    8   9   10  11  12  13   14  15   16   17  18
                                     12Z  AVG MX 2MIN
DY MAX MIN AVG DEP HDD CDD  WTR  SNW DPTH SPD SPD DIR MIN PSBL S-S WX    SPD DR
================================================================================

 1  64  41  53  -1  12   0 0.00    M    M  8.1 18  40   M    M   2        26  70
 2  68  40  54  -1  11   0 0.00    M    M  2.8 10 200   M    M   0 8      15 210
 3  73  45  59   4   6   0    T    M    M 10.7 24 290   M    M   1 8      30 270
 4  68  45  57   2   8   0 0.00    M    M  9.0 22 340   M    M   0 8      29 340
 5  79  45  62   6   3   0 0.00    M    M  7.3 15 230   M    M   1        20 240
 6  92  57  75  19   0  10    T    M    M 11.5 26 230   M    M   0 8      35 220
 7  70  50  60   4   5   0 0.00    M    M  9.9 23  10   M    M   1 8      33  20
 8  74  40  57   0   8   0 0.00    M    M  4.9 13 110   M    M   0 8      18 110
 9  70  53  62   5   3   0 0.53    M    M 12.8 30 130   M    M   7 1      38 130
10  59  50  55  -3  10   0 0.36    M    M  9.4 18 110   M    M   9 18     25 110
11  57  50  54  -4  11   0 0.14    M    M  4.6 12 150   M    M   9 128    15 100
12  58  47  53  -5  12   0 0.00    M    M 10.1 21 280   M    M   7 12     28 280
13  50  40  45 -13  20   0 0.20    M    M 13.2 28 290   M    M   8 1      36 290
14  53  35  44 -15  21   0 0.00    M    M 12.5 24 320   M    M   3 8      35 310
15  66  32  49 -10  16   0 0.00    M    M  8.0 17 300   M    M   3 8      23 270
16  68  47  58  -1   7   0 0.00    M    M  6.9 16  90   M    M   3 8      22  90
17  65  46  56  -4   9   0 0.00    M    M  7.3 17  60   M    M   2 8      21 130
18  70  43  57  -3   8   0 0.00    M    M  3.1 10 210   M    M   0 8      14 210
19  76  48  62   2   3   0 0.00    M    M  8.0 18 180   M    M   3        24 180
20  77  53  65   4   0   0 0.00    M    M  6.1 15 130   M    M   3 8      20 140
21  81  51  66   5   0   1 0.00    M    M  2.1 12 140   M    M   0 8      16 150
22  85  55  70   9   0   5 0.00    M    M 10.4 23 160   M    M   0        29 160
23  84  65  75  13   0  10 0.02    M    M 13.3 26 190   M    M   4        34 190
24  86  64  75  13   0  10 0.00    M    M  6.4 14 240   M    M   2 8      18 220
25  77  65  71   9   0   6 0.21    M    M  6.8 16 180   M    M   2 138    21 180
26  82  60  71   9   0   6 0.09    M    M  7.5 23 220   M    M   0 38     36 210
27  69  61  65   2   0   0 0.34    M    M  5.7 22 120   M    M   8 18     27 130
================================================================================
SM 1921 1328       173  48  1.89    M    218.4          M       78
================================================================================
AV 71.1 49.2                               8.1 FASTST   M    M   3    MAX(MPH)
                                 MISC ---->  # 30 130               # 38  130
================================================================================
NOTES:
# LAST OF SEVERAL OCCURRENCES

COLUMN 17 PEAK WIND IN M.P.H.

PRELIMINARY LOCAL CLIMATOLOGICAL DATA (WS FORM: F-6) , PAGE 2

                                          STATION:  MINNEAPOLIS FLYING CLOUD MN
                                          MONTH:    MAY
                                          YEAR:     2016
                                          LATITUDE:   44 49 N
                                          LONGITUDE:  93 27 W

[TEMPERATURE DATA]      [PRECIPITATION DATA]       SYMBOLS USED IN COLUMN 16

AVERAGE MONTHLY: 60.2   TOTAL FOR MONTH:   1.89    1 = FOG OR MIST
DPTR FM NORMAL:   1.5   DPTR FM NORMAL:   -1.18    2 = FOG REDUCING VISIBILITY
HIGHEST:    92 ON  6    GRTST 24HR  0.89 ON  9-10      TO 1/4 MILE OR LESS
LOWEST:     32 ON 15                               3 = THUNDER
                        SNOW, ICE PELLETS, HAIL    4 = ICE PELLETS
                        TOTAL MONTH:    M          5 = HAIL
                        GRTST 24HR    M  ON   M    6 = FREEZING RAIN OR DRIZZLE
                        GRTST DEPTH:  M  ON   M    7 = DUSTSTORM OR SANDSTORM:
                                                       VSBY 1/2 MILE OR LESS
                                                   8 = SMOKE OR HAZE
[NO. OF DAYS WITH]      [WEATHER - DAYS WITH]      9 = BLOWING SNOW
                                                   X = TORNADO
MAX 32 OR BELOW:   0    0.01 INCH OR MORE:   8
MAX 90 OR ABOVE:   1    0.10 INCH OR MORE:   6
MIN 32 OR BELOW:   1    0.50 INCH OR MORE:   1
MIN  0 OR BELOW:   0    1.00 INCH OR MORE:   0

[HDD (BASE 65) ]
TOTAL THIS MO.   173    CLEAR  (SCALE 0-3)  20
DPTR FM NORMAL   -27    PTCLDY (SCALE 4-7)   5
TOTAL FM JUL 1  6169    CLOUDY (SCALE 8-10)  2
DPTR FM NORMAL -1389

[CDD (BASE 65) ]
TOTAL THIS MO.    48
DPTR FM NORMAL    18    [PRESSURE DATA]
TOTAL FM JAN 1    60    HIGHEST SLP M ON M
DPTR FM NORMAL    27    LOWEST  SLP 29.61 ON  6

[REMARKS]
